{"id":82,"date":"2015-03-16T06:59:55","date_gmt":"2015-03-16T06:59:55","guid":{"rendered":"http:\/\/blogsaverroes.juntadeandalucia.es\/pre\/ceip\/?page_id=82"},"modified":"2025-11-25T13:49:05","modified_gmt":"2025-11-25T11:49:05","slug":"horarios","status":"publish","type":"page","link":"https:\/\/blogsaverroes.juntadeandalucia.es\/iesvirgendelcollado\/horarios\/","title":{"rendered":"Horarios"},"content":{"rendered":"<p><strong>Curso 2025\/2026<\/strong><\/p>\n<p><span style=\"color: #ff0000\"><em><span style=\"text-decoration: underline\"><a style=\"color: #ff0000;text-decoration: underline\" href=\"https:\/\/drive.google.com\/drive\/folders\/1oOhz3rS8-t126yS5VAsqrkNDaqfxNO4m?usp=sharing\">Consulta el enlace al horario de cada grupo 2025_2026.<\/a><\/span><\/em><\/span><\/p>\n<p><strong>Horarios de inorporaci\u00f3n al centro 15 sep. 2025 (curso 2025\/2026).<\/strong><\/p>\n<p>Si no hay cambios por motivos de planificaci\u00f3n y transporte escolar, se muestran a continuaci\u00f3n los horarios de incorporaci\u00f3n del alumnado al centro el lunes 15 de septiembre de 2025.<\/p>\n<p style=\"text-align: center\"><iframe loading=\"lazy\" src=\"https:\/\/drive.google.com\/file\/d\/1CZ7RivESBD7HzdjOLvZAQz7Haiji-C-r\/preview\" width=\"640\" height=\"480\"><\/iframe><\/p>\n","protected":false},"excerpt":{"rendered":"<p>Curso 2025\/2026 Consulta el enlace al horario de cada grupo 2025_2026. Horarios de inorporaci\u00f3n al centro 15 sep. 2025 (curso 2025\/2026). Si no hay cambios por motivos de planificaci\u00f3n y transporte escolar, se muestran a continuaci\u00f3n los horarios de incorporaci\u00f3n del alumnado al centro el lunes 15 de septiembre de 2025.<\/p>\n","protected":false},"author":1,"featured_media":0,"parent":0,"menu_order":0,"comment_status":"closed","ping_status":"closed","template":"","meta":{"ngg_post_thumbnail":0,"footnotes":"","_mc_calendar":[]},"aioseo_notices":[],"_links":{"self":[{"href":"https:\/\/blogsaverroes.juntadeandalucia.es\/iesvirgendelcollado\/wp-json\/wp\/v2\/pages\/82"}],"collection":[{"href":"https:\/\/blogsaverroes.juntadeandalucia.es\/iesvirgendelcollado\/wp-json\/wp\/v2\/pages"}],"about":[{"href":"https:\/\/blogsaverroes.juntadeandalucia.es\/iesvirgendelcollado\/wp-json\/wp\/v2\/types\/page"}],"author":[{"embeddable":true,"href":"https:\/\/blogsaverroes.juntadeandalucia.es\/iesvirgendelcollado\/wp-json\/wp\/v2\/users\/1"}],"replies":[{"embeddable":true,"href":"https:\/\/blogsaverroes.juntadeandalucia.es\/iesvirgendelcollado\/wp-json\/wp\/v2\/comments?post=82"}],"version-history":[{"count":23,"href":"https:\/\/blogsaverroes.juntadeandalucia.es\/iesvirgendelcollado\/wp-json\/wp\/v2\/pages\/82\/revisions"}],"predecessor-version":[{"id":6195,"href":"https:\/\/blogsaverroes.juntadeandalucia.es\/iesvirgendelcollado\/wp-json\/wp\/v2\/pages\/82\/revisions\/6195"}],"wp:attachment":[{"href":"https:\/\/blogsaverroes.juntadeandalucia.es\/iesvirgendelcollado\/wp-json\/wp\/v2\/media?parent=82"}],"curies":[{"name":"wp","href":"https:\/\/api.w.org\/{rel}","templated":true}]}}