{"id":869,"date":"2015-03-16T07:03:52","date_gmt":"2015-03-16T07:03:52","guid":{"rendered":"http:\/\/blogsaverroes.juntadeandalucia.es\/pre\/ceip\/?page_id=84"},"modified":"2026-03-27T12:03:28","modified_gmt":"2026-03-27T10:03:28","slug":"calendario-escolar","status":"publish","type":"page","link":"https:\/\/blogsaverroes.juntadeandalucia.es\/iesvirgendelcollado\/calendario-escolar\/","title":{"rendered":"Calendario escolar"},"content":{"rendered":"<p style=\"text-align: center\"><strong><a href=\"https:\/\/drive.google.com\/file\/d\/1OA0pgErFWtJdgLHBxNhX2W97hi2yk-RX\/view?usp=sharing\" target=\"_blank\" rel=\"noopener\">Calendario escolar almanaque 2025-2026 Ja\u00e9n<\/a><\/strong><\/p>\n<p style=\"text-align: center\"><a href=\"https:\/\/drive.google.com\/file\/d\/1zERALF9aXbhDpc3hRkFHGY3phCkI3YUD\/view?usp=sharing\" target=\"_blank\" rel=\"https:\/\/drive.google.com\/file\/d\/1OA0pgErFWtJdgLHBxNhX2W97hi2yk-RX\/view?usp=sharing noopener\"><img loading=\"lazy\" decoding=\"async\" class=\"alignnone wp-image-6085 size-thumbnail\" src=\"https:\/\/blogsaverroes.juntadeandalucia.es\/iesvirgendelcollado\/files\/2025\/07\/Calendario-Jaen-2025_2026-150x150.jpg\" alt=\"\" width=\"150\" height=\"150\"><\/a><\/p>\n<p style=\"text-align: center\"><strong><a href=\"https:\/\/drive.google.com\/file\/d\/1_1z-gt8XcUIvKUbUxxUV9qNxxYaboAak\/view?usp=sharing\" target=\"_blank\" rel=\"noopener\">Resoluci\u00f3n calendario escolar Ja\u00e9n 2025\/2026.<\/a><\/strong><\/p>\n<p style=\"text-align: center\"><a title=\"Resoluci\u00f3n de 6 de octubre de 2025, de la Direcci\u00f3n General de Trabajo, Seguridad y Salud Laboral, por la que se publica la relaci\u00f3n de fiestas locales de los municipios de la Comunidad Aut\u00f3noma de Andaluc\u00eda para el a\u00f1o 2026\" href=\"https:\/\/ws040.juntadeandalucia.es\/sedeboja\/web\/textos-consolidados\/resumen-ficha?p_p_id=resumenrecursolegal_WAR_sedebojatextoconsolidadoportlet&amp;p_p_lifecycle=0&amp;_resumenrecursolegal_WAR_sedebojatextoconsolidadoportlet_recursoLegalAbstractoId=40414\" target=\"_blank\" rel=\"noopener\">Resoluci\u00f3n de 6 de octubre de 2025, de la Direcci\u00f3n General de Trabajo, Seguridad y Salud Laboral, por la que se publica la relaci\u00f3n de fiestas locales de los municipios de la Comunidad Aut\u00f3noma de Andaluc\u00eda para el a\u00f1o 2026.<\/a><\/p>\n<p style=\"text-align: center\"><span style=\"color: #3366ff\">Falta a\u00f1adir 5 d\u00edas de libre ubicaci\u00f3n del Consejo Escolar Municipal, donde se incluyan sus fiestas.<\/span><\/p>\n<p style=\"text-align: center\"><iframe loading=\"lazy\" src=\"https:\/\/drive.google.com\/file\/d\/1zERALF9aXbhDpc3hRkFHGY3phCkI3YUD\/preview\" width=\"640\" height=\"480\"><\/iframe><\/p>\n","protected":false},"excerpt":{"rendered":"<p>Calendario escolar almanaque 2025-2026 Ja\u00e9n Resoluci\u00f3n calendario escolar Ja\u00e9n 2025\/2026. Resoluci\u00f3n de 6 de octubre de 2025, de la Direcci\u00f3n General de Trabajo, Seguridad y Salud Laboral, por la que se publica la relaci\u00f3n de fiestas locales de los municipios de la Comunidad Aut\u00f3noma de Andaluc\u00eda para el a\u00f1o 2026. Falta a\u00f1adir 5 d\u00edas de &hellip; <a href=\"https:\/\/blogsaverroes.juntadeandalucia.es\/iesvirgendelcollado\/calendario-escolar\/\" class=\"more-link\">Seguir leyendo <span class=\"screen-reader-text\">Calendario escolar<\/span> <span class=\"meta-nav\">&rarr;<\/span><\/a><\/p>\n","protected":false},"author":1,"featured_media":0,"parent":0,"menu_order":0,"comment_status":"closed","ping_status":"closed","template":"","meta":{"ngg_post_thumbnail":0,"footnotes":"","_mc_calendar":{"weekends":"true","shortcode":"[my_calendar weekends=&quot;true&quot;]","append":""}},"aioseo_notices":[],"_links":{"self":[{"href":"https:\/\/blogsaverroes.juntadeandalucia.es\/iesvirgendelcollado\/wp-json\/wp\/v2\/pages\/869"}],"collection":[{"href":"https:\/\/blogsaverroes.juntadeandalucia.es\/iesvirgendelcollado\/wp-json\/wp\/v2\/pages"}],"about":[{"href":"https:\/\/blogsaverroes.juntadeandalucia.es\/iesvirgendelcollado\/wp-json\/wp\/v2\/types\/page"}],"author":[{"embeddable":true,"href":"https:\/\/blogsaverroes.juntadeandalucia.es\/iesvirgendelcollado\/wp-json\/wp\/v2\/users\/1"}],"replies":[{"embeddable":true,"href":"https:\/\/blogsaverroes.juntadeandalucia.es\/iesvirgendelcollado\/wp-json\/wp\/v2\/comments?post=869"}],"version-history":[{"count":30,"href":"https:\/\/blogsaverroes.juntadeandalucia.es\/iesvirgendelcollado\/wp-json\/wp\/v2\/pages\/869\/revisions"}],"predecessor-version":[{"id":6262,"href":"https:\/\/blogsaverroes.juntadeandalucia.es\/iesvirgendelcollado\/wp-json\/wp\/v2\/pages\/869\/revisions\/6262"}],"wp:attachment":[{"href":"https:\/\/blogsaverroes.juntadeandalucia.es\/iesvirgendelcollado\/wp-json\/wp\/v2\/media?parent=869"}],"curies":[{"name":"wp","href":"https:\/\/api.w.org\/{rel}","templated":true}]}}