{"id":1113,"date":"2015-03-12T11:00:55","date_gmt":"2015-03-12T11:00:55","guid":{"rendered":"http:\/\/blogsaverroes.juntadeandalucia.es\/pre\/ceip\/?page_id=2"},"modified":"2023-12-07T09:56:14","modified_gmt":"2023-12-07T09:56:14","slug":"pagina-ejemplo-2","status":"publish","type":"page","link":"https:\/\/blogsaverroes.juntadeandalucia.es\/iesvirgendelsocorro\/","title":{"rendered":"Inicio"},"content":{"rendered":"<!-- This slideshow output is generated with Advanced post slider a multipurpose responsive WordPress slideshow plugin - http:\/\/www.wpcue.com\/wordpress-plugins\/advanced-post-slider\/ -->\r\n<style>\r\n#advps_container1 .bx-wrapper .bx-viewport {\r\n\t\t-moz-box-shadow: 0px 1px 4px #000000;\r\n\t-webkit-box-shadow: 0px 1px 4px #000000;\r\n\tbox-shadow: 0px 1px 4px #000000;\r\n\t\tborder: 1px solid #444444;\r\n\t\tbackground:#FFFFFF;\r\n}\r\n#advps_container1 .bx-wrapper .bx-pager{\r\n\ttext-align: center;\r\n\t;\r\n}\r\n#advps_container1 .bx-wrapper .bx-pager\r\n{\r\n\tbottom:-35px;\r\n\tz-index:999;\r\n}\r\n#advps_container1 .bx-wrapper .bx-controls-auto\r\n{\r\n\tbottom:6px;\r\n}\r\n#advps_container1 .bx-wrapper .bx-controls.bx-has-controls-auto.bx-has-pager .bx-pager {\r\n\ttext-align: center;\r\n}\r\n#advps_container1 .bx-wrapper .bx-controls-auto {\r\n\tz-index:99999;\r\n\ttext-align:center;width:100%;}\r\n\r\n#advps_container1 .bx-wrapper .bx-pager.bx-default-pager a {\r\n\tbackground: #666;\r\n\ttext-indent: -9999px;\r\n\tdisplay: block;\r\n\twidth: 10px;\r\n\theight: 10px;\r\n\tmargin: 0 5px;\r\n\toutline: 0;\r\n\t-moz-border-radius: 5px;\r\n\t-webkit-border-radius: 5px;\r\n\tborder-radius: 5px;\r\n\ttext-align:left;\r\n}\r\n#advps_container1 .bx-wrapper .bx-pager.bx-default-pager a:hover,\r\n#advps_container1 .bx-wrapper .bx-pager.bx-default-pager a.active {\r\n\tbackground: #000;\r\n}\r\n\r\n\/* thumbnail pager*\/\r\n#advps_container1 #bx-pager\r\n{\r\n\twidth:100%;\r\n\tposition:absolute;\r\n\tbottom:-35px;\r\n    text-align: center;\r\n\tz-index: 9999;\r\n}\r\n#advps_container1 #bx-pager a img\r\n{\r\n\tborder: 1px solid #CCCCCC;\r\n    padding: 3px;\r\n}\r\n#advps_container1 #bx-pager a:hover img, #advps_container1 #bx-pager a.active img\r\n{\r\n\tborder: 1px solid #666666;\r\n}\r\n\/* medai queries *\/\r\n#advps_container1 .advs-title,#advps_container1 .advs-title a\r\n{\r\n\tfont-size:20px;\r\n\tline-height:20px;\r\n}\r\n#advps_container1 .advps-slide p\r\n{\r\n\tfont-size:14px;\r\n\tline-height:14px;\r\n}\r\n@media screen and (max-width: 1024px){\r\n\t#advps_container1 .advs-title,#advps_container1 .advs-title a\r\n\t{\r\n\t\tfont-size:18px;\r\n\t\tline-height:18px;\r\n\t}\r\n\t#advps_container1 .advps-slide p\r\n\t{\r\n\t\tfont-size:12px;\r\n\t\tline-height:12px;\r\n\t}\r\n}\r\n@media screen and (max-width: 768px){\r\n\t#advps_container1 h2.advs-title, #advps_container1 h2.advs-title a\r\n\t{\r\n\t\tfont-size:16px;\r\n\t\tline-height:16px;\r\n\t}\r\n\t#advps_container1 .advps-slide p\r\n\t{\r\n\t\tfont-size:12px;\r\n\t\tline-height:12px;\r\n\t}\r\n}\r\n@media screen and (max-width: 650px){\r\n\t#advps_container1 h2.advs-title, #advps_container1 h2.advs-title a\r\n\t{\r\n\t\tfont-size:15px;\r\n\t\tline-height:15px;\r\n\t}\r\n\t#advps_container1 .advps-slide p\r\n\t{\r\n\t\tfont-size:12px;\r\n\t\tline-height:12px;\r\n\t}\r\n}\r\n@media screen and (max-width: 480px){\r\n\t#advps_container1 h2.advs-title, #advps_container1 h2.advs-title a\r\n\t{\r\n\t\tfont-size:15px;\r\n\t\tline-height:15px;\r\n\t}\r\n\t#advps_container1 .advps-slide p\r\n\t{\r\n\t\tfont-size:12px;\r\n\t\tline-height:12px;\r\n\t}\r\n}\r\n@media screen and (max-width: 320px){\r\n\t#advps_container1 h2.advs-title, #advps_container1 h2.advs-title a\r\n\t{\r\n\t\tfont-size:15px;\r\n\t\tline-height:15px;\r\n\t}\r\n\t#advps_container1 .advps-slide p\r\n\t{\r\n\t\tfont-size:12px;\r\n\t\tline-height:12px;\r\n\t}\r\n}\r\n<\/style>\r\n<script type=\"text\/javascript\">\r\n\t\tjQuery(document).ready(function($){\r\n\t\t\t$('#advpsslideshow_1').bxSlider({\r\n\t\t\t\tuseCSS:1,\r\n\t\t\t\tslideMargin: 0,\r\n\t\t\t\tspeed: 5000,\t\t\t\t\r\n\t\t\t\t\t\t\t\tmode: 'fade',\r\n\t\t\t\t\t\t\t\t\t\t\t\tauto: 1,\r\n\t\t\t\tautoHover: 1,\r\n\t\t\t\tpause: 3000,\r\n\t\t\t\teasing: 'linear',\r\n\t\t\t\tcontrols: 1,\r\n\t\t\t\tpager: 1,\r\n  \t\t\t\tautoControls: 0\t\t\t\t\t\t\t});\r\n\t\t\t\t\t\t\t$(\"#advpsslideshow_1 .advs-title a\").hover(function(){\r\n\t\t\t\t\t$(this).css('color','#c9c9c9');\r\n\t\t\t\t},function(){\r\n\t\t\t\t\t$(this).css('color','#FFFFFF');\r\n\t\t\t\t});\r\n\t\t\t\t\t\t$(\"#advpsslideshow_1 .advps-slide\").hover(function(){\r\n\t\t\t\t  \t\t\t},function(){\r\n\t\t\t\t\t\t\t});\r\n\t\t});\r\n\t<\/script>\r\n<div id=\"advps_container1\" class=\"advps-slide-container\" style=\"overflow:hidden;max-width:1024px;margin:auto;\">\r\n \r\n  <div id=\"advpsslideshow_1\">\r\n        <div class=\"advps-slide\">\r\n\t<a target=\"_self\" href=\"https:\/\/blogsaverroes.juntadeandalucia.es\/iesvirgendelsocorro\/el-alumnado-de-4o-de-eso-realiza-su-fotografia-de-orla\/\" >      <img loading=\"lazy\" decoding=\"async\" width=\"1600\" height=\"900\" src=\"https:\/\/blogsaverroes.juntadeandalucia.es\/iesvirgendelsocorro\/files\/2026\/04\/WhatsApp-Image-2026-04-24-at-11.21.59.jpeg\" class=\"attachment-full size-full wp-post-image\" alt=\"\" srcset=\"https:\/\/blogsaverroes.juntadeandalucia.es\/iesvirgendelsocorro\/files\/2026\/04\/WhatsApp-Image-2026-04-24-at-11.21.59.jpeg 1600w, https:\/\/blogsaverroes.juntadeandalucia.es\/iesvirgendelsocorro\/files\/2026\/04\/WhatsApp-Image-2026-04-24-at-11.21.59-300x169.jpeg 300w, https:\/\/blogsaverroes.juntadeandalucia.es\/iesvirgendelsocorro\/files\/2026\/04\/WhatsApp-Image-2026-04-24-at-11.21.59-1024x576.jpeg 1024w, https:\/\/blogsaverroes.juntadeandalucia.es\/iesvirgendelsocorro\/files\/2026\/04\/WhatsApp-Image-2026-04-24-at-11.21.59-768x432.jpeg 768w, https:\/\/blogsaverroes.juntadeandalucia.es\/iesvirgendelsocorro\/files\/2026\/04\/WhatsApp-Image-2026-04-24-at-11.21.59-1536x864.jpeg 1536w\" sizes=\"(max-width: 1600px) 100vw, 1600px\" \/>      <\/a>       \r\n      <div class=\"advps-excerpt-one\" style=\"width:30%;height:100%;top:0; right:0;\">\r\n      \t<div class=\"advps-overlay-one\" style=\"background-color:#000000; -moz-opacity:0.6;filter:alpha(opacity=60);opacity:0.6;\"><\/div>\r\n        <div class=\"advps-excerpt-block-one\" style=\"text-align:left;color:#FFFFFF;-moz-opacity:1;filter:alpha(opacity=100);opacity:1;\">        \r\n        <h2 class=\"advs-title\" style=\"margin:5px 0px 10px 0px;color:#FFFFFF\"><a target=\"_self\" href=\"https:\/\/blogsaverroes.juntadeandalucia.es\/iesvirgendelsocorro\/el-alumnado-de-4o-de-eso-realiza-su-fotografia-de-orla\/\" style=\"margin:5px 0px 10px 0px;color:#FFFFFF\" >El alumnado de 4\u00ba de ESO realiza su fotograf\u00eda de orla<\/a><\/h2>\r\n          \r\n            <p>En la jornada de hoy, el alumnado de 4\u00ba de Educaci\u00f3n Secundaria Obligatoria del IES Virgen del Socorro ha llevado a cabo la tradicional fotograf\u00eda de orla, un momento significativo [&hellip;]<\/p>\n        <\/div>\r\n      <\/div>\r\n    <\/div>\r\n        <div class=\"advps-slide\">\r\n\t<a target=\"_self\" href=\"https:\/\/blogsaverroes.juntadeandalucia.es\/iesvirgendelsocorro\/intercambio-erasmus-una-experiencia-inolvidable-entre-rociana-y-hamburgo\/\" >      <img loading=\"lazy\" decoding=\"async\" width=\"1600\" height=\"1200\" src=\"https:\/\/blogsaverroes.juntadeandalucia.es\/iesvirgendelsocorro\/files\/2026\/04\/WhatsApp-Image-2026-04-06-at-13.15.40.jpeg\" class=\"attachment-full size-full wp-post-image\" alt=\"\" srcset=\"https:\/\/blogsaverroes.juntadeandalucia.es\/iesvirgendelsocorro\/files\/2026\/04\/WhatsApp-Image-2026-04-06-at-13.15.40.jpeg 1600w, https:\/\/blogsaverroes.juntadeandalucia.es\/iesvirgendelsocorro\/files\/2026\/04\/WhatsApp-Image-2026-04-06-at-13.15.40-300x225.jpeg 300w, https:\/\/blogsaverroes.juntadeandalucia.es\/iesvirgendelsocorro\/files\/2026\/04\/WhatsApp-Image-2026-04-06-at-13.15.40-1024x768.jpeg 1024w, https:\/\/blogsaverroes.juntadeandalucia.es\/iesvirgendelsocorro\/files\/2026\/04\/WhatsApp-Image-2026-04-06-at-13.15.40-768x576.jpeg 768w, https:\/\/blogsaverroes.juntadeandalucia.es\/iesvirgendelsocorro\/files\/2026\/04\/WhatsApp-Image-2026-04-06-at-13.15.40-1536x1152.jpeg 1536w\" sizes=\"(max-width: 1600px) 100vw, 1600px\" \/>      <\/a>       \r\n      <div class=\"advps-excerpt-one\" style=\"width:30%;height:100%;top:0; right:0;\">\r\n      \t<div class=\"advps-overlay-one\" style=\"background-color:#000000; -moz-opacity:0.6;filter:alpha(opacity=60);opacity:0.6;\"><\/div>\r\n        <div class=\"advps-excerpt-block-one\" style=\"text-align:left;color:#FFFFFF;-moz-opacity:1;filter:alpha(opacity=100);opacity:1;\">        \r\n        <h2 class=\"advs-title\" style=\"margin:5px 0px 10px 0px;color:#FFFFFF\"><a target=\"_self\" href=\"https:\/\/blogsaverroes.juntadeandalucia.es\/iesvirgendelsocorro\/intercambio-erasmus-una-experiencia-inolvidable-entre-rociana-y-hamburgo\/\" style=\"margin:5px 0px 10px 0px;color:#FFFFFF\" >Intercambio Erasmus+: una experiencia inolvidable entre Rociana y Hamburgo<\/a><\/h2>\r\n          \r\n            <p>El Instituto Virgen del Socorro de Rociana del Condado ha tenido el placer de participar en una enriquecedora experiencia de intercambio dentro del programa Erasmus+, fortaleciendo lazos con nuestro centro [&hellip;]<\/p>\n        <\/div>\r\n      <\/div>\r\n    <\/div>\r\n        <div class=\"advps-slide\">\r\n\t<a target=\"_self\" href=\"https:\/\/blogsaverroes.juntadeandalucia.es\/iesvirgendelsocorro\/aprender-ciencia-desde-la-experiencia\/\" >      <img loading=\"lazy\" decoding=\"async\" width=\"1600\" height=\"900\" src=\"https:\/\/blogsaverroes.juntadeandalucia.es\/iesvirgendelsocorro\/files\/2026\/02\/WhatsApp-Image-2026-01-30-at-10.39.50.jpeg\" class=\"attachment-full size-full wp-post-image\" alt=\"\" srcset=\"https:\/\/blogsaverroes.juntadeandalucia.es\/iesvirgendelsocorro\/files\/2026\/02\/WhatsApp-Image-2026-01-30-at-10.39.50.jpeg 1600w, https:\/\/blogsaverroes.juntadeandalucia.es\/iesvirgendelsocorro\/files\/2026\/02\/WhatsApp-Image-2026-01-30-at-10.39.50-300x169.jpeg 300w, https:\/\/blogsaverroes.juntadeandalucia.es\/iesvirgendelsocorro\/files\/2026\/02\/WhatsApp-Image-2026-01-30-at-10.39.50-1024x576.jpeg 1024w, https:\/\/blogsaverroes.juntadeandalucia.es\/iesvirgendelsocorro\/files\/2026\/02\/WhatsApp-Image-2026-01-30-at-10.39.50-768x432.jpeg 768w, https:\/\/blogsaverroes.juntadeandalucia.es\/iesvirgendelsocorro\/files\/2026\/02\/WhatsApp-Image-2026-01-30-at-10.39.50-1536x864.jpeg 1536w\" sizes=\"(max-width: 1600px) 100vw, 1600px\" \/>      <\/a>       \r\n      <div class=\"advps-excerpt-one\" style=\"width:30%;height:100%;top:0; right:0;\">\r\n      \t<div class=\"advps-overlay-one\" style=\"background-color:#000000; -moz-opacity:0.6;filter:alpha(opacity=60);opacity:0.6;\"><\/div>\r\n        <div class=\"advps-excerpt-block-one\" style=\"text-align:left;color:#FFFFFF;-moz-opacity:1;filter:alpha(opacity=100);opacity:1;\">        \r\n        <h2 class=\"advs-title\" style=\"margin:5px 0px 10px 0px;color:#FFFFFF\"><a target=\"_self\" href=\"https:\/\/blogsaverroes.juntadeandalucia.es\/iesvirgendelsocorro\/aprender-ciencia-desde-la-experiencia\/\" style=\"margin:5px 0px 10px 0px;color:#FFFFFF\" >Aprender ciencia desde la experiencia<\/a><\/h2>\r\n          \r\n            <p>El alumnado de 2\u00ba de ESO ha realizado una visita educativa a la Casa de la Ciencia de Sevilla, organizada por el departamento de Ciencias Naturales. Durante la jornada, el [&hellip;]<\/p>\n        <\/div>\r\n      <\/div>\r\n    <\/div>\r\n        <div class=\"advps-slide\">\r\n\t<a target=\"_self\" href=\"https:\/\/blogsaverroes.juntadeandalucia.es\/iesvirgendelsocorro\/visita-al-parque-de-la-energia-moeve-en-palos-de-la-frontera\/\" >      <img loading=\"lazy\" decoding=\"async\" width=\"1600\" height=\"1200\" src=\"https:\/\/blogsaverroes.juntadeandalucia.es\/iesvirgendelsocorro\/files\/2026\/01\/WhatsApp-Image-2026-01-12-at-16.20.18n.jpeg\" class=\"attachment-full size-full wp-post-image\" alt=\"\" srcset=\"https:\/\/blogsaverroes.juntadeandalucia.es\/iesvirgendelsocorro\/files\/2026\/01\/WhatsApp-Image-2026-01-12-at-16.20.18n.jpeg 1600w, https:\/\/blogsaverroes.juntadeandalucia.es\/iesvirgendelsocorro\/files\/2026\/01\/WhatsApp-Image-2026-01-12-at-16.20.18n-300x225.jpeg 300w, https:\/\/blogsaverroes.juntadeandalucia.es\/iesvirgendelsocorro\/files\/2026\/01\/WhatsApp-Image-2026-01-12-at-16.20.18n-1024x768.jpeg 1024w, https:\/\/blogsaverroes.juntadeandalucia.es\/iesvirgendelsocorro\/files\/2026\/01\/WhatsApp-Image-2026-01-12-at-16.20.18n-768x576.jpeg 768w, https:\/\/blogsaverroes.juntadeandalucia.es\/iesvirgendelsocorro\/files\/2026\/01\/WhatsApp-Image-2026-01-12-at-16.20.18n-1536x1152.jpeg 1536w, https:\/\/blogsaverroes.juntadeandalucia.es\/iesvirgendelsocorro\/files\/2026\/01\/WhatsApp-Image-2026-01-12-at-16.20.18n-2048x1536.jpeg 2048w\" sizes=\"(max-width: 1600px) 100vw, 1600px\" \/>      <\/a>       \r\n      <div class=\"advps-excerpt-one\" style=\"width:30%;height:100%;top:0; right:0;\">\r\n      \t<div class=\"advps-overlay-one\" style=\"background-color:#000000; -moz-opacity:0.6;filter:alpha(opacity=60);opacity:0.6;\"><\/div>\r\n        <div class=\"advps-excerpt-block-one\" style=\"text-align:left;color:#FFFFFF;-moz-opacity:1;filter:alpha(opacity=100);opacity:1;\">        \r\n        <h2 class=\"advs-title\" style=\"margin:5px 0px 10px 0px;color:#FFFFFF\"><a target=\"_self\" href=\"https:\/\/blogsaverroes.juntadeandalucia.es\/iesvirgendelsocorro\/visita-al-parque-de-la-energia-moeve-en-palos-de-la-frontera\/\" style=\"margin:5px 0px 10px 0px;color:#FFFFFF\" >Visita al Parque de la Energ\u00eda Moeve en Palos de la Frontera<\/a><\/h2>\r\n          \r\n            <p>Nuestros alumnos han realizado una interesante visita a las instalaciones del Parque de la Energ\u00eda Moeve, situado en Palos de la Frontera. A lo largo de la jornada han podido [&hellip;]<\/p>\n        <\/div>\r\n      <\/div>\r\n    <\/div>\r\n        <div class=\"advps-slide\">\r\n\t<a target=\"_self\" href=\"https:\/\/blogsaverroes.juntadeandalucia.es\/iesvirgendelsocorro\/nuestra-alumna-mercedes-capelo-garcia-2-o-premio-en-el-v-certamen-de-ilustraciones-navidenas\/\" >      <img loading=\"lazy\" decoding=\"async\" width=\"1600\" height=\"900\" src=\"https:\/\/blogsaverroes.juntadeandalucia.es\/iesvirgendelsocorro\/files\/2025\/12\/WhatsApp-Image-2025-12-18-at-20.26.50-1.jpeg\" class=\"attachment-full size-full wp-post-image\" alt=\"\" srcset=\"https:\/\/blogsaverroes.juntadeandalucia.es\/iesvirgendelsocorro\/files\/2025\/12\/WhatsApp-Image-2025-12-18-at-20.26.50-1.jpeg 1600w, https:\/\/blogsaverroes.juntadeandalucia.es\/iesvirgendelsocorro\/files\/2025\/12\/WhatsApp-Image-2025-12-18-at-20.26.50-1-300x169.jpeg 300w, https:\/\/blogsaverroes.juntadeandalucia.es\/iesvirgendelsocorro\/files\/2025\/12\/WhatsApp-Image-2025-12-18-at-20.26.50-1-1024x576.jpeg 1024w, https:\/\/blogsaverroes.juntadeandalucia.es\/iesvirgendelsocorro\/files\/2025\/12\/WhatsApp-Image-2025-12-18-at-20.26.50-1-768x432.jpeg 768w, https:\/\/blogsaverroes.juntadeandalucia.es\/iesvirgendelsocorro\/files\/2025\/12\/WhatsApp-Image-2025-12-18-at-20.26.50-1-1536x864.jpeg 1536w\" sizes=\"(max-width: 1600px) 100vw, 1600px\" \/>      <\/a>       \r\n      <div class=\"advps-excerpt-one\" style=\"width:30%;height:100%;top:0; right:0;\">\r\n      \t<div class=\"advps-overlay-one\" style=\"background-color:#000000; -moz-opacity:0.6;filter:alpha(opacity=60);opacity:0.6;\"><\/div>\r\n        <div class=\"advps-excerpt-block-one\" style=\"text-align:left;color:#FFFFFF;-moz-opacity:1;filter:alpha(opacity=100);opacity:1;\">        \r\n        <h2 class=\"advs-title\" style=\"margin:5px 0px 10px 0px;color:#FFFFFF\"><a target=\"_self\" href=\"https:\/\/blogsaverroes.juntadeandalucia.es\/iesvirgendelsocorro\/nuestra-alumna-mercedes-capelo-garcia-2-o-premio-en-el-v-certamen-de-ilustraciones-navidenas\/\" style=\"margin:5px 0px 10px 0px;color:#FFFFFF\" >Nuestra alumna Mercedes Capelo Garc\u00eda, 2.\u00ba premio en el V Certamen de Ilustraciones Navide\u00f1as<\/a><\/h2>\r\n          \r\n            <p>El IES Virgen del Socorro de Rociana del Condado est\u00e1 de enhorabuena. Nuestra alumna Mercedes Capelo Garc\u00eda ha sido galardonada con el 2.\u00ba premio del V Certamen de Ilustraciones Navide\u00f1as, [&hellip;]<\/p>\n        <\/div>\r\n      <\/div>\r\n    <\/div>\r\n      <\/div>\r\n  <\/div><!-- end advps-slide-container -->\r\n<!-- \/ Advanced post slider a multipurpose responsive slideshow plugin -->\r\n\n<div class=\"osc-res-tab tabbable   osc-tabs-left\"><div style=\"clear:both;width: 100%;\"><ul class=\"nav osc-res-nav nav-tabs osc-tabs-left-ul\" id=\"oscitas-restabs-1-nuestra-alumna-mercedes-capelo-garcia-2-o-premio-en-el-v-certamen-de-ilustraciones-navidenas-39636\"><li class=\"active\"><a href=\"#ert_pane1-0\" data-toggle=\"tab\">Nuestro centro<\/a><\/li><li class=\"\"><a href=\"#ert_pane1-1\" data-toggle=\"tab\">Galer\u00eda de fotos<\/a><\/li><\/ul><\/div><div style=\"clear:both;width: 100%;\"><ul class=\"tab-content\" id=\"oscitas-restabcontent-1-nuestra-alumna-mercedes-capelo-garcia-2-o-premio-en-el-v-certamen-de-ilustraciones-navidenas-39636\"><li class=\"tab-pane active\" id=\"ert_pane1-0\"><\/p>\n<p>El IES Virgen del Socorro se sit\u00faa en Rociana del Condado, una localidad perteneciente a la comarca del Condado de Huelva e integrada en la zona de influencia del Espacio Natural de Do\u00f1ana. Este municipio posee 7.714 habitantes (datos extra\u00eddos a fecha de 1 de enero de 2018 del Instituto Nacional de Estad\u00edstica) y se ubica a 39 kil\u00f3metros de la capital, Huelva.<\/p>\n<p>En lo que respecta a la econom\u00eda del municipio, \u00e9sta se basa principalmente en la agricultura, sector en el que trabaja el 60% de la poblaci\u00f3n activa, con cultivos de de la trilog\u00eda mediterr\u00e1nea (cereal, vid y olivo), generalmente de secano. El cultivo m\u00e1s extendido es el vi\u00f1edo, con fuerte arraigo en la comarca. Rociana se erige en uno de los principales productores de vinos del Condado, perteneciendo a la Denominaci\u00f3n de Origen del Condado de Huelva.<\/p>\n<p>A partir de los a\u00f1os ochenta del siglo XX irrumpi\u00f3 con fuerza una agricultura de cultivos bajo pl\u00e1stico, m\u00e1s tecnificada y de regad\u00edo, destacando la plantaci\u00f3n de fresas, ar\u00e1ndanos y frambuesas con destino a la exportaci\u00f3n, los denominados \u201cfrutos rojos\u201d, absorbiendo a gran parte de la mano de obra local.<\/p>\n<p>En lo que respecta al sector servicios, trabaja un 35% de la poblaci\u00f3n en actividades con la hosteler\u00eda o el comercio minorista. Hasta hace unos a\u00f1os, una importante mano de obra se dedicaba al sector de la construcci\u00f3n tan en auge en los a\u00f1os previos a la crisis econ\u00f3mica desatada en el periodo 2008-2009. A ra\u00edz de ello, la situaci\u00f3n cambi\u00f3 notablemente generando un aumento del desempleo.<\/p>\n<p><\/li><li class=\"tab-pane \" id=\"ert_pane1-1\"><\/p>\n<p>ngg_shortcode_0_placeholder<\/li><\/ul><\/div><\/div>\n","protected":false},"excerpt":{"rendered":"","protected":false},"author":1,"featured_media":0,"parent":0,"menu_order":0,"comment_status":"closed","ping_status":"closed","template":"","meta":{"ngg_post_thumbnail":0,"footnotes":"","_mc_calendar":[]},"aioseo_notices":[],"_links":{"self":[{"href":"https:\/\/blogsaverroes.juntadeandalucia.es\/iesvirgendelsocorro\/wp-json\/wp\/v2\/pages\/1113"}],"collection":[{"href":"https:\/\/blogsaverroes.juntadeandalucia.es\/iesvirgendelsocorro\/wp-json\/wp\/v2\/pages"}],"about":[{"href":"https:\/\/blogsaverroes.juntadeandalucia.es\/iesvirgendelsocorro\/wp-json\/wp\/v2\/types\/page"}],"author":[{"embeddable":true,"href":"https:\/\/blogsaverroes.juntadeandalucia.es\/iesvirgendelsocorro\/wp-json\/wp\/v2\/users\/1"}],"replies":[{"embeddable":true,"href":"https:\/\/blogsaverroes.juntadeandalucia.es\/iesvirgendelsocorro\/wp-json\/wp\/v2\/comments?post=1113"}],"version-history":[{"count":19,"href":"https:\/\/blogsaverroes.juntadeandalucia.es\/iesvirgendelsocorro\/wp-json\/wp\/v2\/pages\/1113\/revisions"}],"predecessor-version":[{"id":2611,"href":"https:\/\/blogsaverroes.juntadeandalucia.es\/iesvirgendelsocorro\/wp-json\/wp\/v2\/pages\/1113\/revisions\/2611"}],"wp:attachment":[{"href":"https:\/\/blogsaverroes.juntadeandalucia.es\/iesvirgendelsocorro\/wp-json\/wp\/v2\/media?parent=1113"}],"curies":[{"name":"wp","href":"https:\/\/api.w.org\/{rel}","templated":true}]}}