{"id":162,"date":"2015-03-17T07:51:10","date_gmt":"2015-03-17T07:51:10","guid":{"rendered":"http:\/\/blogsaverroes.juntadeandalucia.es\/pre\/ceip\/?page_id=162"},"modified":"2026-04-24T10:37:28","modified_gmt":"2026-04-24T10:37:28","slug":"tecnologia","status":"publish","type":"page","link":"https:\/\/blogsaverroes.juntadeandalucia.es\/iesvirgendelsocorro\/tecnologia\/","title":{"rendered":"Tecnolog\u00eda"},"content":{"rendered":"<p><span style=\"font-weight: 400\">Bienvenido\/a al <\/span><b>Departamento de Tecnolog\u00eda.<\/b><\/p>\n<p><span style=\"font-weight: 400\">Desde del departamento de tecnolog\u00eda queremos darte a conocer todos los temas que podr\u00e1s ver en nuestras asignaturas que son las siguientes:<\/span><\/p>\n<ul>\n<li><i><span style=\"font-weight: 400\">Tecnolog\u00eda y digitalizaci\u00f3n en 2\u00ba y 3\u00ba ESO<\/span><\/i><\/li>\n<li><i><span style=\"font-weight: 400\">Tecnolog\u00eda en 4\u00ba ESO<\/span><\/i><\/li>\n<li><i><span style=\"font-weight: 400\">Digitalizaci\u00f3n en 4\u00ba ESO<\/span><\/i><\/li>\n<li><i><span style=\"font-weight: 400\">Computaci\u00f3n y rob\u00f3tica en 1\u00ba, 2\u00ba y 3\u00ba ESO<\/span><\/i><span style=\"font-weight: 400\">.<\/span><\/li>\n<\/ul>\n<p><span style=\"font-weight: 400\">Queremos un alumnado<\/span><b> motivado con ganas de aprender y dar lo mejor de s\u00ed mismo<\/b><span style=\"font-weight: 400\">, para poder ayudarte a que conozcas el mundo de la computaci\u00f3n, rob\u00f3tica y tecnolog\u00eda, por si decides estudiar estas especialidades y trabajar en un futuro cercano en estos campos.<\/span><\/p>\n<p><b>\u00bfQu\u00e9 hacemos en estas asignaturas?<\/b><\/p>\n<p><b><i>Dibujo t\u00e9cnico y Dise\u00f1o 3D con ordenadores<\/i><\/b><\/p>\n<p><a href=\"https:\/\/blogsaverroes.juntadeandalucia.es\/iesvirgendelsocorro\/tecnologia\/image-photoroom\/\" rel=\"attachment wp-att-3253\"><img loading=\"lazy\" decoding=\"async\" class=\"aligncenter size-full wp-image-3253\" src=\"https:\/\/blogsaverroes.juntadeandalucia.es\/iesvirgendelsocorro\/files\/2026\/04\/image-Photoroom.png\" alt=\"\" width=\"565\" height=\"463\" srcset=\"https:\/\/blogsaverroes.juntadeandalucia.es\/iesvirgendelsocorro\/files\/2026\/04\/image-Photoroom.png 565w, https:\/\/blogsaverroes.juntadeandalucia.es\/iesvirgendelsocorro\/files\/2026\/04\/image-Photoroom-300x246.png 300w\" sizes=\"(max-width: 565px) 100vw, 565px\" \/><\/a><\/p>\n<p>&nbsp;<\/p>\n<p><b><i>Creaci\u00f3n de P\u00e1ginas Web<\/i><\/b><\/p>\n<p><img loading=\"lazy\" decoding=\"async\" class=\"alignnone size-large\" src=\"https:\/\/www.comparapps.com\/wp-content\/uploads\/2019\/08\/Como-Crear-Una-Pagina-Web.jpg\" width=\"700\" height=\"400\"><\/p>\n<p><b><i>Haremos videojuegos sencillos<\/i><\/b><\/p>\n<p><img loading=\"lazy\" decoding=\"async\" class=\"alignnone size-large\" src=\"https:\/\/playcodeacademy.com\/wp-content\/uploads\/2020\/08\/curso-scratch-online-para-ninos-play-code-academy-570x260.jpg\" width=\"570\" height=\"260\"><\/p>\n<p><b><i>Creaci\u00f3n de App para m\u00f3viles.<\/i><\/b><\/p>\n<p><a href=\"https:\/\/blogsaverroes.juntadeandalucia.es\/iesvirgendelsocorro\/tecnologia\/maxresdefault\/\" rel=\"attachment wp-att-3266\"><img loading=\"lazy\" decoding=\"async\" class=\"aligncenter size-large wp-image-3266\" src=\"https:\/\/blogsaverroes.juntadeandalucia.es\/iesvirgendelsocorro\/files\/2026\/04\/maxresdefault-1024x576.jpg\" alt=\"\" width=\"1024\" height=\"576\" srcset=\"https:\/\/blogsaverroes.juntadeandalucia.es\/iesvirgendelsocorro\/files\/2026\/04\/maxresdefault-1024x576.jpg 1024w, https:\/\/blogsaverroes.juntadeandalucia.es\/iesvirgendelsocorro\/files\/2026\/04\/maxresdefault-300x169.jpg 300w, https:\/\/blogsaverroes.juntadeandalucia.es\/iesvirgendelsocorro\/files\/2026\/04\/maxresdefault-768x432.jpg 768w, https:\/\/blogsaverroes.juntadeandalucia.es\/iesvirgendelsocorro\/files\/2026\/04\/maxresdefault.jpg 1280w\" sizes=\"(max-width: 1024px) 100vw, 1024px\" \/><\/a><\/p>\n<p>&nbsp;<\/p>\n<p><b><i>Ofim\u00e1tica&nbsp;<\/i><\/b><\/p>\n<p><img loading=\"lazy\" decoding=\"async\" class=\"alignnone size-large\" src=\"https:\/\/www.muycomputerpro.com\/wp-content\/uploads\/2018\/09\/Google_GSuite.jpg\" width=\"1000\" height=\"600\"><\/p>\n<p><b><i>Materiales t\u00e9cnicos, mecanismos, electricidad y estructuras, as\u00ed como las herramientas que se usan y maquetas de proyectos.<\/i><\/b><\/p>\n<p><img loading=\"lazy\" decoding=\"async\" class=\"alignnone size-large\" src=\"https:\/\/josepanadero.files.wordpress.com\/2016\/03\/cropped-cabecera_blog_con_marco.png\" width=\"990\" height=\"310\"><\/p>\n","protected":false},"excerpt":{"rendered":"<p>Bienvenido\/a al Departamento de Tecnolog\u00eda. Desde del departamento de tecnolog\u00eda queremos darte a conocer todos los temas que podr\u00e1s ver en nuestras asignaturas que son las siguientes: Tecnolog\u00eda y digitalizaci\u00f3n en 2\u00ba y 3\u00ba ESO Tecnolog\u00eda en 4\u00ba ESO Digitalizaci\u00f3n en 4\u00ba ESO Computaci\u00f3n y rob\u00f3tica en 1\u00ba, 2\u00ba y 3\u00ba ESO. Queremos un alumnado [&hellip;]<\/p>\n","protected":false},"author":1,"featured_media":0,"parent":0,"menu_order":0,"comment_status":"closed","ping_status":"closed","template":"","meta":{"ngg_post_thumbnail":0,"footnotes":"","_mc_calendar":[]},"aioseo_notices":[],"_links":{"self":[{"href":"https:\/\/blogsaverroes.juntadeandalucia.es\/iesvirgendelsocorro\/wp-json\/wp\/v2\/pages\/162"}],"collection":[{"href":"https:\/\/blogsaverroes.juntadeandalucia.es\/iesvirgendelsocorro\/wp-json\/wp\/v2\/pages"}],"about":[{"href":"https:\/\/blogsaverroes.juntadeandalucia.es\/iesvirgendelsocorro\/wp-json\/wp\/v2\/types\/page"}],"author":[{"embeddable":true,"href":"https:\/\/blogsaverroes.juntadeandalucia.es\/iesvirgendelsocorro\/wp-json\/wp\/v2\/users\/1"}],"replies":[{"embeddable":true,"href":"https:\/\/blogsaverroes.juntadeandalucia.es\/iesvirgendelsocorro\/wp-json\/wp\/v2\/comments?post=162"}],"version-history":[{"count":9,"href":"https:\/\/blogsaverroes.juntadeandalucia.es\/iesvirgendelsocorro\/wp-json\/wp\/v2\/pages\/162\/revisions"}],"predecessor-version":[{"id":3267,"href":"https:\/\/blogsaverroes.juntadeandalucia.es\/iesvirgendelsocorro\/wp-json\/wp\/v2\/pages\/162\/revisions\/3267"}],"wp:attachment":[{"href":"https:\/\/blogsaverroes.juntadeandalucia.es\/iesvirgendelsocorro\/wp-json\/wp\/v2\/media?parent=162"}],"curies":[{"name":"wp","href":"https:\/\/api.w.org\/{rel}","templated":true}]}}