{"id":3075,"date":"2025-04-03T20:35:43","date_gmt":"2025-04-03T20:35:43","guid":{"rendered":"https:\/\/blogsaverroes.juntadeandalucia.es\/iesvirgendelsocorro\/?page_id=3075"},"modified":"2025-09-26T07:51:13","modified_gmt":"2025-09-26T07:51:13","slug":"programaciones-didacticas","status":"publish","type":"page","link":"https:\/\/blogsaverroes.juntadeandalucia.es\/iesvirgendelsocorro\/programaciones-didacticas\/","title":{"rendered":"Programaciones did\u00e1cticas"},"content":{"rendered":"<p>Desde aqu\u00ed puedes acceder a la carpeta compartida donde se encuentran todas las programaciones did\u00e1cticas de este curso.<\/p>\n<p style=\"text-align: center\"><a href=\"https:\/\/drive.google.com\/drive\/folders\/1uNZwWmhkscFVEQURiPM0EhrN_izWqv-d?usp=sharing\">&lt;&#8211;ACCEDER A LAS PROGRAMACIONES DID\u00c1CTICAS DEL CURSO 2025\/26 &#8211;&gt;<\/a><\/p>\n<p><a href=\"https:\/\/drive.google.com\/open?id=11CZDqPa7CDC8ySFA4w0PwQV-ZsNfASy-&amp;usp=drive_fs\"><img decoding=\"async\" src=\"https:\/\/www.magisnet.com\/wp-content\/uploads\/2022\/05\/Programaciones-dida%CC%81c%C2%B4ticas.jpeg\" alt=\"Programaciones did\u00e1cticas, prueba de fuego del curr\u00edculo - Magisnet\"><\/a><\/p>\n","protected":false},"excerpt":{"rendered":"<p>Desde aqu\u00ed puedes acceder a la carpeta compartida donde se encuentran todas las programaciones did\u00e1cticas de este curso. &lt;&#8211;ACCEDER A LAS PROGRAMACIONES DID\u00c1CTICAS DEL CURSO 2025\/26 &#8211;&gt;<\/p>\n","protected":false},"author":11949,"featured_media":0,"parent":0,"menu_order":0,"comment_status":"closed","ping_status":"closed","template":"","meta":{"ngg_post_thumbnail":0,"footnotes":"","_mc_calendar":[]},"aioseo_notices":[],"_links":{"self":[{"href":"https:\/\/blogsaverroes.juntadeandalucia.es\/iesvirgendelsocorro\/wp-json\/wp\/v2\/pages\/3075"}],"collection":[{"href":"https:\/\/blogsaverroes.juntadeandalucia.es\/iesvirgendelsocorro\/wp-json\/wp\/v2\/pages"}],"about":[{"href":"https:\/\/blogsaverroes.juntadeandalucia.es\/iesvirgendelsocorro\/wp-json\/wp\/v2\/types\/page"}],"author":[{"embeddable":true,"href":"https:\/\/blogsaverroes.juntadeandalucia.es\/iesvirgendelsocorro\/wp-json\/wp\/v2\/users\/11949"}],"replies":[{"embeddable":true,"href":"https:\/\/blogsaverroes.juntadeandalucia.es\/iesvirgendelsocorro\/wp-json\/wp\/v2\/comments?post=3075"}],"version-history":[{"count":5,"href":"https:\/\/blogsaverroes.juntadeandalucia.es\/iesvirgendelsocorro\/wp-json\/wp\/v2\/pages\/3075\/revisions"}],"predecessor-version":[{"id":3125,"href":"https:\/\/blogsaverroes.juntadeandalucia.es\/iesvirgendelsocorro\/wp-json\/wp\/v2\/pages\/3075\/revisions\/3125"}],"wp:attachment":[{"href":"https:\/\/blogsaverroes.juntadeandalucia.es\/iesvirgendelsocorro\/wp-json\/wp\/v2\/media?parent=3075"}],"curies":[{"name":"wp","href":"https:\/\/api.w.org\/{rel}","templated":true}]}}

Programaciones didácticas

<p>Desde aquí puedes acceder a la carpeta compartida donde se encuentran todas las programaciones didácticas de este curso.</p>
<p style="text-align: center"><a href="https://drive.google.com/drive/folders/1uNZwWmhkscFVEQURiPM0EhrN_izWqv-d?usp=sharing">&lt;&#8211;ACCEDER A LAS PROGRAMACIONES DIDÁCTICAS DEL CURSO 2025/26 &#8211;&gt;</a></p>
<p><a href="https://drive.google.com/open?id=11CZDqPa7CDC8ySFA4w0PwQV-ZsNfASy-&amp;usp=drive_fs"><img decoding="async" src="https://www.magisnet.com/wp-content/uploads/2022/05/Programaciones-dida%CC%81c%C2%B4ticas.jpeg" alt="Programaciones didácticas, prueba de fuego del currículo - Magisnet"></a></p>

<p>Desde aquí puedes acceder a la carpeta compartida donde se encuentran todas las programaciones didácticas de este curso. &lt;&#8211;ACCEDER A LAS PROGRAMACIONES DIDÁCTICAS DEL CURSO 2025/26 &#8211;&gt;</p>
