{"id":2,"date":"2014-08-25T11:09:05","date_gmt":"2014-08-25T11:09:05","guid":{"rendered":"http:\/\/blogsaverroes.juntadeandalucia.es\/igge\/?page_id=2"},"modified":"2025-12-22T18:50:44","modified_gmt":"2025-12-22T17:50:44","slug":"pagina-ejemplo","status":"publish","type":"page","link":"https:\/\/blogsaverroes.juntadeandalucia.es\/iesvirgendevilladiego\/pagina-ejemplo\/","title":{"rendered":"Claustro de profesorado"},"content":{"rendered":"<h2 style=\"text-align: center\"><span style=\"color: #ff0000\"><strong>CLAUSTRO DE PROFESORADO<\/strong><\/span><\/h2>\n<h2 style=\"text-align: center\"><span style=\"color: #ff0000\"><strong>CURSO 2025\/2026<\/strong><\/span><\/h2>\n<h3>&nbsp;<\/h3>\n<h3><span style=\"color: #0000ff\"><strong>DEPARTAMENTO DE CIENCIAS NATURALES.<\/strong><\/span><\/h3>\n<ul>\n<li><strong>Borreguero Cantador, Mar\u00eda Jos\u00e9.<\/strong>\n<ul>\n<li>Tutor\u00eda de 3\u00ba A.<\/li>\n<li>Coordinaci\u00f3n de Formaci\u00f3n, Evaluaci\u00f3n e Innovaci\u00f3n.<\/li>\n<li>Coordinaci\u00f3n del Programa STEM.<\/li>\n<li>Correo electr\u00f3nico: <a href=\"mailto:mborcan358@g.educaand.es\">mborcan358@g.educaand.es<\/a><\/li>\n<\/ul>\n<\/li>\n<\/ul>\n<p>&nbsp;<\/p>\n<ul>\n<li><strong>Casado Dom\u00ednguez, Ana Bel\u00e9n.<\/strong>\n<ul>\n<li>Jefatura del Departamento de Ciencias Naturales.<\/li>\n<li>Jefatura del \u00c1rea Cient\u00edfico-Tecnol\u00f3gica.<\/li>\n<li>Correo electr\u00f3nico: <a href=\"mailto:acasdom005@g.educaand.es\">acasdom005@g.educaand.es<\/a><\/li>\n<\/ul>\n<\/li>\n<\/ul>\n<p>&nbsp;<\/p>\n<ul>\n<li><strong>P\u00e9rez Machado, Rosa Mar\u00eda.<\/strong>\n<ul>\n<li>Tutor\u00eda de 1\u00ba B.<\/li>\n<li>Tutor\u00eda de Materias Pendientes.<\/li>\n<li>Coordinaci\u00f3n del Programa Aldea.<\/li>\n<li>Correo electr\u00f3nico: <a href=\"mailto:rpermac963@g.educaand.es\">rpermac963@g.educaand.es<\/a><\/li>\n<\/ul>\n<\/li>\n<\/ul>\n<h3>&nbsp;<\/h3>\n<h3><span style=\"color: #0000ff\"><strong>DEPARTAMENTO DE EDUCACI\u00d3N ESPECIAL.<\/strong><\/span><\/h3>\n<ul>\n<li><strong>Cumplido Peso, Bel\u00e9n.<\/strong>\n<ul>\n<li>Correo electr\u00f3nico: <a href=\"mailto:bcumpes165@g.educaand.es\">bcumpes165@g.educaand.es<\/a><\/li>\n<\/ul>\n<\/li>\n<\/ul>\n<p>&nbsp;<\/p>\n<ul>\n<li><strong>Hersog Tarazaga, Mar\u00eda.<\/strong>\n<ul>\n<li>Correo electr\u00f3nico: <a href=\"mailto:bcumpes165@g.educaand.es\">mhertar473@g.educaand.es<\/a><\/li>\n<\/ul>\n<\/li>\n<\/ul>\n<p>&nbsp;<\/p>\n<ul>\n<li><strong>Jim\u00e9nez Garc\u00eda, Carmelo.<\/strong>\n<ul>\n<li>Coordinaci\u00f3n del Programa M\u00e1s Equidad.<\/li>\n<li>Correo electr\u00f3nico: <a href=\"mailto:cjimgar989@g.educaand.es\">cjimgar989@g.educaand.es<\/a><\/li>\n<\/ul>\n<\/li>\n<\/ul>\n<p>&nbsp;<\/p>\n<ul>\n<li><strong>Romero Guerra, Eugenia Teresa.<\/strong>\n<ul>\n<li>Correo electr\u00f3nico: <a href=\"mailto:bcumpes165@g.educaand.es\">eromgue182@g.educaand.es<\/a><\/li>\n<\/ul>\n<\/li>\n<\/ul>\n<h3>&nbsp;<\/h3>\n<h3><span style=\"color: #0000ff\"><strong>DEPARTAMENTO DE EDUCACI\u00d3N F\u00cdSICA.<\/strong><\/span><\/h3>\n<ul>\n<li><strong>Mart\u00edn Ortega, Jos\u00e9 Ignacio.<\/strong>\n<ul>\n<li>Jefatura del Departamento de Educaci\u00f3n F\u00edsica.<\/li>\n<li>Coordinaci\u00f3n del Programa M\u00e1s Deporte.<\/li>\n<li>Correo electr\u00f3nico: <a href=\"mailto:jmarort692@g.educaand.es\">jmarort692@g.educaand.es<\/a><\/li>\n<\/ul>\n<\/li>\n<\/ul>\n<h3>&nbsp;<\/h3>\n<h3><span style=\"color: #0000ff\"><strong>DEPARTAMENTO DE DIBUJO.<\/strong><\/span><\/h3>\n<ul>\n<li><strong>Rodr\u00edguez Gal\u00e1n, Francisco Javier.<\/strong>\n<ul>\n<li>Jefatura del Departamento de Dibujo.<\/li>\n<li>Jefatura del \u00c1rea Art\u00edstica y Cultural.<\/li>\n<li>Correo electr\u00f3nico: <a href=\"mailto:frodgal453@g.educaand.es\">frodgal453@g.educaand.es<\/a><\/li>\n<\/ul>\n<\/li>\n<\/ul>\n<h3>&nbsp;<\/h3>\n<h3><span style=\"color: #0000ff\"><strong>DEPARTAMENTO DE FRANC\u00c9S.<\/strong><\/span><\/h3>\n<ul>\n<li><strong>Hurtado Vera, Amelia Mar\u00eda.<\/strong>\n<ul>\n<li>Tutor\u00eda de 1\u00ba A.<\/li>\n<li>Jefatura del Departamento de Franc\u00e9s.<\/li>\n<li>Correo electr\u00f3nico: <a href=\"mailto:frodgal453@g.educaand.es\">ahurver990@g.educaand.es<\/a><\/li>\n<\/ul>\n<\/li>\n<\/ul>\n<h3>&nbsp;<\/h3>\n<h3><span style=\"color: #0000ff\"><strong>DEPARTAMENTO DE GEOGRAF\u00cdA E HISTORIA Y RELIGI\u00d3N.<\/strong><\/span><\/h3>\n<ul>\n<li><strong>Hoyos Manchado, Rafael.<\/strong>\n<ul>\n<li>Correo electr\u00f3nico: <a href=\"mailto:rhoyman823@g.educaand.es\">rhoyman823@g.educaand.es<\/a><\/li>\n<\/ul>\n<\/li>\n<\/ul>\n<p>&nbsp;<\/p>\n<ul>\n<li><strong>Romero Zalamea, Jos\u00e9 Manuel.<\/strong>\n<ul>\n<li>Coordinaci\u00f3n de Actividades Complementarias y Extraescolares.<\/li>\n<li>Coordinaci\u00f3n del Plan de Igualdad de G\u00e9nero.<\/li>\n<li>Correo electr\u00f3nico: <a href=\"mailto:jromzal266@g.educaand.es\">jromzal266@g.educaand.es<\/a><\/li>\n<\/ul>\n<\/li>\n<\/ul>\n<p>&nbsp;<\/p>\n<ul>\n<li><strong>Sarri\u00f3n Morillo, Rafael.<\/strong>\n<ul>\n<li>Jefatura del Departamento de Geograf\u00eda e Historia.<\/li>\n<li>Jefatura del \u00c1rea Socio-Ling\u00fc\u00edstica.<\/li>\n<li>Coordinaci\u00f3n del Programa aulaDjaque.<\/li>\n<li>Coordinaci\u00f3n del Programa de Emprendimiento Educativo.<\/li>\n<li>Correo electr\u00f3nico: <a href=\"mailto:rsarmor146@g.educaand.es\">rsarmor146@g.educaand.es<\/a><\/li>\n<\/ul>\n<\/li>\n<\/ul>\n<h3>&nbsp;<\/h3>\n<h3><span style=\"color: #0000ff\"><strong>DEPARTAMENTO DE INGL\u00c9S.<\/strong><\/span><\/h3>\n<ul>\n<li><strong>Aguayo Moral, Francisca.<\/strong>\n<ul>\n<li>Tutor\u00eda de 4\u00ba B.<\/li>\n<li>Correo electr\u00f3nico: <a href=\"mailto:fagumor202@g.educaand.es\">fagumor202@g.educaand.es<\/a><\/li>\n<\/ul>\n<\/li>\n<\/ul>\n<p>&nbsp;<\/p>\n<ul>\n<li><strong>Baena Espejo, Mercedes.<\/strong>\n<ul>\n<li>Jefatura del Departamento de Ingl\u00e9s.<\/li>\n<li>Correo electr\u00f3nico: <a href=\"mailto:mbaeesp634@g.educaand.es\">mbaeesp634@g.educaand.es<\/a><\/li>\n<\/ul>\n<\/li>\n<\/ul>\n<h3>&nbsp;<\/h3>\n<h3><span style=\"color: #0000ff\"><strong>DEPARTAMENTO DE LENGUA.<\/strong><\/span><\/h3>\n<ul>\n<li><strong>Fuentes Fern\u00e1ndez, \u00c1ngela Mar\u00eda.<\/strong>\n<ul>\n<li>Tutor\u00eda de 4\u00ba A.<\/li>\n<li>Coordinaci\u00f3n del Programa Comunica.<\/li>\n<li>Correo electr\u00f3nico: <a href=\"mailto:afuefre942@g.educaand.es\">afuefre942@g.educaand.es<\/a><\/li>\n<\/ul>\n<\/li>\n<\/ul>\n<p>&nbsp;<\/p>\n<ul>\n<li><strong>Guerrero Gil, Jos\u00e9 Mar\u00eda.<\/strong>\n<ul>\n<li>Secretar\u00eda del centro.<\/li>\n<li>Correo electr\u00f3nico: <a href=\"mailto:jguegil437@g.educaand.es\">jguegil437@g.educaand.es<\/a><\/li>\n<\/ul>\n<\/li>\n<\/ul>\n<p>&nbsp;<\/p>\n<ul>\n<li><strong>Reyes Rodr\u00edguez, Celia.<\/strong>\n<ul>\n<li>Jefatura del Departamento de Lengua.<\/li>\n<li>Coordinaci\u00f3n de Convivencia y Escuela: Espacio de Paz.<\/li>\n<li>Coordinaci\u00f3n del Programa de Bibliotecas Escolares.<\/li>\n<li>Correo electr\u00f3nico: <a href=\"mailto:creyrod499@g.educaand.es\">creyrod499@g.educaand.es<\/a><\/li>\n<\/ul>\n<\/li>\n<\/ul>\n<h3>&nbsp;<\/h3>\n<h3><span style=\"color: #0000ff\"><strong>DEPARTAMENTO DE MATEM\u00c1TICAS.<\/strong><\/span><\/h3>\n<ul>\n<li><strong>Espejo Herrero, Eloy.<\/strong>\n<ul>\n<li>Coordinaci\u00f3n del Plan de Transformaci\u00f3n Digital Educativa.<\/li>\n<li>Correo electr\u00f3nico: <a href=\"mailto:afuefre942@g.educaand.es\">eespher661@g.educaand.es<\/a><\/li>\n<\/ul>\n<\/li>\n<\/ul>\n<p>&nbsp;<\/p>\n<ul>\n<li><strong>Mart\u00edn Cabrilla, Elena.<\/strong>\n<ul>\n<li>Tutor\u00eda de 2\u00ba B.<\/li>\n<li>Coordinaci\u00f3n del Plan de Autoprotecci\u00f3n.<\/li>\n<li>Correo electr\u00f3nico: <a href=\"mailto:afuefre942@g.educaand.es\">emarcab437@g.educaand.es<\/a><\/li>\n<\/ul>\n<\/li>\n<\/ul>\n<p>&nbsp;<\/p>\n<ul>\n<li><strong>Nieto Montero, Lourdes.<\/strong>\n<ul>\n<li>Jefatura de Estudios.<\/li>\n<li>Jefatura del Departamento de Matem\u00e1ticas.<\/li>\n<li>Correo electr\u00f3nico: <a href=\"mailto:mniemon316@g.educaand.es\">mniemon316@g.educaand.es<\/a><\/li>\n<\/ul>\n<\/li>\n<\/ul>\n<h3>&nbsp;<\/h3>\n<h3><span style=\"color: #0000ff\"><strong>DEPARTAMENTO DE M\u00daSICA.<\/strong><\/span><\/h3>\n<ul>\n<li><strong>Luna Fern\u00e1ndez, Blanca.<\/strong>\n<ul>\n<li>Tutor\u00eda de 2\u00ba A.<\/li>\n<li>Jefatura del Departamento de M\u00fasica.<\/li>\n<li>Coordinaci\u00f3n de Programas Culturales.<\/li>\n<li>Correo electr\u00f3nico: <a href=\"mailto:bferlun592@g.educaand.es\">bferlun592@g.educaand.es<\/a><\/li>\n<\/ul>\n<\/li>\n<\/ul>\n<h3>&nbsp;<\/h3>\n<h3><span style=\"color: #0000ff\"><strong>DEPARTAMENTO DE ORIENTACI\u00d3N.<\/strong><\/span><\/h3>\n<ul>\n<li><strong>Rodr\u00edguez Aguilar, Mar\u00eda Dolores.<\/strong>\n<ul>\n<li>Jefatura del Departamento de Orientaci\u00f3n.<\/li>\n<li>Coordinaci\u00f3n del Programa de Bienestar Emocional.<\/li>\n<li>Coordinaci\u00f3n del Programa de H\u00e1bitos de Vida Saludable.<\/li>\n<li>Coordinaci\u00f3n del Programa ConRed.<\/li>\n<li>Correo electr\u00f3nico: <a href=\"mailto:mrodagu994@g.educaand.es\">mrodagu994@g.educaand.es<\/a><\/li>\n<\/ul>\n<\/li>\n<\/ul>\n<h3>&nbsp;<\/h3>\n<h3><span style=\"color: #0000ff\"><strong>DEPARTAMENTO DE TECNOLOG\u00cdA.<\/strong><\/span><\/h3>\n<ul>\n<li><strong>Mill\u00e1n Le\u00f3n, \u00c1ngel.<\/strong>\n<ul>\n<li>Direcci\u00f3n del centro.<\/li>\n<li>Jefatura del Departamento de Tecnolog\u00eda.<\/li>\n<li>Coordinaci\u00f3n del Programa C\u00f3digo Escuela 4.0.<\/li>\n<li>Correo electr\u00f3nico: <a href=\"mailto:amilleo722@g.educaand.es\">amilleo722@g.educaand.es<\/a><\/li>\n<\/ul>\n<\/li>\n<\/ul>\n<p>&nbsp;<\/p>\n<ul>\n<li><strong>Morales Jim\u00e9nez, Alfonso.<\/strong>\n<ul>\n<li>Tutor\u00eda de 3\u00ba B.<\/li>\n<li>Correo electr\u00f3nico: <a href=\"mailto:amilleo722@g.educaand.es\">amorjim608@g.educaand.es<\/a><\/li>\n<\/ul>\n<\/li>\n<\/ul>\n<p>&nbsp;<\/p>\n","protected":false},"excerpt":{"rendered":"<p>CLAUSTRO DE PROFESORADO CURSO 2025\/2026 &nbsp; DEPARTAMENTO DE CIENCIAS NATURALES. Borreguero Cantador, Mar\u00eda Jos\u00e9. Tutor\u00eda de 3\u00ba A. Coordinaci\u00f3n de Formaci\u00f3n, Evaluaci\u00f3n e Innovaci\u00f3n. Coordinaci\u00f3n del Programa STEM. Correo electr\u00f3nico: mborcan358@g.educaand.es &nbsp; Casado Dom\u00ednguez,&#46;&#46;&#46;<\/p>\n","protected":false},"author":1,"featured_media":0,"parent":0,"menu_order":0,"comment_status":"open","ping_status":"open","template":"","meta":{"ngg_post_thumbnail":0,"footnotes":"","_mc_calendar":[]},"aioseo_notices":[],"_links":{"self":[{"href":"https:\/\/blogsaverroes.juntadeandalucia.es\/iesvirgendevilladiego\/wp-json\/wp\/v2\/pages\/2"}],"collection":[{"href":"https:\/\/blogsaverroes.juntadeandalucia.es\/iesvirgendevilladiego\/wp-json\/wp\/v2\/pages"}],"about":[{"href":"https:\/\/blogsaverroes.juntadeandalucia.es\/iesvirgendevilladiego\/wp-json\/wp\/v2\/types\/page"}],"author":[{"embeddable":true,"href":"https:\/\/blogsaverroes.juntadeandalucia.es\/iesvirgendevilladiego\/wp-json\/wp\/v2\/users\/1"}],"replies":[{"embeddable":true,"href":"https:\/\/blogsaverroes.juntadeandalucia.es\/iesvirgendevilladiego\/wp-json\/wp\/v2\/comments?post=2"}],"version-history":[{"count":42,"href":"https:\/\/blogsaverroes.juntadeandalucia.es\/iesvirgendevilladiego\/wp-json\/wp\/v2\/pages\/2\/revisions"}],"predecessor-version":[{"id":7246,"href":"https:\/\/blogsaverroes.juntadeandalucia.es\/iesvirgendevilladiego\/wp-json\/wp\/v2\/pages\/2\/revisions\/7246"}],"wp:attachment":[{"href":"https:\/\/blogsaverroes.juntadeandalucia.es\/iesvirgendevilladiego\/wp-json\/wp\/v2\/media?parent=2"}],"curies":[{"name":"wp","href":"https:\/\/api.w.org\/{rel}","templated":true}]}}