{"id":44,"date":"2015-03-13T08:42:15","date_gmt":"2015-03-13T08:42:15","guid":{"rendered":"http:\/\/blogsaverroes.juntadeandalucia.es\/pre\/ceip\/?page_id=44"},"modified":"2025-11-20T17:28:18","modified_gmt":"2025-11-20T16:28:18","slug":"planes-y-proyectos","status":"publish","type":"page","link":"https:\/\/blogsaverroes.juntadeandalucia.es\/iesvirgendevilladiego\/planes-y-proyectos\/","title":{"rendered":"Planes, Programas y Proyectos"},"content":{"rendered":"<p style=\"text-align: justify\"><span style=\"font-weight: 400\">Cada centro personaliza y adapta su Proyecto Educativo sum\u00e1ndose a diferentes Planes, Programas y Proyectos promovidos desde la Consejer\u00eda de Desarrollo Educativo y Formaci\u00f3n Profesional, desde la Diputaci\u00f3n Provincial o desde el Ayuntamiento.<\/span><\/p>\n<ul>\n<li><a href=\"https:\/\/blogsaverroes.juntadeandalucia.es\/iesvirgendevilladiego\/planes-promovidos-por-la-consejeria\/\">Planes, Programas y Proyectos promovidos por la Consejer\u00eda de Desarrollo Educativo y Formaci\u00f3n Profesional.<\/a><\/li>\n<li><a href=\"https:\/\/blogsaverroes.juntadeandalucia.es\/iesvirgendevilladiego\/planes-promovidos-por-ayuntamiento-y-diputacion\/\">Planes, Programas y Proyectos promovidos desde la Diputaci\u00f3n Provincial o desde el Ayuntamiento.<\/a><\/li>\n<\/ul>\n","protected":false},"excerpt":{"rendered":"<p>Cada centro personaliza y adapta su Proyecto Educativo sum\u00e1ndose a diferentes Planes, Programas y Proyectos promovidos desde la Consejer\u00eda de Desarrollo Educativo y Formaci\u00f3n Profesional, desde la Diputaci\u00f3n Provincial o desde el Ayuntamiento. Planes,&#46;&#46;&#46;<\/p>\n","protected":false},"author":1,"featured_media":0,"parent":0,"menu_order":0,"comment_status":"open","ping_status":"closed","template":"page-templates\/child-menu.php","meta":{"ngg_post_thumbnail":0,"footnotes":"","_mc_calendar":[]},"aioseo_notices":[],"_links":{"self":[{"href":"https:\/\/blogsaverroes.juntadeandalucia.es\/iesvirgendevilladiego\/wp-json\/wp\/v2\/pages\/44"}],"collection":[{"href":"https:\/\/blogsaverroes.juntadeandalucia.es\/iesvirgendevilladiego\/wp-json\/wp\/v2\/pages"}],"about":[{"href":"https:\/\/blogsaverroes.juntadeandalucia.es\/iesvirgendevilladiego\/wp-json\/wp\/v2\/types\/page"}],"author":[{"embeddable":true,"href":"https:\/\/blogsaverroes.juntadeandalucia.es\/iesvirgendevilladiego\/wp-json\/wp\/v2\/users\/1"}],"replies":[{"embeddable":true,"href":"https:\/\/blogsaverroes.juntadeandalucia.es\/iesvirgendevilladiego\/wp-json\/wp\/v2\/comments?post=44"}],"version-history":[{"count":31,"href":"https:\/\/blogsaverroes.juntadeandalucia.es\/iesvirgendevilladiego\/wp-json\/wp\/v2\/pages\/44\/revisions"}],"predecessor-version":[{"id":7197,"href":"https:\/\/blogsaverroes.juntadeandalucia.es\/iesvirgendevilladiego\/wp-json\/wp\/v2\/pages\/44\/revisions\/7197"}],"wp:attachment":[{"href":"https:\/\/blogsaverroes.juntadeandalucia.es\/iesvirgendevilladiego\/wp-json\/wp\/v2\/media?parent=44"}],"curies":[{"name":"wp","href":"https:\/\/api.w.org\/{rel}","templated":true}]}}

<p style="text-align: justify"><span style="font-weight: 400">Cada centro personaliza y adapta su Proyecto Educativo sumándose a diferentes Planes, Programas y Proyectos promovidos desde la Consejería de Desarrollo Educativo y Formación Profesional, desde la Diputación Provincial o desde el Ayuntamiento.</span></p>
<ul>
<li><a href="https://blogsaverroes.juntadeandalucia.es/iesvirgendevilladiego/planes-promovidos-por-la-consejeria/">Planes, Programas y Proyectos promovidos por la Consejería de Desarrollo Educativo y Formación Profesional.</a></li>
<li><a href="https://blogsaverroes.juntadeandalucia.es/iesvirgendevilladiego/planes-promovidos-por-ayuntamiento-y-diputacion/">Planes, Programas y Proyectos promovidos desde la Diputación Provincial o desde el Ayuntamiento.</a></li>
</ul>

<p>Cada centro personaliza y adapta su Proyecto Educativo sumándose a diferentes Planes, Programas y Proyectos promovidos desde la Consejería de Desarrollo Educativo y Formación Profesional, desde la Diputación Provincial o desde el Ayuntamiento. Planes,&#46;&#46;&#46;</p>
