{"id":1162,"date":"2025-04-07T14:21:36","date_gmt":"2025-04-07T13:21:36","guid":{"rendered":"https:\/\/blogsaverroes.juntadeandalucia.es\/ieszocoes\/?page_id=1162"},"modified":"2025-10-28T18:51:20","modified_gmt":"2025-10-28T17:51:20","slug":"cima","status":"publish","type":"page","link":"https:\/\/blogsaverroes.juntadeandalucia.es\/ieszocoes\/cima\/","title":{"rendered":"CIMA"},"content":{"rendered":"\t\t<div data-elementor-type=\"wp-page\" data-elementor-id=\"1162\" class=\"elementor elementor-1162\">\n\t\t\t\t<div class=\"elementor-element elementor-element-3226432 e-flex e-con-boxed e-con e-parent\" data-id=\"3226432\" data-element_type=\"container\">\n\t\t\t\t\t<div class=\"e-con-inner\">\n\t\t\t\t<div class=\"elementor-element elementor-element-7ae2309 elementor-widget elementor-widget-heading\" data-id=\"7ae2309\" data-element_type=\"widget\" data-widget_type=\"heading.default\">\n\t\t\t\t<div class=\"elementor-widget-container\">\n\t\t\t\t\t<h2 class=\"elementor-heading-title elementor-size-default\">\ud83e\ude7a H\u00c1BITOS DE VIDA SALUDABLE<\/h2>\t\t\t\t<\/div>\n\t\t\t\t<\/div>\n\t\t\t\t\t<\/div>\n\t\t\t\t<\/div>\n\t\t<div class=\"elementor-element elementor-element-0148c6f e-flex e-con-boxed e-con e-parent\" data-id=\"0148c6f\" data-element_type=\"container\">\n\t\t\t\t\t<div class=\"e-con-inner\">\n\t\t\t\t<div class=\"elementor-element elementor-element-60f65e3 elementor-widget elementor-widget-text-editor\" data-id=\"60f65e3\" data-element_type=\"widget\" data-widget_type=\"text-editor.default\">\n\t\t\t\t<div class=\"elementor-widget-container\">\n\t\t\t\t\t\t\t\t\t<p style=\"text-align: justify\" data-start=\"212\" data-end=\"419\">Un a\u00f1o m\u00e1s, nuestro centro participa activamente en este <strong data-start=\"269\" data-end=\"324\">Programa de Promoci\u00f3n de H\u00e1bitos de Vida Saludables<\/strong>.<br data-start=\"325\" data-end=\"328\" \/>Entre otras actuaciones que se realizar\u00e1n durante el curso escolar destacan las siguientes:<\/p><h3 data-start=\"426\" data-end=\"461\">\u00a0<\/h3><h3 style=\"text-align: justify\" data-start=\"426\" data-end=\"461\">\ud83d\udcac <strong data-start=\"433\" data-end=\"461\">Asesor\u00edas de Forma Joven<\/strong><\/h3><p style=\"text-align: justify\" data-start=\"462\" data-end=\"913\">El <strong data-start=\"465\" data-end=\"486\">enfermero escolar<\/strong> de nuestro centro de salud de referencia (<em data-start=\"529\" data-end=\"539\">Poniente<\/em>) acudir\u00e1 todos los <strong data-start=\"559\" data-end=\"586\">martes de 10:00 a 11:15<\/strong> para reunirse con aquellos alumnos que as\u00ed lo deseen, previa cita con la <strong data-start=\"660\" data-end=\"675\">Orientadora<\/strong> o la profesora <strong data-start=\"691\" data-end=\"707\">Helena P\u00e9rez<\/strong>.<br data-start=\"708\" data-end=\"711\" \/>Con \u00e9l podr\u00e1n hablar de forma <strong data-start=\"741\" data-end=\"763\">totalmente an\u00f3nima<\/strong> sobre cualquier tema relacionado con la salud \u2014propia o de alg\u00fan amigo o familiar\u2014 como <strong data-start=\"852\" data-end=\"899\">diabetes, trastornos alimenticios, ansiedad<\/strong>, entre otros.<\/p><h3 data-start=\"920\" data-end=\"947\">\u00a0<\/h3><h3 style=\"text-align: justify\" data-start=\"920\" data-end=\"947\">\ud83e\udde0 <strong data-start=\"927\" data-end=\"947\">Charlas de salud<\/strong><\/h3><p style=\"text-align: justify\" data-start=\"948\" data-end=\"1285\">El <strong data-start=\"951\" data-end=\"976\">m\u00e9dico y el enfermero<\/strong> del centro de salud de referencia impartir\u00e1n <strong data-start=\"1022\" data-end=\"1055\">charlas en horario de tutor\u00eda<\/strong> a los grupos de la ESO, acompa\u00f1ados de sus tutores.<br data-start=\"1107\" data-end=\"1110\" \/>Seg\u00fan el nivel educativo, los temas tratar\u00e1n sobre:<br \/>\ud83c\udf4e alimentaci\u00f3n<br data-start=\"1177\" data-end=\"1180\" \/>\ud83d\udead consumo de drogas, alcohol y bebidas energ\u00e9ticas<br data-start=\"1231\" data-end=\"1234\" \/>\ud83d\udc89 piercings y tatuajes<br data-start=\"1257\" data-end=\"1260\" \/>\ud83d\udcad depresi\u00f3n y ansiedad<\/p><p style=\"text-align: justify\" data-start=\"1287\" data-end=\"1404\">Estas charlas se desarrollar\u00e1n a lo largo de los tres trimestres, coordinadas por el <strong data-start=\"1372\" data-end=\"1403\">Departamento de Orientaci\u00f3n<\/strong>.<\/p><h3 data-start=\"1411\" data-end=\"1440\">\u00a0<\/h3><h3 style=\"text-align: justify\" data-start=\"1411\" data-end=\"1440\">\u2764\ufe0f\u200d\ud83e\ude79 <strong data-start=\"1421\" data-end=\"1440\">Talleres de RCP<\/strong><\/h3><p style=\"text-align: justify\" data-start=\"1441\" data-end=\"1842\">Como en cursos anteriores, se realizar\u00e1n <strong data-start=\"1482\" data-end=\"1530\">talleres de reanimaci\u00f3n cardiopulmonar (RCP)<\/strong> dirigidos al alumnado y profesorado de <strong data-start=\"1570\" data-end=\"1591\">Ciclos Formativos<\/strong>, por la peligrosidad que entra\u00f1an sus talleres.<br data-start=\"1639\" data-end=\"1642\" \/>Tambi\u00e9n podr\u00e1 participar el profesorado de la ESO que desee <strong data-start=\"1702\" data-end=\"1716\">reciclarse<\/strong>.<br data-start=\"1717\" data-end=\"1720\" \/>El taller incluye una parte <strong data-start=\"1748\" data-end=\"1759\">te\u00f3rica<\/strong> y otra <strong data-start=\"1767\" data-end=\"1779\">pr\u00e1ctica<\/strong>, y adem\u00e1s se ense\u00f1ar\u00e1 el uso del <strong data-start=\"1813\" data-end=\"1830\">desfibrilador<\/strong> del centro.<\/p><h3 data-start=\"1849\" data-end=\"1885\">\u00a0<\/h3><h3 style=\"text-align: justify\" data-start=\"1849\" data-end=\"1885\">\ud83d\udcf1 <strong data-start=\"1856\" data-end=\"1885\">Taller de Higiene Digital<\/strong><\/h3><p style=\"text-align: justify\" data-start=\"1886\" data-end=\"2054\">El <strong data-start=\"1889\" data-end=\"1910\">alumnado ayudante<\/strong> del centro recibir\u00e1 formaci\u00f3n sobre los <strong data-start=\"1951\" data-end=\"2001\">buenos usos y las malas pr\u00e1cticas con el m\u00f3vil<\/strong>, fomentando un entorno digital seguro y responsable.<\/p><p data-start=\"2061\" data-end=\"2237\">\u00a0<\/p><p style=\"text-align: justify\" data-start=\"2061\" data-end=\"2237\">\ud83d\udca1 <em data-start=\"2064\" data-end=\"2237\">Si durante el curso escolar surge la posibilidad de colaborar con otros organismos o entidades relacionadas con la salud, se incorporar\u00e1n nuevas actividades o actuaciones.<\/em><\/p>\t\t\t\t\t\t\t\t<\/div>\n\t\t\t\t<\/div>\n\t\t\t\t\t<\/div>\n\t\t\t\t<\/div>\n\t\t\t\t<\/div>\n\t\t","protected":false},"excerpt":{"rendered":"<p>\ud83e\ude7a H\u00c1BITOS DE VIDA SALUDABLE Un a\u00f1o m\u00e1s, nuestro centro participa activamente en este Programa de Promoci\u00f3n de H\u00e1bitos de Vida Saludables.Entre otras actuaciones que se realizar\u00e1n durante el curso escolar destacan las siguientes:&#46;&#46;&#46;<\/p>\n","protected":false},"author":19052,"featured_media":0,"parent":0,"menu_order":0,"comment_status":"closed","ping_status":"closed","template":"","meta":{"ngg_post_thumbnail":0,"footnotes":""},"aioseo_notices":[],"_links":{"self":[{"href":"https:\/\/blogsaverroes.juntadeandalucia.es\/ieszocoes\/wp-json\/wp\/v2\/pages\/1162"}],"collection":[{"href":"https:\/\/blogsaverroes.juntadeandalucia.es\/ieszocoes\/wp-json\/wp\/v2\/pages"}],"about":[{"href":"https:\/\/blogsaverroes.juntadeandalucia.es\/ieszocoes\/wp-json\/wp\/v2\/types\/page"}],"author":[{"embeddable":true,"href":"https:\/\/blogsaverroes.juntadeandalucia.es\/ieszocoes\/wp-json\/wp\/v2\/users\/19052"}],"replies":[{"embeddable":true,"href":"https:\/\/blogsaverroes.juntadeandalucia.es\/ieszocoes\/wp-json\/wp\/v2\/comments?post=1162"}],"version-history":[{"count":7,"href":"https:\/\/blogsaverroes.juntadeandalucia.es\/ieszocoes\/wp-json\/wp\/v2\/pages\/1162\/revisions"}],"predecessor-version":[{"id":2196,"href":"https:\/\/blogsaverroes.juntadeandalucia.es\/ieszocoes\/wp-json\/wp\/v2\/pages\/1162\/revisions\/2196"}],"wp:attachment":[{"href":"https:\/\/blogsaverroes.juntadeandalucia.es\/ieszocoes\/wp-json\/wp\/v2\/media?parent=1162"}],"curies":[{"name":"wp","href":"https:\/\/api.w.org\/{rel}","templated":true}]}}