{"id":1542,"date":"2025-04-28T11:17:58","date_gmt":"2025-04-28T10:17:58","guid":{"rendered":"https:\/\/blogsaverroes.juntadeandalucia.es\/ieszocoes\/?page_id=1542"},"modified":"2025-09-27T14:31:36","modified_gmt":"2025-09-27T13:31:36","slug":"biologia-y-geologia","status":"publish","type":"page","link":"https:\/\/blogsaverroes.juntadeandalucia.es\/ieszocoes\/biologia-y-geologia\/","title":{"rendered":"BIOLOG\u00cdA Y GEOLOG\u00cdA"},"content":{"rendered":"\t\t<div data-elementor-type=\"wp-page\" data-elementor-id=\"1542\" class=\"elementor elementor-1542\">\n\t\t\t\t<div class=\"elementor-element elementor-element-0d744f1 e-flex e-con-boxed e-con e-parent\" data-id=\"0d744f1\" data-element_type=\"container\">\n\t\t\t\t\t<div class=\"e-con-inner\">\n\t\t\t\t<div class=\"elementor-element elementor-element-7002c3d elementor-widget elementor-widget-heading\" data-id=\"7002c3d\" data-element_type=\"widget\" data-widget_type=\"heading.default\">\n\t\t\t\t<div class=\"elementor-widget-container\">\n\t\t\t\t\t<h2 class=\"elementor-heading-title elementor-size-default\">Departamento de Biolog\u00eda y Geolog\u00eda<\/h2>\t\t\t\t<\/div>\n\t\t\t\t<\/div>\n\t\t\t\t\t<\/div>\n\t\t\t\t<\/div>\n\t\t<div class=\"elementor-element elementor-element-58ff341 e-flex e-con-boxed e-con e-parent\" data-id=\"58ff341\" data-element_type=\"container\">\n\t\t\t\t\t<div class=\"e-con-inner\">\n\t\t\t\t<div class=\"elementor-element elementor-element-01762a2 elementor-widget elementor-widget-text-editor\" data-id=\"01762a2\" data-element_type=\"widget\" data-widget_type=\"text-editor.default\">\n\t\t\t\t<div class=\"elementor-widget-container\">\n\t\t\t\t\t\t\t\t\t<p>En los siguientes enlaces puedes consultar los criterios de evaluaci\u00f3n de las asignaturas que se imparten desde el Departamento de Biolog\u00eda y Geolog\u00eda.<\/p>\t\t\t\t\t\t\t\t<\/div>\n\t\t\t\t<\/div>\n\t\t\t\t\t<\/div>\n\t\t\t\t<\/div>\n\t\t<div class=\"elementor-element elementor-element-97ce73d e-flex e-con-boxed e-con e-parent\" data-id=\"97ce73d\" data-element_type=\"container\">\n\t\t\t\t\t<div class=\"e-con-inner\">\n\t\t\t\t<div class=\"elementor-element elementor-element-d247a77 elementor-widget elementor-widget-wp-widget-nav_menu\" data-id=\"d247a77\" data-element_type=\"widget\" data-widget_type=\"wp-widget-nav_menu.default\">\n\t\t\t\t<div class=\"elementor-widget-container\">\n\t\t\t\t\t<h5>CRITERIOS EVALUACI\u00d3N 2025\/2026<\/h5><div class=\"menu-c-e-bg-container\"><ul id=\"menu-c-e-bg\" class=\"menu\"><li id=\"menu-item-1696\" class=\"menu-item menu-item-type-custom menu-item-object-custom menu-item-1696\"><a href=\"https:\/\/drive.google.com\/file\/d\/1B7nsxENBEcyPKzZxAJCfQrtxJQbjOtM6\/view?usp=sharing\">1\u00ba ESO: BIOLOG\u00cdA Y GEOLOG\u00cdA<\/a><\/li>\n<li id=\"menu-item-1697\" class=\"menu-item menu-item-type-custom menu-item-object-custom menu-item-1697\"><a href=\"https:\/\/drive.google.com\/file\/d\/1z6Q92agAl1rAg0BJ0ApDeuuCZ7AceYRZ\/view?usp=sharing\">3\u00ba ESO: BIOLOG\u00cdA Y GEOLOG\u00cdA<\/a><\/li>\n<li id=\"menu-item-1698\" class=\"menu-item menu-item-type-custom menu-item-object-custom menu-item-1698\"><a href=\"https:\/\/drive.google.com\/file\/d\/1hfw8ym7VH1lJarX9oHI1B5jM3Le7tkiW\/view?usp=sharing\">3\u00ba ESO Diversificaci\u00f3n: \u00c1MBITO CIENT\u00cdFICO-TECNOL\u00d3GICO<\/a><\/li>\n<li id=\"menu-item-1964\" class=\"menu-item menu-item-type-custom menu-item-object-custom menu-item-1964\"><a href=\"https:\/\/drive.google.com\/file\/d\/1YFNthunPeZFv2rcGrphHW7aoMVNvTFfJ\/view?usp=sharing\">4\u00ba ESO: BIOLOG\u00cdA Y GEOLOG\u00cdA<\/a><\/li>\n<li id=\"menu-item-2012\" class=\"menu-item menu-item-type-custom menu-item-object-custom menu-item-2012\"><a href=\"https:\/\/drive.google.com\/file\/d\/1Ku7E-cPHo0pnsaEzwydlPZWzPwSvvUvK\/view?usp=sharing\">4\u00ba ESO Diversificaci\u00f3n: \u00c1MBITO CIENT\u00cdFICO-TECNOL\u00d3GICO<\/a><\/li>\n<li id=\"menu-item-1742\" class=\"menu-item menu-item-type-custom menu-item-object-custom menu-item-1742\"><a href=\"https:\/\/drive.google.com\/file\/d\/1oAzJku_hcxdpZu2sc1XolrL9ZZ6v6OTF\/view?usp=sharing\">4\u00ba ESO: CULTURA CIENT\u00cdFICA<\/a><\/li>\n<li id=\"menu-item-2011\" class=\"menu-item menu-item-type-custom menu-item-object-custom menu-item-2011\"><a href=\"https:\/\/drive.google.com\/file\/d\/1uOK_D94Ubw35PM6JfQtXqUDoKBTe0tBN\/view?usp=sharing\">1\u00ba Bachillerato: BIOLOG\u00cdA, GEOLOG\u00cdA Y CIENCIAS AMBIENTALES<\/a><\/li>\n<li id=\"menu-item-2010\" class=\"menu-item menu-item-type-custom menu-item-object-custom menu-item-2010\"><a href=\"https:\/\/drive.google.com\/file\/d\/1GLwYHFBfbibRDJQClUMcxmNdzgfztS27\/view?usp=sharing\">1\u00ba Bachillerato: ANATOM\u00cdA APLICADA<\/a><\/li>\n<li id=\"menu-item-2000\" class=\"menu-item menu-item-type-custom menu-item-object-custom menu-item-2000\"><a href=\"https:\/\/drive.google.com\/file\/d\/1YmcowGYRU00HOYddL8E3GxpKU7rlZ9fx\/view?usp=sharing\">2\u00ba Bachillerato: BIOLOG\u00cdA<\/a><\/li>\n<\/ul><\/div>\t\t\t\t<\/div>\n\t\t\t\t<\/div>\n\t\t\t\t\t<\/div>\n\t\t\t\t<\/div>\n\t\t\t\t<\/div>\n\t\t","protected":false},"excerpt":{"rendered":"<p>Departamento de Biolog\u00eda y Geolog\u00eda En los siguientes enlaces puedes consultar los criterios de evaluaci\u00f3n de las asignaturas que se imparten desde el Departamento de Biolog\u00eda y Geolog\u00eda.<\/p>\n","protected":false},"author":19052,"featured_media":0,"parent":0,"menu_order":0,"comment_status":"closed","ping_status":"closed","template":"","meta":{"ngg_post_thumbnail":0,"footnotes":""},"aioseo_notices":[],"_links":{"self":[{"href":"https:\/\/blogsaverroes.juntadeandalucia.es\/ieszocoes\/wp-json\/wp\/v2\/pages\/1542"}],"collection":[{"href":"https:\/\/blogsaverroes.juntadeandalucia.es\/ieszocoes\/wp-json\/wp\/v2\/pages"}],"about":[{"href":"https:\/\/blogsaverroes.juntadeandalucia.es\/ieszocoes\/wp-json\/wp\/v2\/types\/page"}],"author":[{"embeddable":true,"href":"https:\/\/blogsaverroes.juntadeandalucia.es\/ieszocoes\/wp-json\/wp\/v2\/users\/19052"}],"replies":[{"embeddable":true,"href":"https:\/\/blogsaverroes.juntadeandalucia.es\/ieszocoes\/wp-json\/wp\/v2\/comments?post=1542"}],"version-history":[{"count":24,"href":"https:\/\/blogsaverroes.juntadeandalucia.es\/ieszocoes\/wp-json\/wp\/v2\/pages\/1542\/revisions"}],"predecessor-version":[{"id":2009,"href":"https:\/\/blogsaverroes.juntadeandalucia.es\/ieszocoes\/wp-json\/wp\/v2\/pages\/1542\/revisions\/2009"}],"wp:attachment":[{"href":"https:\/\/blogsaverroes.juntadeandalucia.es\/ieszocoes\/wp-json\/wp\/v2\/media?parent=1542"}],"curies":[{"name":"wp","href":"https:\/\/api.w.org\/{rel}","templated":true}]}}