{"id":19,"date":"2016-11-10T17:17:14","date_gmt":"2016-11-10T17:17:14","guid":{"rendered":"http:\/\/blogsaverroes.juntadeandalucia.es\/igualmente\/?page_id=19"},"modified":"2023-01-08T02:04:33","modified_gmt":"2023-01-08T02:04:33","slug":"plan-de-igualdad-1617","status":"publish","type":"page","link":"https:\/\/blogsaverroes.juntadeandalucia.es\/igualmente\/plan-de-igualdad-1617\/","title":{"rendered":"Plan de Igualdad"},"content":{"rendered":"<p style=\"text-align: justify\">Nuestro Claustro est\u00e1 actualizando el Plan de Igualdad del centro, de acuerdo con el&nbsp;<strong><span class=\"field field--name-title field--type-string field--label-hidden\">Plan Estrat\u00e9gico para la Igualdad de Mujeres y Hombres en Andaluc\u00eda 2022-2028.<\/span><\/strong><\/p>\n<p>&nbsp;<\/p>\n<p>Si quieres acceder a nuestro Plan de Igualdad completo y a la Memoria de Actividades del 2022 puedes solicitar acceso en el siguiente <a href=\"https:\/\/drive.google.com\/file\/d\/1eUM27rPsLmaP8Mmdo0UFUqWB8cAee5nz\/view?usp=share_link\">ENLACE&nbsp;<\/a><\/p>\n<p><img loading=\"lazy\" decoding=\"async\" class=\"alignleft size-full wp-image-388\" src=\"https:\/\/blogsaverroes.juntadeandalucia.es\/igualmente\/files\/2023\/01\/Imagen1.png\" alt=\"\" width=\"744\" height=\"1068\" srcset=\"https:\/\/blogsaverroes.juntadeandalucia.es\/igualmente\/files\/2023\/01\/Imagen1.png 744w, https:\/\/blogsaverroes.juntadeandalucia.es\/igualmente\/files\/2023\/01\/Imagen1-209x300.png 209w, https:\/\/blogsaverroes.juntadeandalucia.es\/igualmente\/files\/2023\/01\/Imagen1-713x1024.png 713w\" sizes=\"(max-width: 744px) 100vw, 744px\" \/><\/p>\n<p>&nbsp;<\/p>\n<p>&nbsp;<\/p>\n<p style=\"text-align: justify\">&nbsp;<\/p>\n<p>&nbsp;<\/p>\n","protected":false},"excerpt":{"rendered":"<p>Nuestro Claustro est\u00e1 actualizando el Plan de Igualdad del centro, de acuerdo con el&nbsp;Plan Estrat\u00e9gico para la Igualdad de Mujeres y Hombres en Andaluc\u00eda 2022-2028. &nbsp; Si quieres acceder a nuestro Plan de Igualdad&#46;&#46;&#46;<\/p>\n","protected":false},"author":5048,"featured_media":0,"parent":0,"menu_order":0,"comment_status":"open","ping_status":"closed","template":"","meta":{"ngg_post_thumbnail":0,"footnotes":""},"aioseo_notices":[],"_links":{"self":[{"href":"https:\/\/blogsaverroes.juntadeandalucia.es\/igualmente\/wp-json\/wp\/v2\/pages\/19"}],"collection":[{"href":"https:\/\/blogsaverroes.juntadeandalucia.es\/igualmente\/wp-json\/wp\/v2\/pages"}],"about":[{"href":"https:\/\/blogsaverroes.juntadeandalucia.es\/igualmente\/wp-json\/wp\/v2\/types\/page"}],"author":[{"embeddable":true,"href":"https:\/\/blogsaverroes.juntadeandalucia.es\/igualmente\/wp-json\/wp\/v2\/users\/5048"}],"replies":[{"embeddable":true,"href":"https:\/\/blogsaverroes.juntadeandalucia.es\/igualmente\/wp-json\/wp\/v2\/comments?post=19"}],"version-history":[{"count":8,"href":"https:\/\/blogsaverroes.juntadeandalucia.es\/igualmente\/wp-json\/wp\/v2\/pages\/19\/revisions"}],"predecessor-version":[{"id":389,"href":"https:\/\/blogsaverroes.juntadeandalucia.es\/igualmente\/wp-json\/wp\/v2\/pages\/19\/revisions\/389"}],"wp:attachment":[{"href":"https:\/\/blogsaverroes.juntadeandalucia.es\/igualmente\/wp-json\/wp\/v2\/media?parent=19"}],"curies":[{"name":"wp","href":"https:\/\/api.w.org\/{rel}","templated":true}]}}

<p style="text-align: justify">Nuestro Claustro está actualizando el Plan de Igualdad del centro, de acuerdo con el&nbsp;<strong><span class="field field--name-title field--type-string field--label-hidden">Plan Estratégico para la Igualdad de Mujeres y Hombres en Andalucía 2022-2028.</span></strong></p>
<p>&nbsp;</p>
<p>Si quieres acceder a nuestro Plan de Igualdad completo y a la Memoria de Actividades del 2022 puedes solicitar acceso en el siguiente <a href="https://drive.google.com/file/d/1eUM27rPsLmaP8Mmdo0UFUqWB8cAee5nz/view?usp=share_link">ENLACE&nbsp;</a></p>
<p><img loading="lazy" decoding="async" class="alignleft size-full wp-image-388" src="https://blogsaverroes.juntadeandalucia.es/igualmente/files/2023/01/Imagen1.png" alt="" width="744" height="1068" srcset="https://blogsaverroes.juntadeandalucia.es/igualmente/files/2023/01/Imagen1.png 744w, https://blogsaverroes.juntadeandalucia.es/igualmente/files/2023/01/Imagen1-209x300.png 209w, https://blogsaverroes.juntadeandalucia.es/igualmente/files/2023/01/Imagen1-713x1024.png 713w" sizes="(max-width: 744px) 100vw, 744px" /></p>
<p>&nbsp;</p>
<p>&nbsp;</p>
<p style="text-align: justify">&nbsp;</p>
<p>&nbsp;</p>

<p>Nuestro Claustro está actualizando el Plan de Igualdad del centro, de acuerdo con el&nbsp;Plan Estratégico para la Igualdad de Mujeres y Hombres en Andalucía 2022-2028. &nbsp; Si quieres acceder a nuestro Plan de Igualdad&#46;&#46;&#46;</p>
