{"id":29,"date":"2016-11-10T17:19:01","date_gmt":"2016-11-10T17:19:01","guid":{"rendered":"http:\/\/blogsaverroes.juntadeandalucia.es\/igualmente\/?page_id=29"},"modified":"2021-01-20T19:34:27","modified_gmt":"2021-01-20T19:34:27","slug":"nuestros-suenos","status":"publish","type":"page","link":"https:\/\/blogsaverroes.juntadeandalucia.es\/igualmente\/nuestros-suenos\/","title":{"rendered":"MEMORIAS Y ACTIVIDADES"},"content":{"rendered":"<p style=\"text-align: justify\">Compartir es la mejor forma de seguir creciendo. Este apartado nos ayuda a mejorar y a aprender de nuestros aciertos y, a\u00fan m\u00e1s, de nuestros errores en esta apasionante aventura que es la escuela y la coeducaci\u00f3n. Aqu\u00ed vamos colgando un resumen de actividades que se se han ido haciendo a lo largo de estos a\u00f1os en los centros donde he tenido el privilegio de coordinar el Plan de Igualdad. Pod\u00e9is encontrar las memorias y actividades puntuales que se han llevado a cabo en el CEIP Atalaya (Atarfe), donde coordin\u00e9 el Plan durante cuatro a\u00f1os (desde 2013 hasta 2017) y del CEIP Juan Pablo I, centro en que he retomado la coordinaci\u00f3n en el curso 2020\/21.&nbsp;<\/p>\n","protected":false},"excerpt":{"rendered":"<p>Compartir es la mejor forma de seguir creciendo. Este apartado nos ayuda a mejorar y a aprender de nuestros aciertos y, a\u00fan m\u00e1s, de nuestros errores en esta apasionante aventura que es la escuela&#46;&#46;&#46;<\/p>\n","protected":false},"author":4031,"featured_media":0,"parent":0,"menu_order":0,"comment_status":"open","ping_status":"open","template":"","meta":{"ngg_post_thumbnail":0,"footnotes":""},"aioseo_notices":[],"_links":{"self":[{"href":"https:\/\/blogsaverroes.juntadeandalucia.es\/igualmente\/wp-json\/wp\/v2\/pages\/29"}],"collection":[{"href":"https:\/\/blogsaverroes.juntadeandalucia.es\/igualmente\/wp-json\/wp\/v2\/pages"}],"about":[{"href":"https:\/\/blogsaverroes.juntadeandalucia.es\/igualmente\/wp-json\/wp\/v2\/types\/page"}],"author":[{"embeddable":true,"href":"https:\/\/blogsaverroes.juntadeandalucia.es\/igualmente\/wp-json\/wp\/v2\/users\/4031"}],"replies":[{"embeddable":true,"href":"https:\/\/blogsaverroes.juntadeandalucia.es\/igualmente\/wp-json\/wp\/v2\/comments?post=29"}],"version-history":[{"count":5,"href":"https:\/\/blogsaverroes.juntadeandalucia.es\/igualmente\/wp-json\/wp\/v2\/pages\/29\/revisions"}],"predecessor-version":[{"id":215,"href":"https:\/\/blogsaverroes.juntadeandalucia.es\/igualmente\/wp-json\/wp\/v2\/pages\/29\/revisions\/215"}],"wp:attachment":[{"href":"https:\/\/blogsaverroes.juntadeandalucia.es\/igualmente\/wp-json\/wp\/v2\/media?parent=29"}],"curies":[{"name":"wp","href":"https:\/\/api.w.org\/{rel}","templated":true}]}}