{"id":77,"date":"2023-01-25T09:23:55","date_gmt":"2023-01-25T09:23:55","guid":{"rendered":"https:\/\/blogsaverroes.juntadeandalucia.es\/informatica4all\/?page_id=77"},"modified":"2023-01-25T09:26:46","modified_gmt":"2023-01-25T09:26:46","slug":"profesion","status":"publish","type":"page","link":"https:\/\/blogsaverroes.juntadeandalucia.es\/informatica4all\/profesion\/","title":{"rendered":"Profesi\u00f3n"},"content":{"rendered":"\t\t<div data-elementor-type=\"wp-page\" data-elementor-id=\"77\" class=\"elementor elementor-77\">\n\t\t\t\t\t\t<section class=\"elementor-section elementor-top-section elementor-element elementor-element-6a024e99 elementor-section-boxed elementor-section-height-default elementor-section-height-default\" data-id=\"6a024e99\" data-element_type=\"section\">\n\t\t\t\t\t\t<div class=\"elementor-container elementor-column-gap-default\">\n\t\t\t\t\t<div class=\"elementor-column elementor-col-100 elementor-top-column elementor-element elementor-element-2d2c898f\" data-id=\"2d2c898f\" data-element_type=\"column\">\n\t\t\t<div class=\"elementor-widget-wrap elementor-element-populated\">\n\t\t\t\t\t\t<div class=\"elementor-element elementor-element-ff7791d elementor-widget elementor-widget-text-editor\" data-id=\"ff7791d\" data-element_type=\"widget\" data-widget_type=\"text-editor.default\">\n\t\t\t\t<div class=\"elementor-widget-container\">\n\t\t\t\t\t\t\t\t\t<h1>Insignia<\/h1>\n&nbsp;\n\n&nbsp;\t\t\t\t\t\t\t\t<\/div>\n\t\t\t\t<\/div>\n\t\t\t\t<div class=\"elementor-element elementor-element-42a1873 elementor-widget elementor-widget-image\" data-id=\"42a1873\" data-element_type=\"widget\" data-widget_type=\"image.default\">\n\t\t\t\t<div class=\"elementor-widget-container\">\n\t\t\t\t\t\t\t\t\t\t\t\t\t\t\t<img fetchpriority=\"high\" decoding=\"async\" width=\"500\" height=\"563\" src=\"https:\/\/blogsaverroes.juntadeandalucia.es\/informatica4all\/files\/2023\/01\/Logo_Ingenieria_Informatica.jpg\" class=\"attachment-large size-large wp-image-72\" alt=\"log ingenier\u00eda inform\u00e1tica\" srcset=\"https:\/\/blogsaverroes.juntadeandalucia.es\/informatica4all\/files\/2023\/01\/Logo_Ingenieria_Informatica.jpg 500w, https:\/\/blogsaverroes.juntadeandalucia.es\/informatica4all\/files\/2023\/01\/Logo_Ingenieria_Informatica-266x300.jpg 266w, https:\/\/blogsaverroes.juntadeandalucia.es\/informatica4all\/files\/2023\/01\/Logo_Ingenieria_Informatica-21x24.jpg 21w, https:\/\/blogsaverroes.juntadeandalucia.es\/informatica4all\/files\/2023\/01\/Logo_Ingenieria_Informatica-32x36.jpg 32w, https:\/\/blogsaverroes.juntadeandalucia.es\/informatica4all\/files\/2023\/01\/Logo_Ingenieria_Informatica-43x48.jpg 43w\" sizes=\"(max-width: 500px) 100vw, 500px\" \/>\t\t\t\t\t\t\t\t\t\t\t\t\t\t\t<\/div>\n\t\t\t\t<\/div>\n\t\t\t\t<div class=\"elementor-element elementor-element-a8a9aa8 elementor-widget elementor-widget-text-editor\" data-id=\"a8a9aa8\" data-element_type=\"widget\" data-widget_type=\"text-editor.default\">\n\t\t\t\t<div class=\"elementor-widget-container\">\n\t\t\t\t\t\t\t\t\t<p><span style=\"font-size: large;font-style: normal;font-weight: 400;text-align: center;color: #45818e\">\u00ab<em style=\"line-height: 20px\">es el establecido en la resoluci\u00f3n de 11 de noviembre de 1977\u00a0<\/em><\/span><em style=\"font-size: large;font-weight: 400;text-align: center;color: #45818e;line-height: 20px\">para las titulaciones universitarias superiores de inform\u00e1tica, y\u00a0<\/em><em style=\"font-size: large;font-weight: 400;text-align: center;color: #45818e;line-height: 20px\">est\u00e1 constituido por una figura representando en su parte central\u00a0<\/em><em style=\"font-size: large;font-weight: 400;text-align: center;color: #45818e;line-height: 20px\">un\u00a0<strong>n\u00facleo toroidal de ferrita<\/strong>, atravesado por\u00a0<strong>hilos de lectura,\u00a0<\/strong><\/em><em style=\"font-size: large;font-weight: 400;text-align: center;color: #45818e;line-height: 20px\"><strong>escritura e inhibici\u00f3n<\/strong>. El n\u00facleo est\u00e1 rodeado por\u00a0<strong>dos ramas<\/strong>: una\u00a0<\/em><em style=\"font-size: large;font-weight: 400;text-align: center;color: #45818e;line-height: 20px\">de\u00a0<strong>laurel<\/strong>, como s\u00edmbolo de recompensa, y la otra, de\u00a0<strong>olivo<\/strong>, como\u00a0<\/em><em style=\"font-size: large;font-weight: 400;text-align: center;color: #45818e;line-height: 20px\">s\u00edmbolo de sabidur\u00eda. La\u00a0<strong>corona<\/strong>\u00a0ser\u00e1 la\u00a0<strong>de la casa real<\/strong>\u00a0espa\u00f1ola,\u00a0<\/em><em style=\"font-size: large;font-weight: 400;text-align: center;color: #45818e;line-height: 20px\">y bajo el escudo se inscribir\u00e1 el acr\u00f3nimo de la organizaci\u00f3n.<\/em><span style=\"font-size: large;font-style: normal;font-weight: 400;text-align: center;color: #45818e\">\u00ab<\/span><\/p>\t\t\t\t\t\t\t\t<\/div>\n\t\t\t\t<\/div>\n\t\t\t\t\t<\/div>\n\t\t<\/div>\n\t\t\t\t\t<\/div>\n\t\t<\/section>\n\t\t\t\t<\/div>\n\t\t","protected":false},"excerpt":{"rendered":"<p>Insignia &nbsp; &nbsp; \u00abes el establecido en la resoluci\u00f3n de 11 de noviembre de 1977\u00a0para las titulaciones universitarias superiores de inform\u00e1tica, y\u00a0est\u00e1 constituido por una figura representando en su parte central\u00a0un\u00a0n\u00facleo toroidal de ferrita,&#46;&#46;&#46;<\/p>\n","protected":false},"author":10726,"featured_media":0,"parent":0,"menu_order":0,"comment_status":"closed","ping_status":"closed","template":"","meta":{"ngg_post_thumbnail":0,"footnotes":""},"aioseo_notices":[],"_links":{"self":[{"href":"https:\/\/blogsaverroes.juntadeandalucia.es\/informatica4all\/wp-json\/wp\/v2\/pages\/77"}],"collection":[{"href":"https:\/\/blogsaverroes.juntadeandalucia.es\/informatica4all\/wp-json\/wp\/v2\/pages"}],"about":[{"href":"https:\/\/blogsaverroes.juntadeandalucia.es\/informatica4all\/wp-json\/wp\/v2\/types\/page"}],"author":[{"embeddable":true,"href":"https:\/\/blogsaverroes.juntadeandalucia.es\/informatica4all\/wp-json\/wp\/v2\/users\/10726"}],"replies":[{"embeddable":true,"href":"https:\/\/blogsaverroes.juntadeandalucia.es\/informatica4all\/wp-json\/wp\/v2\/comments?post=77"}],"version-history":[{"count":6,"href":"https:\/\/blogsaverroes.juntadeandalucia.es\/informatica4all\/wp-json\/wp\/v2\/pages\/77\/revisions"}],"predecessor-version":[{"id":84,"href":"https:\/\/blogsaverroes.juntadeandalucia.es\/informatica4all\/wp-json\/wp\/v2\/pages\/77\/revisions\/84"}],"wp:attachment":[{"href":"https:\/\/blogsaverroes.juntadeandalucia.es\/informatica4all\/wp-json\/wp\/v2\/media?parent=77"}],"curies":[{"name":"wp","href":"https:\/\/api.w.org\/{rel}","templated":true}]}}