{"id":120,"date":"2019-07-12T02:40:28","date_gmt":"2019-07-12T02:40:28","guid":{"rendered":"https:\/\/blogsaverroes.juntadeandalucia.es\/informaticalucussolis\/?page_id=120"},"modified":"2019-07-13T10:45:36","modified_gmt":"2019-07-13T10:45:36","slug":"gestion-de-bases-de-datos","status":"publish","type":"page","link":"https:\/\/blogsaverroes.juntadeandalucia.es\/informaticalucussolis\/asir\/1o-asir\/gestion-de-bases-de-datos\/","title":{"rendered":"Gesti\u00f3n de Bases de Datos"},"content":{"rendered":"<h1><strong>Contenidos b\u00e1sicos<\/strong><\/h1>\n<h2><em>1er Bloque<\/em><\/h2>\n<p>&nbsp;<\/p>\n<p>1\u2013 Sistema l\u00f3gico de almacenamiento<\/p>\n<p>1.1. Concepto<\/p>\n<p>1.2. Caracter\u00edsticas<\/p>\n<p>1.3. Clasificaci\u00f3n<\/p>\n<p>2 \u2013 Ficheros tradicionales<\/p>\n<p>2.1. Concepto<\/p>\n<p>2.2. Tipos<\/p>\n<p>2.3. Inconvenientes<\/p>\n<p>3\u2013 Bases de datos<\/p>\n<p>3.1. Conceptos<\/p>\n<p>3.2. Usos y tipos seg\u00fan el modelo de datos y la ubicaci\u00f3n de la informaci\u00f3n<\/p>\n<p>4\u2013 Sistemas Gestores de Base de Datos<\/p>\n<p>4.1. Concepto<\/p>\n<p>4.2. Funciones<\/p>\n<p>4.3. Tipos<\/p>\n<p>4.4. Ventajas de los SGBD frente a los sistemas de ficheros<\/p>\n<p>5- Modelos de Datos<\/p>\n<p>5.1. Concepto y tipos.<\/p>\n<p>5.2. El proceso de dise\u00f1o de una base de datos<\/p>\n<p>6- Dise\u00f1o de Bases de Datos<\/p>\n<p>6.1. T\u00e9cnicas de representaci\u00f3n del dise\u00f1o conceptual y l\u00f3gico<\/p>\n<p>6.2. Dependencia funcional<\/p>\n<p>6.3. Formas normales y t\u00e9cnicas de normalizaci\u00f3n<\/p>\n<p>6.4. Modelo entidad-relaci\u00f3n<\/p>\n<p>6.5. Aplicaciones pr\u00e1cticas sobre un sistema real en una base de datos relacional<\/p>\n<p>&nbsp;<\/p>\n<h2><em>2\u00ba Bloque<\/em><\/h2>\n<p>&nbsp;<\/p>\n<p>1- Creaci\u00f3n de BD con Access<\/p>\n<p>1.1. Creaci\u00f3n, modificaci\u00f3n y eliminaci\u00f3n de bases de datos<\/p>\n<p>1.2. Definici\u00f3n y creaci\u00f3n de tablas<\/p>\n<p>1.3. Definici\u00f3n de relaciones. Implementaci\u00f3n de restricciones<\/p>\n<p>1.4. Verificaci\u00f3n del dise\u00f1o, carga inicial y pruebas<\/p>\n<p>2- Consultas<\/p>\n<p>2.1. Consultas de selecci\u00f3n<\/p>\n<p>2.2. Consultas de par\u00e1metros<\/p>\n<p>2.3. Consultas de referencias cruzadas<\/p>\n<p>2.4. Consultas de acci\u00f3n<\/p>\n<p>3- Formularios<\/p>\n<p>3.1. Funciones de los formularios<\/p>\n<p>3.2. Dise\u00f1o de formularios<\/p>\n<p>3.3. Utilizaci\u00f3n de botones de comando<\/p>\n<p>4- Informes en Access<\/p>\n<p>4.1. Dise\u00f1o de informes. Herramientas<\/p>\n<p>4.2. Concepto de agrupamiento<\/p>\n<p>4.3. Subinformes<\/p>\n<p>5- Macros<\/p>\n<p>5.1. Concepto de Macro<\/p>\n<p>5.2. Dise\u00f1o de Macros<\/p>\n<p>5.3. Conversi\u00f3n de macros a Access \u2013basic<\/p>\n<p>5.4. Asociar macros a botones de comando<\/p>\n<p>6- Programaci\u00f3n en Access<\/p>\n<p>6.1. M\u00f3dulos<\/p>\n<p>6.2. Programaci\u00f3n de eventos con Access Basic<\/p>\n<p>7- Lenguaje SQL.<\/p>\n<p>7.1. Conceptos b\u00e1sicos: esquemas, claves, lenguajes de consulta, \u00e1lgebra y c\u00e1lculo relacional<\/p>\n<p>7.2. Caracter\u00edsticas y ventajas de SQL<\/p>\n<p>7.3. Partes del lenguaje SQL<\/p>\n<p>8- Instrucciones DDL<\/p>\n<p>9- Instrucciones DML<\/p>\n<p>10- Seguridad de la informaci\u00f3n<\/p>\n<p>10.1. Conceptos fundamentales para bases de datos.<\/p>\n<p>10.2. Copias de seguridad, realizaci\u00f3n y restauraci\u00f3n. Sentencias, herramientas gr\u00e1ficas y utilidades proporcionadas por los<\/p>\n<p>sistemas gestores para su realizaci\u00f3n.<\/p>\n<p>10.3. Interpretaci\u00f3n de la informaci\u00f3n suministrada por los mensajes de error y los ficheros de registro, recuperaci\u00f3n de<\/p>\n<p>fallos.<\/p>\n<p>11- Importaci\u00f3n y exportaci\u00f3n de datos<\/p>\n<p>11.1. Concepto<\/p>\n<p>11.2. Sentencias<\/p>\n<p>11.3. Herramientas gr\u00e1ficas y utilidades proporcionadas por los sistemas gestores para su realizaci\u00f3n<\/p>\n","protected":false},"excerpt":{"rendered":"<p>Contenidos b\u00e1sicos 1er Bloque &nbsp; 1\u2013 Sistema l\u00f3gico de almacenamiento 1.1. Concepto 1.2. Caracter\u00edsticas 1.3. Clasificaci\u00f3n 2 \u2013 Ficheros tradicionales 2.1. Concepto 2.2. Tipos 2.3. Inconvenientes 3\u2013 Bases de datos 3.1. Conceptos 3.2. Usos&#46;&#46;&#46;<\/p>\n","protected":false},"author":3732,"featured_media":0,"parent":117,"menu_order":0,"comment_status":"closed","ping_status":"closed","template":"","meta":{"ngg_post_thumbnail":0,"footnotes":""},"aioseo_notices":[],"_links":{"self":[{"href":"https:\/\/blogsaverroes.juntadeandalucia.es\/informaticalucussolis\/wp-json\/wp\/v2\/pages\/120"}],"collection":[{"href":"https:\/\/blogsaverroes.juntadeandalucia.es\/informaticalucussolis\/wp-json\/wp\/v2\/pages"}],"about":[{"href":"https:\/\/blogsaverroes.juntadeandalucia.es\/informaticalucussolis\/wp-json\/wp\/v2\/types\/page"}],"author":[{"embeddable":true,"href":"https:\/\/blogsaverroes.juntadeandalucia.es\/informaticalucussolis\/wp-json\/wp\/v2\/users\/3732"}],"replies":[{"embeddable":true,"href":"https:\/\/blogsaverroes.juntadeandalucia.es\/informaticalucussolis\/wp-json\/wp\/v2\/comments?post=120"}],"version-history":[{"count":2,"href":"https:\/\/blogsaverroes.juntadeandalucia.es\/informaticalucussolis\/wp-json\/wp\/v2\/pages\/120\/revisions"}],"predecessor-version":[{"id":252,"href":"https:\/\/blogsaverroes.juntadeandalucia.es\/informaticalucussolis\/wp-json\/wp\/v2\/pages\/120\/revisions\/252"}],"up":[{"embeddable":true,"href":"https:\/\/blogsaverroes.juntadeandalucia.es\/informaticalucussolis\/wp-json\/wp\/v2\/pages\/117"}],"wp:attachment":[{"href":"https:\/\/blogsaverroes.juntadeandalucia.es\/informaticalucussolis\/wp-json\/wp\/v2\/media?parent=120"}],"curies":[{"name":"wp","href":"https:\/\/api.w.org\/{rel}","templated":true}]}}