{"id":1748,"date":"2024-05-17T09:59:07","date_gmt":"2024-05-17T09:59:07","guid":{"rendered":"https:\/\/blogsaverroes.juntadeandalucia.es\/informaticalucussolis\/?page_id=1748"},"modified":"2024-05-17T10:30:52","modified_gmt":"2024-05-17T10:30:52","slug":"normativa","status":"publish","type":"page","link":"https:\/\/blogsaverroes.juntadeandalucia.es\/informaticalucussolis\/normativa-2\/normativa\/","title":{"rendered":"Normativa ESO y BACHILLERATO"},"content":{"rendered":"<h1>ESO<\/h1>\n<p>-Estatal:<\/p>\n<p><i>&#8211;<\/i><a href=\"https:\/\/www.boe.es\/buscar\/pdf\/2020\/BOE-A-2020-17264-consolidado.pdf\"><i>Ley Org\u00e1nica 3\/2020, de 29 de diciembre, por la que se modifica la Ley Org\u00e1nica 2\/2006, de 3 de mayo, de Educaci\u00f3n<\/i><\/a><i>.&nbsp;<\/i><\/p>\n<p><i>&#8211;<\/i><a href=\"https:\/\/www.boe.es\/boe\/dias\/2022\/03\/30\/pdfs\/BOE-A-2022-4975.pdf\"><i>Real Decreto 217\/2022, de 29 de marzo, por el que se establece la ordenaci\u00f3n y las ense\u00f1anzas m\u00ednimas de la Educaci\u00f3n Secundaria Obligatoria<\/i><\/a><i>.&nbsp;<\/i><\/p>\n<p><i>&#8211;<\/i><a href=\"https:\/\/www.boe.es\/boe\/dias\/2021\/11\/17\/pdfs\/BOE-A-2021-18812.pdf\"><i>Real Decreto 984\/2021, de 16 de noviembre, por el que se regulan la evaluaci\u00f3n y la promoci\u00f3n en la Educaci\u00f3n Primaria, as\u00ed\u0301 como la evaluaci\u00f3n, la promoci\u00f3n y la titulaci\u00f3n en la Educaci\u00f3n Secundaria Obligatoria, el Bachillerato y la Formaci\u00f3n Profesional.<\/i><\/a><\/p>\n<p><i>&nbsp;<\/i><\/p>\n<p>-Andaluza:<\/p>\n<p><i>&#8211;<\/i><a href=\"https:\/\/drive.google.com\/file\/d\/193Ly3-KTGCQub2gEIGdIHnoewAJxnaVZ\/view?usp=share_link\"><i>Decreto 327\/2010, de 13 de julio, por el que se aprueba el Reglamento Org\u00e1nico de los Institutos de Educaci\u00f3n Secundaria<\/i><\/a>.&nbsp;<\/p>\n<p><i>&#8211;<\/i><a href=\"https:\/\/drive.google.com\/file\/d\/1-aeShXgJFNCak4ZuQ1WXRTOCJgydzS3y\/view?usp=share_link\"><i>Decreto 102\/2023, de 9 de mayo, por el que se establece la ordenaci\u00f3n y el curr\u00edculo de la etapa de Educaci\u00f3n Secundaria Obligatoria en la Comunidad<\/i><\/a> <a href=\"https:\/\/drive.google.com\/file\/d\/1-aeShXgJFNCak4ZuQ1WXRTOCJgydzS3y\/view?usp=share_link\"><i>Aut\u00f3noma de Andaluc\u00eda<\/i><\/a>.<\/p>\n<p>&#8211;<a href=\"https:\/\/drive.google.com\/file\/d\/1IxLLy9BQB3x19M43MzB7cw6A1UXu6VOU\/view?usp=share_link\"><i>Orden de 30 de mayo de 2023, por la que se desarrolla el curr\u00edculo correspondiente a la etapa de Educaci\u00f3n Secundaria Obligatoria en la Comunidad Aut\u00f3noma de Andaluc\u00eda, se regulan determinados aspectos de la atenci\u00f3n a la diversidad y a las diferencias individuales, se establece la ordenaci\u00f3n de la evaluaci\u00f3n del proceso de aprendizaje del alumnado y se determina el proceso de tr\u00e1nsito entre las diferentes etapas educativas.<\/i><\/a><\/p>\n<h1>BACHILLERATO<\/h1>\n<p>-Estatal:<\/p>\n<p><i>&#8211;<\/i><a href=\"https:\/\/www.boe.es\/buscar\/pdf\/2020\/BOE-A-2020-17264-consolidado.pdf\"><i>Ley Org\u00e1nica 3\/2020, de 29 de diciembre, por la que se modifica la Ley Org\u00e1nica 2\/2006, de 3 de mayo, de Educaci\u00f3n<\/i><\/a><i>.&nbsp;<\/i><\/p>\n<p><i>&#8211;<\/i><a href=\"https:\/\/www.boe.es\/buscar\/pdf\/2022\/BOE-A-2022-5521-consolidado.pdf\"><i>Real Decreto 243\/2022, de 5 de abril, por el que se establecen la ordenaci\u00f3n y las ense\u00f1anzas m\u00ednimas del Bachillerato<\/i><\/a><i>.<\/i><\/p>\n<p><i>&#8211;<\/i><a href=\"https:\/\/www.boe.es\/boe\/dias\/2021\/11\/17\/pdfs\/BOE-A-2021-18812.pdf\"><i>Real Decreto 984\/2021, de 16 de noviembre, por el que se regulan la evaluaci\u00f3n y la promoci\u00f3n en la Educaci\u00f3n Primaria, as\u00ed\u0301 como la evaluaci\u00f3n, la promoci\u00f3n y la titulaci\u00f3n en la Educaci\u00f3n Secundaria Obligatoria, el Bachillerato y la Formaci\u00f3n Profesional.<\/i><\/a><\/p>\n<p><i>&nbsp;<\/i><\/p>\n<p>-Andaluza:<\/p>\n<p><i>&#8211;<\/i><a href=\"https:\/\/drive.google.com\/file\/d\/193Ly3-KTGCQub2gEIGdIHnoewAJxnaVZ\/view?usp=share_link\"><i>Decreto 327\/2010, de 13 de julio, por el que se aprueba el Reglamento Org\u00e1nico de los Institutos de Educaci\u00f3n Secundaria<\/i><\/a>.&nbsp;<\/p>\n<p><i>&#8211;<\/i><a href=\"https:\/\/drive.google.com\/file\/d\/1MSHvg8APfhf4Di_JGj2Krih-8L632okW\/view?usp=share_link\"><i>Decreto 103\/2023, de 9 de mayo, por el que se establece la ordenaci\u00f3n y el curr\u00edculo de la etapa de Bachillerato en la Comunidad Aut\u00f3noma de Andaluc\u00eda<\/i><\/a><i>.<\/i><\/p>\n<p><i>&#8211;<\/i><a href=\"https:\/\/drive.google.com\/file\/d\/1xvjZJVZR-OryPnpqROHVsGTzQbeVopo0\/view?usp=share_link\"><i>Orden de 30 de mayo de 2023, por la que se desarrolla el curr\u00edculo correspondiente a la etapa de Bachillerato en la Comunidad Aut\u00f3noma de Andaluc\u00eda, se regulan determinados aspectos de la atenci\u00f3n a la diversidad y a las diferencias individuales y se establece la ordenaci\u00f3n de la evaluaci\u00f3n del proceso de aprendizaje del alumnado<\/i><\/a><i>.<\/i><\/p>\n","protected":false},"excerpt":{"rendered":"<p>ESO -Estatal: &#8211;Ley Org\u00e1nica 3\/2020, de 29 de diciembre, por la que se modifica la Ley Org\u00e1nica 2\/2006, de 3 de mayo, de Educaci\u00f3n.&nbsp; &#8211;Real Decreto 217\/2022, de 29 de marzo, por el que&#46;&#46;&#46;<\/p>\n","protected":false},"author":3732,"featured_media":0,"parent":1757,"menu_order":0,"comment_status":"closed","ping_status":"closed","template":"","meta":{"ngg_post_thumbnail":0,"footnotes":""},"aioseo_notices":[],"_links":{"self":[{"href":"https:\/\/blogsaverroes.juntadeandalucia.es\/informaticalucussolis\/wp-json\/wp\/v2\/pages\/1748"}],"collection":[{"href":"https:\/\/blogsaverroes.juntadeandalucia.es\/informaticalucussolis\/wp-json\/wp\/v2\/pages"}],"about":[{"href":"https:\/\/blogsaverroes.juntadeandalucia.es\/informaticalucussolis\/wp-json\/wp\/v2\/types\/page"}],"author":[{"embeddable":true,"href":"https:\/\/blogsaverroes.juntadeandalucia.es\/informaticalucussolis\/wp-json\/wp\/v2\/users\/3732"}],"replies":[{"embeddable":true,"href":"https:\/\/blogsaverroes.juntadeandalucia.es\/informaticalucussolis\/wp-json\/wp\/v2\/comments?post=1748"}],"version-history":[{"count":2,"href":"https:\/\/blogsaverroes.juntadeandalucia.es\/informaticalucussolis\/wp-json\/wp\/v2\/pages\/1748\/revisions"}],"predecessor-version":[{"id":1754,"href":"https:\/\/blogsaverroes.juntadeandalucia.es\/informaticalucussolis\/wp-json\/wp\/v2\/pages\/1748\/revisions\/1754"}],"up":[{"embeddable":true,"href":"https:\/\/blogsaverroes.juntadeandalucia.es\/informaticalucussolis\/wp-json\/wp\/v2\/pages\/1757"}],"wp:attachment":[{"href":"https:\/\/blogsaverroes.juntadeandalucia.es\/informaticalucussolis\/wp-json\/wp\/v2\/media?parent=1748"}],"curies":[{"name":"wp","href":"https:\/\/api.w.org\/{rel}","templated":true}]}}

<h1>ESO</h1>
<p>-Estatal:</p>
<p><i>&#8211;</i><a href="https://www.boe.es/buscar/pdf/2020/BOE-A-2020-17264-consolidado.pdf"><i>Ley Orgánica 3/2020, de 29 de diciembre, por la que se modifica la Ley Orgánica 2/2006, de 3 de mayo, de Educación</i></a><i>.&nbsp;</i></p>
<p><i>&#8211;</i><a href="https://www.boe.es/boe/dias/2022/03/30/pdfs/BOE-A-2022-4975.pdf"><i>Real Decreto 217/2022, de 29 de marzo, por el que se establece la ordenación y las enseñanzas mínimas de la Educación Secundaria Obligatoria</i></a><i>.&nbsp;</i></p>
<p><i>&#8211;</i><a href="https://www.boe.es/boe/dias/2021/11/17/pdfs/BOE-A-2021-18812.pdf"><i>Real Decreto 984/2021, de 16 de noviembre, por el que se regulan la evaluación y la promoción en la Educación Primaria, así́ como la evaluación, la promoción y la titulación en la Educación Secundaria Obligatoria, el Bachillerato y la Formación Profesional.</i></a></p>
<p><i>&nbsp;</i></p>
<p>-Andaluza:</p>
<p><i>&#8211;</i><a href="https://drive.google.com/file/d/193Ly3-KTGCQub2gEIGdIHnoewAJxnaVZ/view?usp=share_link"><i>Decreto 327/2010, de 13 de julio, por el que se aprueba el Reglamento Orgánico de los Institutos de Educación Secundaria</i></a>.&nbsp;</p>
<p><i>&#8211;</i><a href="https://drive.google.com/file/d/1-aeShXgJFNCak4ZuQ1WXRTOCJgydzS3y/view?usp=share_link"><i>Decreto 102/2023, de 9 de mayo, por el que se establece la ordenación y el currículo de la etapa de Educación Secundaria Obligatoria en la Comunidad</i></a> <a href="https://drive.google.com/file/d/1-aeShXgJFNCak4ZuQ1WXRTOCJgydzS3y/view?usp=share_link"><i>Autónoma de Andalucía</i></a>.</p>
<p>&#8211;<a href="https://drive.google.com/file/d/1IxLLy9BQB3x19M43MzB7cw6A1UXu6VOU/view?usp=share_link"><i>Orden de 30 de mayo de 2023, por la que se desarrolla el currículo correspondiente a la etapa de Educación Secundaria Obligatoria en la Comunidad Autónoma de Andalucía, se regulan determinados aspectos de la atención a la diversidad y a las diferencias individuales, se establece la ordenación de la evaluación del proceso de aprendizaje del alumnado y se determina el proceso de tránsito entre las diferentes etapas educativas.</i></a></p>
<h1>BACHILLERATO</h1>
<p>-Estatal:</p>
<p><i>&#8211;</i><a href="https://www.boe.es/buscar/pdf/2020/BOE-A-2020-17264-consolidado.pdf"><i>Ley Orgánica 3/2020, de 29 de diciembre, por la que se modifica la Ley Orgánica 2/2006, de 3 de mayo, de Educación</i></a><i>.&nbsp;</i></p>
<p><i>&#8211;</i><a href="https://www.boe.es/buscar/pdf/2022/BOE-A-2022-5521-consolidado.pdf"><i>Real Decreto 243/2022, de 5 de abril, por el que se establecen la ordenación y las enseñanzas mínimas del Bachillerato</i></a><i>.</i></p>
<p><i>&#8211;</i><a href="https://www.boe.es/boe/dias/2021/11/17/pdfs/BOE-A-2021-18812.pdf"><i>Real Decreto 984/2021, de 16 de noviembre, por el que se regulan la evaluación y la promoción en la Educación Primaria, así́ como la evaluación, la promoción y la titulación en la Educación Secundaria Obligatoria, el Bachillerato y la Formación Profesional.</i></a></p>
<p><i>&nbsp;</i></p>
<p>-Andaluza:</p>
<p><i>&#8211;</i><a href="https://drive.google.com/file/d/193Ly3-KTGCQub2gEIGdIHnoewAJxnaVZ/view?usp=share_link"><i>Decreto 327/2010, de 13 de julio, por el que se aprueba el Reglamento Orgánico de los Institutos de Educación Secundaria</i></a>.&nbsp;</p>
<p><i>&#8211;</i><a href="https://drive.google.com/file/d/1MSHvg8APfhf4Di_JGj2Krih-8L632okW/view?usp=share_link"><i>Decreto 103/2023, de 9 de mayo, por el que se establece la ordenación y el currículo de la etapa de Bachillerato en la Comunidad Autónoma de Andalucía</i></a><i>.</i></p>
<p><i>&#8211;</i><a href="https://drive.google.com/file/d/1xvjZJVZR-OryPnpqROHVsGTzQbeVopo0/view?usp=share_link"><i>Orden de 30 de mayo de 2023, por la que se desarrolla el currículo correspondiente a la etapa de Bachillerato en la Comunidad Autónoma de Andalucía, se regulan determinados aspectos de la atención a la diversidad y a las diferencias individuales y se establece la ordenación de la evaluación del proceso de aprendizaje del alumnado</i></a><i>.</i></p>

<p>ESO -Estatal: &#8211;Ley Orgánica 3/2020, de 29 de diciembre, por la que se modifica la Ley Orgánica 2/2006, de 3 de mayo, de Educación.&nbsp; &#8211;Real Decreto 217/2022, de 29 de marzo, por el que&#46;&#46;&#46;</p>
