{"id":172,"date":"2015-03-17T07:55:49","date_gmt":"2015-03-17T07:55:49","guid":{"rendered":"http:\/\/blogsaverroes.juntadeandalucia.es\/pre\/ceip\/?page_id=172"},"modified":"2024-11-07T16:45:06","modified_gmt":"2024-11-07T16:45:06","slug":"fisica-y-quimica","status":"publish","type":"page","link":"https:\/\/blogsaverroes.juntadeandalucia.es\/institutodh\/fisica-y-quimica\/","title":{"rendered":"F\u00edsica y Qu\u00edmica"},"content":{"rendered":"<p><strong>F\u00edsica y Qu\u00edmica<\/strong><\/p>\n<p>La ense\u00f1anza de la F\u00edsica y la Qu\u00edmica juega un papel central en el desarrollo intelectual de los alumnos y las alumnas, y comparte con el resto de las disciplinas la responsabilidad de promover en ellos la adquisici\u00f3n de las competencias necesarias para que puedan integrarse en la sociedad de forma activa. Como disciplina cient\u00edfica, tiene el compromiso a\u00f1adido de dotar al alumno de herramientas espec\u00edficas que le permitan afrontar el futuro con garant\u00edas, participando en el desarrollo econ\u00f3mico y social al que est\u00e1 ligada la capacidad cient\u00edfica, tecnol\u00f3gica e innovadora de la propia sociedad. Para que estas expectativas se concreten, la ense\u00f1anza de esta materia debe incentivar un aprendizaje contextualizado que relacione los principios en vigor con la evoluci\u00f3n hist\u00f3rica del conocimiento cient\u00edfico; que establezca la relaci\u00f3n entre ciencia, tecnolog\u00eda y sociedad; que potencie la argumentaci\u00f3n verbal, la capacidad de establecer relaciones cuantitativas y espaciales, as\u00ed como la de resolver problemas con precisi\u00f3n y rigor.<\/p>\n<p><img loading=\"lazy\" decoding=\"async\" class=\"size-medium wp-image-2082 aligncenter\" src=\"http:\/\/blogsaverroes.juntadeandalucia.es\/temahuemanies\/files\/2015\/03\/fisica_quimica-300x212.jpg\" alt=\"fisica_quimica\" width=\"300\" height=\"212\" srcset=\"https:\/\/blogsaverroes.juntadeandalucia.es\/institutodh\/files\/2015\/03\/fisica_quimica-300x212.jpg 300w, https:\/\/blogsaverroes.juntadeandalucia.es\/institutodh\/files\/2015\/03\/fisica_quimica.jpg 640w\" sizes=\"(max-width: 300px) 100vw, 300px\" \/><\/p>\n<p><strong>Profesorado:<\/strong><\/p>\n<ul>\n<li>Roc\u00edo Miranda Miranda.<\/li>\n<li>Antonio Jos\u00e9 Oliva del Olmo.<\/li>\n<\/ul>\n<p><strong>Programaciones Did\u00e1cticas:<\/strong><\/p>\n<ul>\n<li><a href=\"https:\/\/drive.google.com\/drive\/folders\/197BYpW4-nwBQSPOUJ3XjOzdqegecY15M?usp=sharing\">Acceso a las programaciones did\u00e1ctica del departamento<\/a><\/li>\n<\/ul>\n","protected":false},"excerpt":{"rendered":"<p>F\u00edsica y Qu\u00edmica La ense\u00f1anza de la F\u00edsica y la Qu\u00edmica juega un papel central en el desarrollo intelectual de los alumnos y las alumnas, y comparte con el resto&#46;&#46;&#46;<\/p>\n","protected":false},"author":1,"featured_media":0,"parent":0,"menu_order":0,"comment_status":"open","ping_status":"open","template":"","meta":{"ngg_post_thumbnail":0,"footnotes":"","_mc_calendar":[]},"aioseo_notices":[],"_links":{"self":[{"href":"https:\/\/blogsaverroes.juntadeandalucia.es\/institutodh\/wp-json\/wp\/v2\/pages\/172"}],"collection":[{"href":"https:\/\/blogsaverroes.juntadeandalucia.es\/institutodh\/wp-json\/wp\/v2\/pages"}],"about":[{"href":"https:\/\/blogsaverroes.juntadeandalucia.es\/institutodh\/wp-json\/wp\/v2\/types\/page"}],"author":[{"embeddable":true,"href":"https:\/\/blogsaverroes.juntadeandalucia.es\/institutodh\/wp-json\/wp\/v2\/users\/1"}],"replies":[{"embeddable":true,"href":"https:\/\/blogsaverroes.juntadeandalucia.es\/institutodh\/wp-json\/wp\/v2\/comments?post=172"}],"version-history":[{"count":9,"href":"https:\/\/blogsaverroes.juntadeandalucia.es\/institutodh\/wp-json\/wp\/v2\/pages\/172\/revisions"}],"predecessor-version":[{"id":3091,"href":"https:\/\/blogsaverroes.juntadeandalucia.es\/institutodh\/wp-json\/wp\/v2\/pages\/172\/revisions\/3091"}],"wp:attachment":[{"href":"https:\/\/blogsaverroes.juntadeandalucia.es\/institutodh\/wp-json\/wp\/v2\/media?parent=172"}],"curies":[{"name":"wp","href":"https:\/\/api.w.org\/{rel}","templated":true}]}}

Física y Química

<p><strong>Física y Química</strong></p>
<p>La enseñanza de la Física y la Química juega un papel central en el desarrollo intelectual de los alumnos y las alumnas, y comparte con el resto de las disciplinas la responsabilidad de promover en ellos la adquisición de las competencias necesarias para que puedan integrarse en la sociedad de forma activa. Como disciplina científica, tiene el compromiso añadido de dotar al alumno de herramientas específicas que le permitan afrontar el futuro con garantías, participando en el desarrollo económico y social al que está ligada la capacidad científica, tecnológica e innovadora de la propia sociedad. Para que estas expectativas se concreten, la enseñanza de esta materia debe incentivar un aprendizaje contextualizado que relacione los principios en vigor con la evolución histórica del conocimiento científico; que establezca la relación entre ciencia, tecnología y sociedad; que potencie la argumentación verbal, la capacidad de establecer relaciones cuantitativas y espaciales, así como la de resolver problemas con precisión y rigor.</p>
<p><img loading="lazy" decoding="async" class="size-medium wp-image-2082 aligncenter" src="http://blogsaverroes.juntadeandalucia.es/temahuemanies/files/2015/03/fisica_quimica-300x212.jpg" alt="fisica_quimica" width="300" height="212" srcset="https://blogsaverroes.juntadeandalucia.es/institutodh/files/2015/03/fisica_quimica-300x212.jpg 300w, https://blogsaverroes.juntadeandalucia.es/institutodh/files/2015/03/fisica_quimica.jpg 640w" sizes="(max-width: 300px) 100vw, 300px" /></p>
<p><strong>Profesorado:</strong></p>
<ul>
<li>Rocío Miranda Miranda.</li>
<li>Antonio José Oliva del Olmo.</li>
</ul>
<p><strong>Programaciones Didácticas:</strong></p>
<ul>
<li><a href="https://drive.google.com/drive/folders/197BYpW4-nwBQSPOUJ3XjOzdqegecY15M?usp=sharing">Acceso a las programaciones didáctica del departamento</a></li>
</ul>

<p>Física y Química La enseñanza de la Física y la Química juega un papel central en el desarrollo intelectual de los alumnos y las alumnas, y comparte con el resto&#46;&#46;&#46;</p>
