{"id":2570,"date":"2022-01-26T08:53:40","date_gmt":"2022-01-26T08:53:40","guid":{"rendered":"https:\/\/blogsaverroes.juntadeandalucia.es\/institutodh\/?page_id=2570"},"modified":"2022-03-10T18:57:48","modified_gmt":"2022-03-10T18:57:48","slug":"reactiva-fp","status":"publish","type":"page","link":"https:\/\/blogsaverroes.juntadeandalucia.es\/institutodh\/reactiva-fp\/","title":{"rendered":"Reactiva FP"},"content":{"rendered":"<p><strong>Finalizando las actividades y pr\u00e1cticas en nuestro Simulador Cl\u00faster Proxmox<\/strong><\/p>\n<p>Nuestro alumnado de SMR y, colateralmente el alumnado de ASIR ha podido disfrutar, en estos \u00faltimos dos meses correspondientes al primer trimestre del curso 2021-2022, de un cl\u00faster de servidores Proxmox para la realizaci\u00f3n de m\u00faltiples pr\u00e1cticas y actividades de los distintos m\u00f3dulos did\u00e1cticos.<\/p>\n<p>Esta infraestructura ha permitido tanto al profesorado como al alumnado adentrarse en nuevas metodolog\u00edas que han hecho m\u00e1s atractivo y efectivo el proceso de ense\u00f1anza-aprendizaje.<\/p>\n<p>Todo ha sido posible gracias al proyecto presentado por nuestro centro enmarcado dentro del programa REACTIVA FP, financiado por el Ministerio de Educaci\u00f3n y Formaci\u00f3n Profesional e impulsado por la Consejer\u00eda de Educaci\u00f3n y Deporte de la Junta de Andaluc\u00eda.<\/p>\n<p style=\"text-align: center\"><a href=\"https:\/\/blogsaverroes.juntadeandalucia.es\/institutodh\/files\/2022\/01\/reactiva_fp-1.png\"><img loading=\"lazy\" decoding=\"async\" class=\"alignnone size-medium wp-image-2575\" src=\"https:\/\/blogsaverroes.juntadeandalucia.es\/institutodh\/files\/2022\/01\/reactiva_fp-1-300x244.png\" alt=\"Reactiva FP\" width=\"300\" height=\"244\" srcset=\"https:\/\/blogsaverroes.juntadeandalucia.es\/institutodh\/files\/2022\/01\/reactiva_fp-1-300x244.png 300w, https:\/\/blogsaverroes.juntadeandalucia.es\/institutodh\/files\/2022\/01\/reactiva_fp-1.png 400w\" sizes=\"(max-width: 300px) 100vw, 300px\" \/><\/a><\/p>\n","protected":false},"excerpt":{"rendered":"<p>Finalizando las actividades y pr\u00e1cticas en nuestro Simulador Cl\u00faster Proxmox Nuestro alumnado de SMR y, colateralmente el alumnado de ASIR ha podido disfrutar, en estos \u00faltimos dos meses correspondientes al&#46;&#46;&#46;<\/p>\n","protected":false},"author":9710,"featured_media":0,"parent":0,"menu_order":0,"comment_status":"closed","ping_status":"closed","template":"","meta":{"ngg_post_thumbnail":0,"footnotes":"","_mc_calendar":[]},"aioseo_notices":[],"_links":{"self":[{"href":"https:\/\/blogsaverroes.juntadeandalucia.es\/institutodh\/wp-json\/wp\/v2\/pages\/2570"}],"collection":[{"href":"https:\/\/blogsaverroes.juntadeandalucia.es\/institutodh\/wp-json\/wp\/v2\/pages"}],"about":[{"href":"https:\/\/blogsaverroes.juntadeandalucia.es\/institutodh\/wp-json\/wp\/v2\/types\/page"}],"author":[{"embeddable":true,"href":"https:\/\/blogsaverroes.juntadeandalucia.es\/institutodh\/wp-json\/wp\/v2\/users\/9710"}],"replies":[{"embeddable":true,"href":"https:\/\/blogsaverroes.juntadeandalucia.es\/institutodh\/wp-json\/wp\/v2\/comments?post=2570"}],"version-history":[{"count":3,"href":"https:\/\/blogsaverroes.juntadeandalucia.es\/institutodh\/wp-json\/wp\/v2\/pages\/2570\/revisions"}],"predecessor-version":[{"id":2576,"href":"https:\/\/blogsaverroes.juntadeandalucia.es\/institutodh\/wp-json\/wp\/v2\/pages\/2570\/revisions\/2576"}],"wp:attachment":[{"href":"https:\/\/blogsaverroes.juntadeandalucia.es\/institutodh\/wp-json\/wp\/v2\/media?parent=2570"}],"curies":[{"name":"wp","href":"https:\/\/api.w.org\/{rel}","templated":true}]}}