{"id":2588,"date":"2022-01-26T09:35:50","date_gmt":"2022-01-26T09:35:50","guid":{"rendered":"https:\/\/blogsaverroes.juntadeandalucia.es\/institutodh\/?page_id=2588"},"modified":"2024-04-17T16:32:01","modified_gmt":"2024-04-17T16:32:01","slug":"datos-generales","status":"publish","type":"page","link":"https:\/\/blogsaverroes.juntadeandalucia.es\/institutodh\/datos-generales\/","title":{"rendered":"Datos generales"},"content":{"rendered":"<p>Os damos la bienvenida a la p\u00e1gina web del IES de Delgado Hern\u00e1ndez de Bollullos Par del Condado que esperamos que sea de inter\u00e9s y de utilidad para toda la comunidad educativa del Instituto.<\/p>\n<p>Queremos que esta p\u00e1gina sea un portal de intercambio de informaci\u00f3n y un instrumento de comunicaci\u00f3n, de ideas, de proyectos, de iniciativas y de todo lo que mejore la labor educativa del centro.<\/p>\n<p><iframe loading=\"lazy\" title=\"VIDEO DE PROMOCI\u00d3N\" width=\"500\" height=\"281\" src=\"https:\/\/www.youtube.com\/embed\/vpLu8VIenWg?feature=oembed&#038;wmode=opaque\" frameborder=\"0\" allow=\"accelerometer; autoplay; clipboard-write; encrypted-media; gyroscope; picture-in-picture; web-share\" referrerpolicy=\"strict-origin-when-cross-origin\" allowfullscreen><\/iframe><\/p>\n<p>&nbsp;<\/p>\n<p><strong>Entorno: <\/strong>Bollullos Par del Condado, se encuentra situado en el centro de la comarca Condado-Campi\u00f1a y posee una poblaci\u00f3n cercana a los 14.500 habitantes. Al menos la mitad de los 50 kms2. de extensi\u00f3n que tiene el pueblo est\u00e1n ocupados por vi\u00f1edos, lo que indica claramente la importancia que para este municipio tiene este cultivo, algo que adem\u00e1s es una constante desde muy antiguo. En la <a href=\"https:\/\/www.bollullospardelcondado.es\/\">p\u00e1gina web del ayuntamiento<\/a> hay m\u00e1s informaci\u00f3n sobre los diversos aspectos que pueden ser de utilidad.<\/p>\n<p><a href=\"https:\/\/blogsaverroes.juntadeandalucia.es\/institutodh\/files\/2022\/03\/bollullos-pueblo-1068x529-1.jpg\"><img loading=\"lazy\" decoding=\"async\" class=\"wp-image-2616 size-large aligncenter\" src=\"https:\/\/blogsaverroes.juntadeandalucia.es\/institutodh\/files\/2022\/03\/bollullos-pueblo-1068x529-1-1024x507.jpg\" alt=\"\" width=\"1024\" height=\"507\" srcset=\"https:\/\/blogsaverroes.juntadeandalucia.es\/institutodh\/files\/2022\/03\/bollullos-pueblo-1068x529-1-1024x507.jpg 1024w, https:\/\/blogsaverroes.juntadeandalucia.es\/institutodh\/files\/2022\/03\/bollullos-pueblo-1068x529-1-300x149.jpg 300w, https:\/\/blogsaverroes.juntadeandalucia.es\/institutodh\/files\/2022\/03\/bollullos-pueblo-1068x529-1-768x380.jpg 768w, https:\/\/blogsaverroes.juntadeandalucia.es\/institutodh\/files\/2022\/03\/bollullos-pueblo-1068x529-1.jpg 1068w\" sizes=\"(max-width: 1024px) 100vw, 1024px\" \/><\/a><\/p>\n<h3>Horario General del Centro<\/h3>\n<p><em>(Orden de 20 de agosto de 2010. Art. 11.)<\/em><\/p>\n<p><strong>Horario Lectivo (clases):<\/strong> De lunes a viernes, 08:30 a 21:30 h<\/p>\n<p><strong>Comedor:<\/strong> No disponible este servicio actualmente.<\/p>\n<p><strong>Atenci\u00f3n a padres<\/strong>: Martes, 16:00 a 17:00 h.<\/p>\n<p><strong>Atenci\u00f3n a alumnos:<\/strong> Martes,&nbsp;17:00 a 18:00 h.<\/p>\n<p><strong>Reuniones de coordinaci\u00f3n:<\/strong> Martes, 18:00 a 19:00 h.<\/p>\n<p><strong>Otras actividades (*):<\/strong> Lunes a jueves, 16:00 a 19:00 h.<\/p>\n<p><em>(*) Otras Actividades: El centro permanecer\u00e1 abierto, as\u00ed como sus instalaciones, y a disposici\u00f3n de quien lo solicite, siempre que se llegue a acuerdos con las asociaciones\/instituciones interesadas, que en ning\u00fan caso ser\u00e1n v\u00e1lidos sin la firma del correspondiente documento.<\/em><\/p>\n","protected":false},"excerpt":{"rendered":"<p>Os damos la bienvenida a la p\u00e1gina web del IES de Delgado Hern\u00e1ndez de Bollullos Par del Condado que esperamos que sea de inter\u00e9s y de utilidad para toda la&#46;&#46;&#46;<\/p>\n","protected":false},"author":9710,"featured_media":0,"parent":0,"menu_order":0,"comment_status":"closed","ping_status":"closed","template":"","meta":{"ngg_post_thumbnail":0,"footnotes":"","_mc_calendar":[]},"aioseo_notices":[],"_links":{"self":[{"href":"https:\/\/blogsaverroes.juntadeandalucia.es\/institutodh\/wp-json\/wp\/v2\/pages\/2588"}],"collection":[{"href":"https:\/\/blogsaverroes.juntadeandalucia.es\/institutodh\/wp-json\/wp\/v2\/pages"}],"about":[{"href":"https:\/\/blogsaverroes.juntadeandalucia.es\/institutodh\/wp-json\/wp\/v2\/types\/page"}],"author":[{"embeddable":true,"href":"https:\/\/blogsaverroes.juntadeandalucia.es\/institutodh\/wp-json\/wp\/v2\/users\/9710"}],"replies":[{"embeddable":true,"href":"https:\/\/blogsaverroes.juntadeandalucia.es\/institutodh\/wp-json\/wp\/v2\/comments?post=2588"}],"version-history":[{"count":12,"href":"https:\/\/blogsaverroes.juntadeandalucia.es\/institutodh\/wp-json\/wp\/v2\/pages\/2588\/revisions"}],"predecessor-version":[{"id":3068,"href":"https:\/\/blogsaverroes.juntadeandalucia.es\/institutodh\/wp-json\/wp\/v2\/pages\/2588\/revisions\/3068"}],"wp:attachment":[{"href":"https:\/\/blogsaverroes.juntadeandalucia.es\/institutodh\/wp-json\/wp\/v2\/media?parent=2588"}],"curies":[{"name":"wp","href":"https:\/\/api.w.org\/{rel}","templated":true}]}}