{"id":2746,"date":"2022-03-16T13:49:14","date_gmt":"2022-03-16T13:49:14","guid":{"rendered":"https:\/\/blogsaverroes.juntadeandalucia.es\/institutodh\/?page_id=2746"},"modified":"2022-07-02T14:26:50","modified_gmt":"2022-07-02T14:26:50","slug":"licitaciones","status":"publish","type":"page","link":"https:\/\/blogsaverroes.juntadeandalucia.es\/institutodh\/licitaciones\/","title":{"rendered":"Licitaciones"},"content":{"rendered":"<p>Las licitaciones p\u00fablicas son una fase del procedimiento de contrataci\u00f3n del sector p\u00fablico para elegir a las empresas privadas a la hora de desarrollar un servicio determinado. La licitaci\u00f3n p\u00fablica es la fase de publicidad, donde la administraci\u00f3n p\u00fablica se encarga de publicitar el contrato que va a ofertar.<\/p>\n<p>En esta secci\u00f3n podr\u00e1 encontrar toda la informaci\u00f3n necesaria sobre licitaciones que la Consejer\u00eda de Educaci\u00f3n de la Junta de Andaluc\u00eda publique sobre servicios relacionados con nuestro centro.<\/p>\n<p><strong>SERVICIO DE CAFETER\u00cdA 2022 (hasta el 8 de abril de 2022, a las 14 horas)<\/strong><\/p>\n<ul>\n<li><a href=\"https:\/\/drive.google.com\/file\/d\/1nNdKSrrhzFoienGZoVzAJDPPqBgxx_Yp\/view?usp=sharing\">Documentaci\u00f3n resumen para los interesados<\/a>.<\/li>\n<li><a href=\"https:\/\/drive.google.com\/file\/d\/16HtOyUQoWlZHySm05aYE1SJ-RXPXkzGB\/view?usp=sharing\">Pliego de Prescripciones T\u00e9cnicas<\/a>.<\/li>\n<li><a href=\"https:\/\/drive.google.com\/file\/d\/1F3z0PkDGaMKSu-MC9jG_hXYub8A4V-pD\/view?usp=sharing\">Pliego de Prescripciones Administrativas<\/a>.<\/li>\n<\/ul>\n<p><span style=\"text-decoration: underline\"><strong>NOTA: Se informa que el proceso de licitaci\u00f3n de la cafeter\u00eda ha quedado desierto<\/strong><\/span><\/p>\n","protected":false},"excerpt":{"rendered":"<p>Las licitaciones p\u00fablicas son una fase del procedimiento de contrataci\u00f3n del sector p\u00fablico para elegir a las empresas privadas a la hora de desarrollar un servicio determinado. La licitaci\u00f3n p\u00fablica&#46;&#46;&#46;<\/p>\n","protected":false},"author":9710,"featured_media":0,"parent":0,"menu_order":0,"comment_status":"closed","ping_status":"closed","template":"","meta":{"ngg_post_thumbnail":0,"footnotes":"","_mc_calendar":[]},"aioseo_notices":[],"_links":{"self":[{"href":"https:\/\/blogsaverroes.juntadeandalucia.es\/institutodh\/wp-json\/wp\/v2\/pages\/2746"}],"collection":[{"href":"https:\/\/blogsaverroes.juntadeandalucia.es\/institutodh\/wp-json\/wp\/v2\/pages"}],"about":[{"href":"https:\/\/blogsaverroes.juntadeandalucia.es\/institutodh\/wp-json\/wp\/v2\/types\/page"}],"author":[{"embeddable":true,"href":"https:\/\/blogsaverroes.juntadeandalucia.es\/institutodh\/wp-json\/wp\/v2\/users\/9710"}],"replies":[{"embeddable":true,"href":"https:\/\/blogsaverroes.juntadeandalucia.es\/institutodh\/wp-json\/wp\/v2\/comments?post=2746"}],"version-history":[{"count":6,"href":"https:\/\/blogsaverroes.juntadeandalucia.es\/institutodh\/wp-json\/wp\/v2\/pages\/2746\/revisions"}],"predecessor-version":[{"id":2853,"href":"https:\/\/blogsaverroes.juntadeandalucia.es\/institutodh\/wp-json\/wp\/v2\/pages\/2746\/revisions\/2853"}],"wp:attachment":[{"href":"https:\/\/blogsaverroes.juntadeandalucia.es\/institutodh\/wp-json\/wp\/v2\/media?parent=2746"}],"curies":[{"name":"wp","href":"https:\/\/api.w.org\/{rel}","templated":true}]}}