{"id":2801,"date":"2022-04-19T12:40:56","date_gmt":"2022-04-19T12:40:56","guid":{"rendered":"https:\/\/blogsaverroes.juntadeandalucia.es\/institutodh\/?page_id=2801"},"modified":"2026-03-23T20:10:09","modified_gmt":"2026-03-23T20:10:09","slug":"servicios-socioculturales","status":"publish","type":"page","link":"https:\/\/blogsaverroes.juntadeandalucia.es\/institutodh\/servicios-socioculturales\/","title":{"rendered":"Servicios Socioculturales"},"content":{"rendered":"<p>En el marco del Cat\u00e1logo Nacional de Cualificaciones Profesionales la familia profesional de Servicios Socioculturales y a la Comunidad abarca un amplio conjunto de actividades agrupadas para su estudio en cuatro \u00e1reas:<\/p>\n<ul>\n<li>Actividades Culturales y Recreativas<\/li>\n<li>Atenci\u00f3n e integraci\u00f3n social<\/li>\n<li>Educaci\u00f3n y Formaci\u00f3n<\/li>\n<li>Servicios Personales<\/li>\n<\/ul>\n<p>El \u00e1rea de Actividades culturales y recreativas est\u00e1 dedicada a las actividades de dinamizaci\u00f3n comunitaria, animaci\u00f3n sociocultural, acciones culturales, actividades de ocio y tiempo libre, actividades en bibliotecas, archivos, museos, entre otras.<\/p>\n<p>El \u00e1rea de Atenci\u00f3n e integraci\u00f3n social comprende actividades relativas a la asistencia en establecimientos residenciales o servicios sociales sin alojamiento para personas mayores, personas con discapacidad o personas en situaci\u00f3n de dependencia, u otro tipo de colectivo en exclusi\u00f3n o vulnerabilidad social; y tambi\u00e9n a otras actividades como la teleasistencia, la inserci\u00f3n ocupacional, la mediaci\u00f3n intercultural, comunitaria o social, entre otras.<\/p>\n<p>El \u00e1rea de Educaci\u00f3n y formaci\u00f3n est\u00e1 dedicada a las actividades educativas infantiles y juveniles, formaci\u00f3n vial, acciones de docencia en la formaci\u00f3n para el empleo, promoci\u00f3n para la igualdad de oportunidades, entre otras.<\/p>\n<p>El \u00e1rea de Servicios personales abarca los servicios integrales a edificios y locales (limpieza), actividades asociativas, actividades en los hogares como empleadores de personal dom\u00e9stico y actividades relacionadas con las pompas f\u00fanebres.<\/p>\n<p><strong>Profesorado:<\/strong><\/p>\n<ul>\n<li>Beatriz Est\u00e9vez Garc\u00eda.<\/li>\n<li>Raquel Garc\u00eda Garc\u00eda.<\/li>\n<li>Estrella Medrano Bermejo.<\/li>\n<li>Clara M\u00aa Rodr\u00edguez Camacho.<\/li>\n<li>Alicia Trujillo Latorre.<\/li>\n<li>Patricia Gal\u00e1n Zamorano.<\/li>\n<li>Olga Pozo Haro.<\/li>\n<li>Enrique Beca Perteguer.<\/li>\n<li>Sonsoles Gonz\u00e1lez Gonz\u00e1lez.<\/li>\n<li>Mar\u00eda Coral Mart\u00edn Olmedo.<\/li>\n<\/ul>\n<p><strong>Programaciones did\u00e1cticas:<\/strong><\/p>\n<ul>\n<li><a href=\"https:\/\/drive.google.com\/drive\/folders\/1iFi65YcgrHQ-6dArYdZojvFCsSi_p4JW?usp=sharing\">Acceso a las programaciones did\u00e1cticas del departamento<\/a><\/li>\n<\/ul>\n","protected":false},"excerpt":{"rendered":"<p>En el marco del Cat\u00e1logo Nacional de Cualificaciones Profesionales la familia profesional de Servicios Socioculturales y a la Comunidad abarca un amplio conjunto de actividades agrupadas para su estudio en&#46;&#46;&#46;<\/p>\n","protected":false},"author":9710,"featured_media":0,"parent":0,"menu_order":0,"comment_status":"closed","ping_status":"closed","template":"","meta":{"ngg_post_thumbnail":0,"footnotes":"","_mc_calendar":[]},"aioseo_notices":[],"_links":{"self":[{"href":"https:\/\/blogsaverroes.juntadeandalucia.es\/institutodh\/wp-json\/wp\/v2\/pages\/2801"}],"collection":[{"href":"https:\/\/blogsaverroes.juntadeandalucia.es\/institutodh\/wp-json\/wp\/v2\/pages"}],"about":[{"href":"https:\/\/blogsaverroes.juntadeandalucia.es\/institutodh\/wp-json\/wp\/v2\/types\/page"}],"author":[{"embeddable":true,"href":"https:\/\/blogsaverroes.juntadeandalucia.es\/institutodh\/wp-json\/wp\/v2\/users\/9710"}],"replies":[{"embeddable":true,"href":"https:\/\/blogsaverroes.juntadeandalucia.es\/institutodh\/wp-json\/wp\/v2\/comments?post=2801"}],"version-history":[{"count":6,"href":"https:\/\/blogsaverroes.juntadeandalucia.es\/institutodh\/wp-json\/wp\/v2\/pages\/2801\/revisions"}],"predecessor-version":[{"id":3158,"href":"https:\/\/blogsaverroes.juntadeandalucia.es\/institutodh\/wp-json\/wp\/v2\/pages\/2801\/revisions\/3158"}],"wp:attachment":[{"href":"https:\/\/blogsaverroes.juntadeandalucia.es\/institutodh\/wp-json\/wp\/v2\/media?parent=2801"}],"curies":[{"name":"wp","href":"https:\/\/api.w.org\/{rel}","templated":true}]}}