{"id":2910,"date":"2023-04-28T11:10:13","date_gmt":"2023-04-28T11:10:13","guid":{"rendered":"https:\/\/blogsaverroes.juntadeandalucia.es\/institutodh\/?page_id=2910"},"modified":"2023-06-11T14:36:53","modified_gmt":"2023-06-11T14:36:53","slug":"proyecto-patrimonio-cultural-5","status":"publish","type":"page","link":"https:\/\/blogsaverroes.juntadeandalucia.es\/institutodh\/proyecto-patrimonio-cultural-5\/","title":{"rendered":"Patrimonio Hermandades de Penitencia"},"content":{"rendered":"<p>Con la informaci\u00f3n de este c\u00f3digo, ubicado en la fachada de la Capilla de Jes\u00fas, podr\u00e1 acceder a audiogu\u00edas sobre todas las hermandades de penitencia de la localidad: Hermandad de Nuestro Padre Jes\u00fas Nazareno, El Prendimiento, El Cautiv\u00f3, Hermandad de La Columna, la Vera-Cruz y el Santo Entierro.<\/p>\n<div dir=\"auto\"><strong>INTRODUCCI\u00d3N &#8211; ESPA\u00d1OL<\/strong><\/div>\n<!--[if lt IE 9]><script>document.createElement('audio');<\/script><![endif]-->\n<audio class=\"wp-audio-shortcode\" id=\"audio-2910-1\" preload=\"none\" style=\"width: 100%;\" controls=\"controls\"><source type=\"audio\/mpeg\" src=\"https:\/\/blogsaverroes.juntadeandalucia.es\/institutodh\/files\/2023\/06\/1-introduccio\u0301n-ESP.mp3?_=1\" \/><a href=\"https:\/\/blogsaverroes.juntadeandalucia.es\/institutodh\/files\/2023\/06\/1-introduccio\u0301n-ESP.mp3\">https:\/\/blogsaverroes.juntadeandalucia.es\/institutodh\/files\/2023\/06\/1-introduccio\u0301n-ESP.mp3<\/a><\/audio>\n<div dir=\"auto\">&nbsp;<\/div>\n<div dir=\"auto\"><strong>INTRODUCCI\u00d3N &#8211; INGL\u00c9S<\/strong><\/div>\n<audio class=\"wp-audio-shortcode\" id=\"audio-2910-2\" preload=\"none\" style=\"width: 100%;\" controls=\"controls\"><source type=\"audio\/mpeg\" src=\"https:\/\/blogsaverroes.juntadeandalucia.es\/institutodh\/files\/2023\/06\/1-introduccio\u0301n-ING.mp3?_=2\" \/><a href=\"https:\/\/blogsaverroes.juntadeandalucia.es\/institutodh\/files\/2023\/06\/1-introduccio\u0301n-ING.mp3\">https:\/\/blogsaverroes.juntadeandalucia.es\/institutodh\/files\/2023\/06\/1-introduccio\u0301n-ING.mp3<\/a><\/audio>\n<div dir=\"auto\">&nbsp;<\/div>\n<div dir=\"auto\"><strong>HERMANDAD DEL PRENDIMIENTO &#8211; ESPA\u00d1OL<\/strong><\/div>\n<audio class=\"wp-audio-shortcode\" id=\"audio-2910-3\" preload=\"none\" style=\"width: 100%;\" controls=\"controls\"><source type=\"audio\/mpeg\" src=\"https:\/\/blogsaverroes.juntadeandalucia.es\/institutodh\/files\/2023\/06\/2-prendimiento-ESP.mp3?_=3\" \/><a href=\"https:\/\/blogsaverroes.juntadeandalucia.es\/institutodh\/files\/2023\/06\/2-prendimiento-ESP.mp3\">https:\/\/blogsaverroes.juntadeandalucia.es\/institutodh\/files\/2023\/06\/2-prendimiento-ESP.mp3<\/a><\/audio>\n<div dir=\"auto\">&nbsp;<\/div>\n<div dir=\"auto\"><strong>HERMANDAD DEL PRENDIMIENTO &#8211; INGL\u00c9S<\/strong><\/div>\n<audio class=\"wp-audio-shortcode\" id=\"audio-2910-4\" preload=\"none\" style=\"width: 100%;\" controls=\"controls\"><source type=\"audio\/mpeg\" src=\"https:\/\/blogsaverroes.juntadeandalucia.es\/institutodh\/files\/2023\/06\/2-prendimiento-ING.mp3?_=4\" \/><a href=\"https:\/\/blogsaverroes.juntadeandalucia.es\/institutodh\/files\/2023\/06\/2-prendimiento-ING.mp3\">https:\/\/blogsaverroes.juntadeandalucia.es\/institutodh\/files\/2023\/06\/2-prendimiento-ING.mp3<\/a><\/audio>\n<div dir=\"auto\">&nbsp;<\/div>\n<div dir=\"auto\"><strong>HERMANDAD DEL CAUTIVO &#8211; ESPA\u00d1OL<\/strong><\/div>\n<audio class=\"wp-audio-shortcode\" id=\"audio-2910-5\" preload=\"none\" style=\"width: 100%;\" controls=\"controls\"><source type=\"audio\/mpeg\" src=\"https:\/\/blogsaverroes.juntadeandalucia.es\/institutodh\/files\/2023\/06\/3-cautivo-ESP.mp3?_=5\" \/><a href=\"https:\/\/blogsaverroes.juntadeandalucia.es\/institutodh\/files\/2023\/06\/3-cautivo-ESP.mp3\">https:\/\/blogsaverroes.juntadeandalucia.es\/institutodh\/files\/2023\/06\/3-cautivo-ESP.mp3<\/a><\/audio>\n<div dir=\"auto\">&nbsp;<\/div>\n<div dir=\"auto\"><strong>HERMANDAD DEL CAUTIVO &#8211; INGL\u00c9S<\/strong><\/div>\n<audio class=\"wp-audio-shortcode\" id=\"audio-2910-6\" preload=\"none\" style=\"width: 100%;\" controls=\"controls\"><source type=\"audio\/mpeg\" src=\"https:\/\/blogsaverroes.juntadeandalucia.es\/institutodh\/files\/2023\/06\/3-cautivo-ING.mp3?_=6\" \/><a href=\"https:\/\/blogsaverroes.juntadeandalucia.es\/institutodh\/files\/2023\/06\/3-cautivo-ING.mp3\">https:\/\/blogsaverroes.juntadeandalucia.es\/institutodh\/files\/2023\/06\/3-cautivo-ING.mp3<\/a><\/audio>\n<div dir=\"auto\">&nbsp;<\/div>\n<div dir=\"auto\"><strong>HERMANDAD DE LA COLUMNA &#8211; ESPA\u00d1OL<\/strong><\/div>\n<audio class=\"wp-audio-shortcode\" id=\"audio-2910-7\" preload=\"none\" style=\"width: 100%;\" controls=\"controls\"><source type=\"audio\/mpeg\" src=\"https:\/\/blogsaverroes.juntadeandalucia.es\/institutodh\/files\/2023\/06\/4-misericordia-ESP.mp3?_=7\" \/><a href=\"https:\/\/blogsaverroes.juntadeandalucia.es\/institutodh\/files\/2023\/06\/4-misericordia-ESP.mp3\">https:\/\/blogsaverroes.juntadeandalucia.es\/institutodh\/files\/2023\/06\/4-misericordia-ESP.mp3<\/a><\/audio>\n<div dir=\"auto\">&nbsp;<\/div>\n<div dir=\"auto\"><strong>HERMANDAD DE LA COLUMNA &#8211; INGL\u00c9S<\/strong><\/div>\n<audio class=\"wp-audio-shortcode\" id=\"audio-2910-8\" preload=\"none\" style=\"width: 100%;\" controls=\"controls\"><source type=\"audio\/mpeg\" src=\"https:\/\/blogsaverroes.juntadeandalucia.es\/institutodh\/files\/2023\/06\/4-misericordia-ING.mp3?_=8\" \/><a href=\"https:\/\/blogsaverroes.juntadeandalucia.es\/institutodh\/files\/2023\/06\/4-misericordia-ING.mp3\">https:\/\/blogsaverroes.juntadeandalucia.es\/institutodh\/files\/2023\/06\/4-misericordia-ING.mp3<\/a><\/audio>\n<div dir=\"auto\">&nbsp;<\/div>\n<div dir=\"auto\"><strong>HERMANDAD DE VERA CRUZ &#8211; ESPA\u00d1OL<\/strong><\/div>\n<audio class=\"wp-audio-shortcode\" id=\"audio-2910-9\" preload=\"none\" style=\"width: 100%;\" controls=\"controls\"><source type=\"audio\/mpeg\" src=\"https:\/\/blogsaverroes.juntadeandalucia.es\/institutodh\/files\/2023\/06\/5-vera-cruz-ESP.mp3?_=9\" \/><a href=\"https:\/\/blogsaverroes.juntadeandalucia.es\/institutodh\/files\/2023\/06\/5-vera-cruz-ESP.mp3\">https:\/\/blogsaverroes.juntadeandalucia.es\/institutodh\/files\/2023\/06\/5-vera-cruz-ESP.mp3<\/a><\/audio>\n<div dir=\"auto\">&nbsp;<\/div>\n<div dir=\"auto\"><strong>HERMANDAD DE VERA CRUZ &#8211; INGL\u00c9S<\/strong><\/div>\n<audio class=\"wp-audio-shortcode\" id=\"audio-2910-10\" preload=\"none\" style=\"width: 100%;\" controls=\"controls\"><source type=\"audio\/mpeg\" src=\"https:\/\/blogsaverroes.juntadeandalucia.es\/institutodh\/files\/2023\/06\/5-vera-cruz-ING.mp3?_=10\" \/><a href=\"https:\/\/blogsaverroes.juntadeandalucia.es\/institutodh\/files\/2023\/06\/5-vera-cruz-ING.mp3\">https:\/\/blogsaverroes.juntadeandalucia.es\/institutodh\/files\/2023\/06\/5-vera-cruz-ING.mp3<\/a><\/audio>\n<div dir=\"auto\">&nbsp;<\/div>\n<div dir=\"auto\"><strong>HERMANDAD DE NUESTRO PADRE JES\u00daS NAZARENO &#8211; ESPA\u00d1OL<\/strong><\/div>\n<audio class=\"wp-audio-shortcode\" id=\"audio-2910-11\" preload=\"none\" style=\"width: 100%;\" controls=\"controls\"><source type=\"audio\/mpeg\" src=\"https:\/\/blogsaverroes.juntadeandalucia.es\/institutodh\/files\/2023\/06\/6-la-madruga-ESP.mp3?_=11\" \/><a href=\"https:\/\/blogsaverroes.juntadeandalucia.es\/institutodh\/files\/2023\/06\/6-la-madruga-ESP.mp3\">https:\/\/blogsaverroes.juntadeandalucia.es\/institutodh\/files\/2023\/06\/6-la-madruga-ESP.mp3<\/a><\/audio>\n<div dir=\"auto\">&nbsp;<\/div>\n<div dir=\"auto\"><strong>HERMANDAD DE NUESTRO PADRE JES\u00daS NAZARENO &#8211; INGL\u00c9S<\/strong><\/div>\n<audio class=\"wp-audio-shortcode\" id=\"audio-2910-12\" preload=\"none\" style=\"width: 100%;\" controls=\"controls\"><source type=\"audio\/mpeg\" src=\"https:\/\/blogsaverroes.juntadeandalucia.es\/institutodh\/files\/2023\/06\/6-la-madruga-ING.mp3?_=12\" \/><a href=\"https:\/\/blogsaverroes.juntadeandalucia.es\/institutodh\/files\/2023\/06\/6-la-madruga-ING.mp3\">https:\/\/blogsaverroes.juntadeandalucia.es\/institutodh\/files\/2023\/06\/6-la-madruga-ING.mp3<\/a><\/audio>\n<div dir=\"auto\">&nbsp;<\/div>\n<div dir=\"auto\"><strong>HERMANDAD DEL SANTO ENTIERRO &#8211; ESPA\u00d1OL<\/strong><\/div>\n<audio class=\"wp-audio-shortcode\" id=\"audio-2910-13\" preload=\"none\" style=\"width: 100%;\" controls=\"controls\"><source type=\"audio\/mpeg\" src=\"https:\/\/blogsaverroes.juntadeandalucia.es\/institutodh\/files\/2023\/06\/8-santo-entierro-ESP.mp3?_=13\" \/><a href=\"https:\/\/blogsaverroes.juntadeandalucia.es\/institutodh\/files\/2023\/06\/8-santo-entierro-ESP.mp3\">https:\/\/blogsaverroes.juntadeandalucia.es\/institutodh\/files\/2023\/06\/8-santo-entierro-ESP.mp3<\/a><\/audio>\n<div dir=\"auto\">&nbsp;<\/div>\n<div dir=\"auto\"><strong>ENTREVISTA AL HERMANO MAYOR DE LA HERMANDAD DE NUESTRO PADRE JES\u00daS NAZARENO &#8211; ESPA\u00d1OL<\/strong><\/div>\n<audio class=\"wp-audio-shortcode\" id=\"audio-2910-14\" preload=\"none\" style=\"width: 100%;\" controls=\"controls\"><source type=\"audio\/mpeg\" src=\"https:\/\/blogsaverroes.juntadeandalucia.es\/institutodh\/files\/2023\/06\/7-hermano-mayor-la-madruga-ESP.mp3?_=14\" \/><a href=\"https:\/\/blogsaverroes.juntadeandalucia.es\/institutodh\/files\/2023\/06\/7-hermano-mayor-la-madruga-ESP.mp3\">https:\/\/blogsaverroes.juntadeandalucia.es\/institutodh\/files\/2023\/06\/7-hermano-mayor-la-madruga-ESP.mp3<\/a><\/audio>\n<div dir=\"auto\">&nbsp;<\/div>\n","protected":false},"excerpt":{"rendered":"<p>Con la informaci\u00f3n de este c\u00f3digo, ubicado en la fachada de la Capilla de Jes\u00fas, podr\u00e1 acceder a audiogu\u00edas sobre todas las hermandades de penitencia de la localidad: Hermandad de&#46;&#46;&#46;<\/p>\n","protected":false},"author":9710,"featured_media":0,"parent":0,"menu_order":0,"comment_status":"closed","ping_status":"closed","template":"","meta":{"ngg_post_thumbnail":0,"footnotes":"","_mc_calendar":[]},"aioseo_notices":[],"_links":{"self":[{"href":"https:\/\/blogsaverroes.juntadeandalucia.es\/institutodh\/wp-json\/wp\/v2\/pages\/2910"}],"collection":[{"href":"https:\/\/blogsaverroes.juntadeandalucia.es\/institutodh\/wp-json\/wp\/v2\/pages"}],"about":[{"href":"https:\/\/blogsaverroes.juntadeandalucia.es\/institutodh\/wp-json\/wp\/v2\/types\/page"}],"author":[{"embeddable":true,"href":"https:\/\/blogsaverroes.juntadeandalucia.es\/institutodh\/wp-json\/wp\/v2\/users\/9710"}],"replies":[{"embeddable":true,"href":"https:\/\/blogsaverroes.juntadeandalucia.es\/institutodh\/wp-json\/wp\/v2\/comments?post=2910"}],"version-history":[{"count":6,"href":"https:\/\/blogsaverroes.juntadeandalucia.es\/institutodh\/wp-json\/wp\/v2\/pages\/2910\/revisions"}],"predecessor-version":[{"id":3005,"href":"https:\/\/blogsaverroes.juntadeandalucia.es\/institutodh\/wp-json\/wp\/v2\/pages\/2910\/revisions\/3005"}],"wp:attachment":[{"href":"https:\/\/blogsaverroes.juntadeandalucia.es\/institutodh\/wp-json\/wp\/v2\/media?parent=2910"}],"curies":[{"name":"wp","href":"https:\/\/api.w.org\/{rel}","templated":true}]}}

<p>Con la información de este código, ubicado en la fachada de la Capilla de Jesús, podrá acceder a audioguías sobre todas las hermandades de penitencia de la localidad: Hermandad de Nuestro Padre Jesús Nazareno, El Prendimiento, El Cautivó, Hermandad de La Columna, la Vera-Cruz y el Santo Entierro.</p>
<div dir="auto"><strong>INTRODUCCIÓN &#8211; ESPAÑOL</strong></div>
<!--[if lt IE 9]><script>document.createElement('audio');</script><![endif]-->
<audio class="wp-audio-shortcode" id="audio-2910-1" preload="none" style="width: 100%;" controls="controls"><source type="audio/mpeg" src="https://blogsaverroes.juntadeandalucia.es/institutodh/files/2023/06/1-introducción-ESP.mp3?_=1" /><a href="https://blogsaverroes.juntadeandalucia.es/institutodh/files/2023/06/1-introducción-ESP.mp3">https://blogsaverroes.juntadeandalucia.es/institutodh/files/2023/06/1-introducción-ESP.mp3</a></audio>
<div dir="auto">&nbsp;</div>
<div dir="auto"><strong>INTRODUCCIÓN &#8211; INGLÉS</strong></div>
<audio class="wp-audio-shortcode" id="audio-2910-2" preload="none" style="width: 100%;" controls="controls"><source type="audio/mpeg" src="https://blogsaverroes.juntadeandalucia.es/institutodh/files/2023/06/1-introducción-ING.mp3?_=2" /><a href="https://blogsaverroes.juntadeandalucia.es/institutodh/files/2023/06/1-introducción-ING.mp3">https://blogsaverroes.juntadeandalucia.es/institutodh/files/2023/06/1-introducción-ING.mp3</a></audio>
<div dir="auto">&nbsp;</div>
<div dir="auto"><strong>HERMANDAD DEL PRENDIMIENTO &#8211; ESPAÑOL</strong></div>
<audio class="wp-audio-shortcode" id="audio-2910-3" preload="none" style="width: 100%;" controls="controls"><source type="audio/mpeg" src="https://blogsaverroes.juntadeandalucia.es/institutodh/files/2023/06/2-prendimiento-ESP.mp3?_=3" /><a href="https://blogsaverroes.juntadeandalucia.es/institutodh/files/2023/06/2-prendimiento-ESP.mp3">https://blogsaverroes.juntadeandalucia.es/institutodh/files/2023/06/2-prendimiento-ESP.mp3</a></audio>
<div dir="auto">&nbsp;</div>
<div dir="auto"><strong>HERMANDAD DEL PRENDIMIENTO &#8211; INGLÉS</strong></div>
<audio class="wp-audio-shortcode" id="audio-2910-4" preload="none" style="width: 100%;" controls="controls"><source type="audio/mpeg" src="https://blogsaverroes.juntadeandalucia.es/institutodh/files/2023/06/2-prendimiento-ING.mp3?_=4" /><a href="https://blogsaverroes.juntadeandalucia.es/institutodh/files/2023/06/2-prendimiento-ING.mp3">https://blogsaverroes.juntadeandalucia.es/institutodh/files/2023/06/2-prendimiento-ING.mp3</a></audio>
<div dir="auto">&nbsp;</div>
<div dir="auto"><strong>HERMANDAD DEL CAUTIVO &#8211; ESPAÑOL</strong></div>
<audio class="wp-audio-shortcode" id="audio-2910-5" preload="none" style="width: 100%;" controls="controls"><source type="audio/mpeg" src="https://blogsaverroes.juntadeandalucia.es/institutodh/files/2023/06/3-cautivo-ESP.mp3?_=5" /><a href="https://blogsaverroes.juntadeandalucia.es/institutodh/files/2023/06/3-cautivo-ESP.mp3">https://blogsaverroes.juntadeandalucia.es/institutodh/files/2023/06/3-cautivo-ESP.mp3</a></audio>
<div dir="auto">&nbsp;</div>
<div dir="auto"><strong>HERMANDAD DEL CAUTIVO &#8211; INGLÉS</strong></div>
<audio class="wp-audio-shortcode" id="audio-2910-6" preload="none" style="width: 100%;" controls="controls"><source type="audio/mpeg" src="https://blogsaverroes.juntadeandalucia.es/institutodh/files/2023/06/3-cautivo-ING.mp3?_=6" /><a href="https://blogsaverroes.juntadeandalucia.es/institutodh/files/2023/06/3-cautivo-ING.mp3">https://blogsaverroes.juntadeandalucia.es/institutodh/files/2023/06/3-cautivo-ING.mp3</a></audio>
<div dir="auto">&nbsp;</div>
<div dir="auto"><strong>HERMANDAD DE LA COLUMNA &#8211; ESPAÑOL</strong></div>
<audio class="wp-audio-shortcode" id="audio-2910-7" preload="none" style="width: 100%;" controls="controls"><source type="audio/mpeg" src="https://blogsaverroes.juntadeandalucia.es/institutodh/files/2023/06/4-misericordia-ESP.mp3?_=7" /><a href="https://blogsaverroes.juntadeandalucia.es/institutodh/files/2023/06/4-misericordia-ESP.mp3">https://blogsaverroes.juntadeandalucia.es/institutodh/files/2023/06/4-misericordia-ESP.mp3</a></audio>
<div dir="auto">&nbsp;</div>
<div dir="auto"><strong>HERMANDAD DE LA COLUMNA &#8211; INGLÉS</strong></div>
<audio class="wp-audio-shortcode" id="audio-2910-8" preload="none" style="width: 100%;" controls="controls"><source type="audio/mpeg" src="https://blogsaverroes.juntadeandalucia.es/institutodh/files/2023/06/4-misericordia-ING.mp3?_=8" /><a href="https://blogsaverroes.juntadeandalucia.es/institutodh/files/2023/06/4-misericordia-ING.mp3">https://blogsaverroes.juntadeandalucia.es/institutodh/files/2023/06/4-misericordia-ING.mp3</a></audio>
<div dir="auto">&nbsp;</div>
<div dir="auto"><strong>HERMANDAD DE VERA CRUZ &#8211; ESPAÑOL</strong></div>
<audio class="wp-audio-shortcode" id="audio-2910-9" preload="none" style="width: 100%;" controls="controls"><source type="audio/mpeg" src="https://blogsaverroes.juntadeandalucia.es/institutodh/files/2023/06/5-vera-cruz-ESP.mp3?_=9" /><a href="https://blogsaverroes.juntadeandalucia.es/institutodh/files/2023/06/5-vera-cruz-ESP.mp3">https://blogsaverroes.juntadeandalucia.es/institutodh/files/2023/06/5-vera-cruz-ESP.mp3</a></audio>
<div dir="auto">&nbsp;</div>
<div dir="auto"><strong>HERMANDAD DE VERA CRUZ &#8211; INGLÉS</strong></div>
<audio class="wp-audio-shortcode" id="audio-2910-10" preload="none" style="width: 100%;" controls="controls"><source type="audio/mpeg" src="https://blogsaverroes.juntadeandalucia.es/institutodh/files/2023/06/5-vera-cruz-ING.mp3?_=10" /><a href="https://blogsaverroes.juntadeandalucia.es/institutodh/files/2023/06/5-vera-cruz-ING.mp3">https://blogsaverroes.juntadeandalucia.es/institutodh/files/2023/06/5-vera-cruz-ING.mp3</a></audio>
<div dir="auto">&nbsp;</div>
<div dir="auto"><strong>HERMANDAD DE NUESTRO PADRE JESÚS NAZARENO &#8211; ESPAÑOL</strong></div>
<audio class="wp-audio-shortcode" id="audio-2910-11" preload="none" style="width: 100%;" controls="controls"><source type="audio/mpeg" src="https://blogsaverroes.juntadeandalucia.es/institutodh/files/2023/06/6-la-madruga-ESP.mp3?_=11" /><a href="https://blogsaverroes.juntadeandalucia.es/institutodh/files/2023/06/6-la-madruga-ESP.mp3">https://blogsaverroes.juntadeandalucia.es/institutodh/files/2023/06/6-la-madruga-ESP.mp3</a></audio>
<div dir="auto">&nbsp;</div>
<div dir="auto"><strong>HERMANDAD DE NUESTRO PADRE JESÚS NAZARENO &#8211; INGLÉS</strong></div>
<audio class="wp-audio-shortcode" id="audio-2910-12" preload="none" style="width: 100%;" controls="controls"><source type="audio/mpeg" src="https://blogsaverroes.juntadeandalucia.es/institutodh/files/2023/06/6-la-madruga-ING.mp3?_=12" /><a href="https://blogsaverroes.juntadeandalucia.es/institutodh/files/2023/06/6-la-madruga-ING.mp3">https://blogsaverroes.juntadeandalucia.es/institutodh/files/2023/06/6-la-madruga-ING.mp3</a></audio>
<div dir="auto">&nbsp;</div>
<div dir="auto"><strong>HERMANDAD DEL SANTO ENTIERRO &#8211; ESPAÑOL</strong></div>
<audio class="wp-audio-shortcode" id="audio-2910-13" preload="none" style="width: 100%;" controls="controls"><source type="audio/mpeg" src="https://blogsaverroes.juntadeandalucia.es/institutodh/files/2023/06/8-santo-entierro-ESP.mp3?_=13" /><a href="https://blogsaverroes.juntadeandalucia.es/institutodh/files/2023/06/8-santo-entierro-ESP.mp3">https://blogsaverroes.juntadeandalucia.es/institutodh/files/2023/06/8-santo-entierro-ESP.mp3</a></audio>
<div dir="auto">&nbsp;</div>
<div dir="auto"><strong>ENTREVISTA AL HERMANO MAYOR DE LA HERMANDAD DE NUESTRO PADRE JESÚS NAZARENO &#8211; ESPAÑOL</strong></div>
<audio class="wp-audio-shortcode" id="audio-2910-14" preload="none" style="width: 100%;" controls="controls"><source type="audio/mpeg" src="https://blogsaverroes.juntadeandalucia.es/institutodh/files/2023/06/7-hermano-mayor-la-madruga-ESP.mp3?_=14" /><a href="https://blogsaverroes.juntadeandalucia.es/institutodh/files/2023/06/7-hermano-mayor-la-madruga-ESP.mp3">https://blogsaverroes.juntadeandalucia.es/institutodh/files/2023/06/7-hermano-mayor-la-madruga-ESP.mp3</a></audio>
<div dir="auto">&nbsp;</div>

<p>Con la información de este código, ubicado en la fachada de la Capilla de Jesús, podrá acceder a audioguías sobre todas las hermandades de penitencia de la localidad: Hermandad de&#46;&#46;&#46;</p>
