{"id":1893,"date":"2019-03-11T13:57:09","date_gmt":"2019-03-11T12:57:09","guid":{"rendered":"https:\/\/www.ipepcordoba.com\/?page_id=1893"},"modified":"2023-07-05T10:11:40","modified_gmt":"2023-07-05T09:11:40","slug":"horarios-2","status":"publish","type":"page","link":"https:\/\/blogsaverroes.juntadeandalucia.es\/ipepcordoba\/horarios-2\/","title":{"rendered":"Horarios"},"content":{"rendered":"\r\n<h3 class=\"wp-block-heading\">Horario general<\/h3>\r\n\r\n\r\n\r\n<p>El IPEP se encuentra abierto, durante el periodo lectivo, en jornada de ma\u00f1ana y de tarde.<\/p>\r\n\r\n\r\n\r\n<p><strong>Ma\u00f1ana<\/strong>: de 8:30 a 14:30 horas<\/p>\r\n\r\n\r\n\r\n<p><strong>Tarde<\/strong>: de 16:00 a 22:00 horas<\/p>\r\n<p>En el periodo no lectivo, solo estar\u00e1 abierto por la ma\u00f1ana. En los fines de semana, fiestas y agosto permanece cerrado.<\/p>\r\n\r\n\r\n\r\n<h3 class=\"wp-block-heading\">Horario de Secretar\u00eda<\/h3>\r\n\r\n\r\n\r\n<p>El horario de atenci\u00f3n de la secretar\u00eda es de 9:00 a 13:00 horas de lunes a viernes.<\/p>\r\n\r\n\r\n\r\n<h3 class=\"wp-block-heading\">Horario de clases<\/h3>\r\n\r\n\r\n\r\n<p>El horario de clases es muy diverso teniendo en cuenta las diferentes posibilidades de matr\u00edcula que el alumnado presenta. Algunas consideraciones generales:<\/p>\r\n\r\n\r\n\r\n<p>Alumnado matriculado en la <strong>modalidad presencial<\/strong>: debe asistir al centro diariamente en jornada de ma\u00f1ana. El horario concreto se determina al inicio de curso.<\/p>\r\n\r\n\r\n\r\n<p>Alumnado matriculado en la <strong>modalidad semipresencial:<\/strong>&nbsp;su horario depender\u00e1 de los \u00e1mbitos (ESPA) o materias (Bachillerato) en que se encuentre matriculado. Si \u00fanicamente lo est\u00e1 de un Nivel de la ESPA o un curso de Bachillerato, se asisten dos d\u00edas semanales en jornada de ma\u00f1ana o de tarde (pueden reducirse a uno en funci\u00f3n del n\u00famero de \u00e1mbitos o materias matriculadas) o bien un d\u00eda completo asistiendo a la jornada de ma\u00f1ana y de tarde (solo en Bachillerato). Si las matr\u00edculas corresponden a \u00e1mbitos o materias de niveles o cursos diferentes (por ejemplo materias de 1\u00ba y de 2\u00ba de bachillerato), el n\u00famero de d\u00edas de asistencia puede ampliarse.<\/p>\r\n<p>Alumnado matriculado en la <strong>modalidad a distancia:<\/strong> el alumnado no asiste al centro salvo para realizar las pruebas presenciales, se realiza una prueba presencial por trimestre. El alumnado puede optar por realizar una prueba \u00fanica a final de curso en mayo-junio si tiene problemas para desplazarse al centro, aunque recomendamos para un mejor seguimiento de su proceso de ense\u00f1anza-aprendizaje la asistencia a las pruebas trimestrales.<\/p>\r\n","protected":false},"excerpt":{"rendered":"<p>Horario general El IPEP se encuentra abierto, durante el periodo lectivo, en jornada de ma\u00f1ana y de tarde. Ma\u00f1ana: de 8:30 a 14:30 horas Tarde:&hellip;<\/p>\n","protected":false},"author":8332,"featured_media":0,"parent":0,"menu_order":0,"comment_status":"closed","ping_status":"closed","template":"","meta":{"ngg_post_thumbnail":0,"footnotes":"","_mc_calendar":[]},"aioseo_notices":[],"_links":{"self":[{"href":"https:\/\/blogsaverroes.juntadeandalucia.es\/ipepcordoba\/wp-json\/wp\/v2\/pages\/1893"}],"collection":[{"href":"https:\/\/blogsaverroes.juntadeandalucia.es\/ipepcordoba\/wp-json\/wp\/v2\/pages"}],"about":[{"href":"https:\/\/blogsaverroes.juntadeandalucia.es\/ipepcordoba\/wp-json\/wp\/v2\/types\/page"}],"author":[{"embeddable":true,"href":"https:\/\/blogsaverroes.juntadeandalucia.es\/ipepcordoba\/wp-json\/wp\/v2\/users\/8332"}],"replies":[{"embeddable":true,"href":"https:\/\/blogsaverroes.juntadeandalucia.es\/ipepcordoba\/wp-json\/wp\/v2\/comments?post=1893"}],"version-history":[{"count":6,"href":"https:\/\/blogsaverroes.juntadeandalucia.es\/ipepcordoba\/wp-json\/wp\/v2\/pages\/1893\/revisions"}],"predecessor-version":[{"id":4226,"href":"https:\/\/blogsaverroes.juntadeandalucia.es\/ipepcordoba\/wp-json\/wp\/v2\/pages\/1893\/revisions\/4226"}],"wp:attachment":[{"href":"https:\/\/blogsaverroes.juntadeandalucia.es\/ipepcordoba\/wp-json\/wp\/v2\/media?parent=1893"}],"curies":[{"name":"wp","href":"https:\/\/api.w.org\/{rel}","templated":true}]}}