{"id":2378,"date":"2019-03-12T10:00:16","date_gmt":"2019-03-12T09:00:16","guid":{"rendered":"https:\/\/www.ipepcordoba.com\/?page_id=1905"},"modified":"2020-03-03T09:20:23","modified_gmt":"2020-03-03T09:20:23","slug":"plazos","status":"publish","type":"page","link":"https:\/\/blogsaverroes.juntadeandalucia.es\/ipepcordoba\/plazos\/","title":{"rendered":"Plazos"},"content":{"rendered":"\r\n<h3 class=\"wp-block-heading\">Periodo ordinario<\/h3>\r\n\r\n\r\n\r\n<p>Para solicitar plaza en el IPEP deber\u00e1 presentar su solicitud <strong>entre el 1 y el 15 de junio. <\/strong>Tenga en cuenta:<\/p>\r\n\r\n\r\n\r\n<h5 class=\"wp-block-heading\">\u00bf<strong>La ha presentado para estudiar Bachillerato o ESPA<\/strong>?<\/h5>\r\n\r\n\r\n\r\n<p> En este caso ser\u00e1 <strong>imprescindible<\/strong> formalizar la matr\u00edcula <strong>entre el 1 y el 10 de julio<\/strong> si su solicitud ha sido admitida. Deber\u00e1 consultar los d\u00edas concretos en los que le corresponde matricularse.<\/p>\r\n\r\n\r\n\r\n<h5 class=\"wp-block-heading\">\u00bf<strong>La ha presentado para un Plan Educativo<\/strong>?<\/h5>\r\n\r\n\r\n\r\n<p> No necesitar\u00e1 hacer matr\u00edcula, la inscripci\u00f3n en el plan basta para estar admitido si hay vacante.<\/p>\r\n\r\n\r\n\r\n<h3 class=\"wp-block-heading\">Periodo extraordinario<\/h3>\r\n\r\n\r\n\r\n<p>El periodo extraordinario comienza en septiembre, una vez finalizado el periodo de matriculaci\u00f3n de las personas que solicitaron su plaza en el periodo ordinario y est\u00e1n pendientes de confirmar matr\u00edcula.<\/p>\r\n\r\n\r\n\r\n<p>Este periodo <strong>finaliza el 15 de octubre<\/strong> y la matriculaci\u00f3n se har\u00e1 seg\u00fan orden de llegada de las solicitudes y con ocasi\u00f3n de plazas vacantes.<\/p>\r\n\r\n\r\n\r\n<p>Pasado este periodo y hasta la finalizaci\u00f3n del primer trimestre es posible la matriculaci\u00f3n.<\/p>\r\n","protected":false},"excerpt":{"rendered":"<p>Periodo ordinario Para solicitar plaza en el IPEP deber\u00e1 presentar su solicitud entre el 1 y el 15 de junio. Tenga en cuenta: \u00bfLa ha&hellip;<\/p>\n","protected":false},"author":8332,"featured_media":0,"parent":0,"menu_order":0,"comment_status":"closed","ping_status":"closed","template":"","meta":{"ngg_post_thumbnail":0,"footnotes":"","_mc_calendar":[]},"aioseo_notices":[],"_links":{"self":[{"href":"https:\/\/blogsaverroes.juntadeandalucia.es\/ipepcordoba\/wp-json\/wp\/v2\/pages\/2378"}],"collection":[{"href":"https:\/\/blogsaverroes.juntadeandalucia.es\/ipepcordoba\/wp-json\/wp\/v2\/pages"}],"about":[{"href":"https:\/\/blogsaverroes.juntadeandalucia.es\/ipepcordoba\/wp-json\/wp\/v2\/types\/page"}],"author":[{"embeddable":true,"href":"https:\/\/blogsaverroes.juntadeandalucia.es\/ipepcordoba\/wp-json\/wp\/v2\/users\/8332"}],"replies":[{"embeddable":true,"href":"https:\/\/blogsaverroes.juntadeandalucia.es\/ipepcordoba\/wp-json\/wp\/v2\/comments?post=2378"}],"version-history":[{"count":1,"href":"https:\/\/blogsaverroes.juntadeandalucia.es\/ipepcordoba\/wp-json\/wp\/v2\/pages\/2378\/revisions"}],"predecessor-version":[{"id":2637,"href":"https:\/\/blogsaverroes.juntadeandalucia.es\/ipepcordoba\/wp-json\/wp\/v2\/pages\/2378\/revisions\/2637"}],"wp:attachment":[{"href":"https:\/\/blogsaverroes.juntadeandalucia.es\/ipepcordoba\/wp-json\/wp\/v2\/media?parent=2378"}],"curies":[{"name":"wp","href":"https:\/\/api.w.org\/{rel}","templated":true}]}}

<h3 class="wp-block-heading">Periodo ordinario</h3>



<p>Para solicitar plaza en el IPEP deberá presentar su solicitud <strong>entre el 1 y el 15 de junio. </strong>Tenga en cuenta:</p>



<h5 class="wp-block-heading">¿<strong>La ha presentado para estudiar Bachillerato o ESPA</strong>?</h5>



<p> En este caso será <strong>imprescindible</strong> formalizar la matrícula <strong>entre el 1 y el 10 de julio</strong> si su solicitud ha sido admitida. Deberá consultar los días concretos en los que le corresponde matricularse.</p>



<h5 class="wp-block-heading">¿<strong>La ha presentado para un Plan Educativo</strong>?</h5>



<p> No necesitará hacer matrícula, la inscripción en el plan basta para estar admitido si hay vacante.</p>



<h3 class="wp-block-heading">Periodo extraordinario</h3>



<p>El periodo extraordinario comienza en septiembre, una vez finalizado el periodo de matriculación de las personas que solicitaron su plaza en el periodo ordinario y están pendientes de confirmar matrícula.</p>



<p>Este periodo <strong>finaliza el 15 de octubre</strong> y la matriculación se hará según orden de llegada de las solicitudes y con ocasión de plazas vacantes.</p>



<p>Pasado este periodo y hasta la finalización del primer trimestre es posible la matriculación.</p>

<p>Periodo ordinario Para solicitar plaza en el IPEP deberá presentar su solicitud entre el 1 y el 15 de junio. Tenga en cuenta: ¿La ha&hellip;</p>
