{"id":3124,"date":"2021-05-25T12:07:51","date_gmt":"2021-05-25T11:07:51","guid":{"rendered":"https:\/\/blogsaverroes.juntadeandalucia.es\/ipepcordoba\/?page_id=3124"},"modified":"2021-07-07T11:16:48","modified_gmt":"2021-07-07T10:16:48","slug":"documentos-de-admision-y-matricula","status":"publish","type":"page","link":"https:\/\/blogsaverroes.juntadeandalucia.es\/ipepcordoba\/documentos-de-admision-y-matricula\/","title":{"rendered":"Documentos de admisi\u00f3n y Matr\u00edcula"},"content":{"rendered":"<p>A continuaci\u00f3n tienes un pdf con todos los documentos que debes rellenar para realizar tu:<\/p>\n<ul>\n<li>Admisi\u00f3n: <strong>solo Secundar\u00eda y Bachillerato<\/strong> del 1 al 15 de junio.<\/li>\n<li>Matr\u00edcula:\n<ul>\n<li><strong>Secundar\u00eda y Bachillerato<\/strong> del <strong>1 al 10 de julio<\/strong>, habiendo realizado <strong>previamente la admisi\u00f3n<\/strong><\/li>\n<li>Planes de preparaci\u00f3n de la <strong>PAU (Prueba de Acceso a la Universidad), PLB (Pruebas libre de Bachillerato), y PCFGS (Pruebas de acceso a Ciclos Formativos e Grado Superior) del 1 al 15 de JUNIO<\/strong><\/li>\n<\/ul>\n<\/li>\n<\/ul>\n<p>Selecciona el pdf seg\u00fan los estudios que vayas a realizar en el centro:<\/p>\n<h2><span style=\"text-decoration: underline\">ADMISI\u00d3N<\/span><\/h2>\n<ul>\n<li><a href=\"https:\/\/drive.google.com\/file\/d\/1upnTZrUdMpShMFejg_qXsmJFJItplhgr\/view?usp=sharing\">Secundaria (ESA) Presencial y Semipresencial<\/a><\/li>\n<li><a href=\"https:\/\/drive.google.com\/file\/d\/1uixtCQ-IOGViTK4SRPriwhgM3D77ypgd\/view?usp=sharing\">Bachillerato Presencial<\/a><\/li>\n<li><a href=\"https:\/\/drive.google.com\/file\/d\/1ujgtHE4jjBeKmcQDBnH63OVhUtHDmyOh\/view?usp=sharing\">Bachillerato de Ciencias Semipresencial<\/a><\/li>\n<li><a href=\"https:\/\/drive.google.com\/file\/d\/1uj-cVrbbhmA8BPGPeyp1VG4SdXrjHQTR\/view?usp=sharing\">Bachillerato de Humanidades y Ciencias Sociales Semipresencial<\/a><\/li>\n<li><a href=\"https:\/\/drive.google.com\/file\/d\/1usWm_xXAhFDubUwc7Fll0xKtNJR1RIFC\/view?usp=sharing\">PAU (Prueba de Acceso a la Universidad)<\/a><\/li>\n<li><a href=\"https:\/\/drive.google.com\/file\/d\/1uq3awzhZ0Ohzl-GxQ3ANkXrvv4AiJ_F5\/view?usp=sharing\">PLB (Pruebas libre de Bachillerato)<\/a><\/li>\n<li><a href=\"https:\/\/drive.google.com\/file\/d\/1ulQfqyvXeq9_D2e3OwN730yyTsljQnST\/view?usp=sharing\">PCFGS (Pruebas de acceso a Ciclos Formativos e Grado Superior)<\/a><\/li>\n<\/ul>\n<h2><span style=\"text-decoration: underline\">MATRICULA<\/span><\/h2>\n<ul>\n<li><a href=\"https:\/\/blogsaverroes.juntadeandalucia.es\/ipepcordoba\/files\/2021\/07\/2021documentacion-espa.pdf\">Informaci\u00f3n IMPORTANTE sobre matricula en Secundaria<\/a><\/li>\n<li><a href=\"https:\/\/blogsaverroes.juntadeandalucia.es\/ipepcordoba\/files\/2021\/07\/2021-hojas-matricula-ESPA.pdf\">Hojas de Matricula Secundaria (2021)<\/a><\/li>\n<li><span style=\"color: #0000ee\">Informaci\u00f3n IMPORTANTE sobre matricula de Bachillerato<\/span><\/li>\n<li><a href=\"https:\/\/blogsaverroes.juntadeandalucia.es\/ipepcordoba\/files\/2021\/07\/2021_matricula-bach.pdf\">Hojas de Matricula Bachillerato (2021)<\/a><\/li>\n<\/ul>\n<p>Nota: Aquellos alumnos que decidan acceder a nuestros estudios de<strong> Secundaria y Bachillerato a Distancia<\/strong> tendr\u00e1n que realizar los tr\u00e1mites por la <a href=\"https:\/\/www.juntadeandalucia.es\/educacion\/secretariavirtual\/\">Secretar\u00eda virtual<\/a><\/p>\n","protected":false},"excerpt":{"rendered":"<p>A continuaci\u00f3n tienes un pdf con todos los documentos que debes rellenar para realizar tu: Admisi\u00f3n: solo Secundar\u00eda y Bachillerato del 1 al 15 de&hellip;<\/p>\n","protected":false},"author":7756,"featured_media":0,"parent":0,"menu_order":0,"comment_status":"closed","ping_status":"closed","template":"","meta":{"ngg_post_thumbnail":0,"footnotes":"","_mc_calendar":[]},"aioseo_notices":[],"_links":{"self":[{"href":"https:\/\/blogsaverroes.juntadeandalucia.es\/ipepcordoba\/wp-json\/wp\/v2\/pages\/3124"}],"collection":[{"href":"https:\/\/blogsaverroes.juntadeandalucia.es\/ipepcordoba\/wp-json\/wp\/v2\/pages"}],"about":[{"href":"https:\/\/blogsaverroes.juntadeandalucia.es\/ipepcordoba\/wp-json\/wp\/v2\/types\/page"}],"author":[{"embeddable":true,"href":"https:\/\/blogsaverroes.juntadeandalucia.es\/ipepcordoba\/wp-json\/wp\/v2\/users\/7756"}],"replies":[{"embeddable":true,"href":"https:\/\/blogsaverroes.juntadeandalucia.es\/ipepcordoba\/wp-json\/wp\/v2\/comments?post=3124"}],"version-history":[{"count":4,"href":"https:\/\/blogsaverroes.juntadeandalucia.es\/ipepcordoba\/wp-json\/wp\/v2\/pages\/3124\/revisions"}],"predecessor-version":[{"id":3187,"href":"https:\/\/blogsaverroes.juntadeandalucia.es\/ipepcordoba\/wp-json\/wp\/v2\/pages\/3124\/revisions\/3187"}],"wp:attachment":[{"href":"https:\/\/blogsaverroes.juntadeandalucia.es\/ipepcordoba\/wp-json\/wp\/v2\/media?parent=3124"}],"curies":[{"name":"wp","href":"https:\/\/api.w.org\/{rel}","templated":true}]}}