{"id":3229,"date":"2021-09-14T21:35:06","date_gmt":"2021-09-14T20:35:06","guid":{"rendered":"https:\/\/blogsaverroes.juntadeandalucia.es\/ipepcordoba\/?page_id=3229"},"modified":"2022-11-03T18:44:05","modified_gmt":"2022-11-03T17:44:05","slug":"tutorial-de-pasen","status":"publish","type":"page","link":"https:\/\/blogsaverroes.juntadeandalucia.es\/ipepcordoba\/tutorial-de-pasen\/","title":{"rendered":"Tutorial de Pasen y Plataforma"},"content":{"rendered":"<p>Si ya ten\u00e9is vuestro usuario de Pasen de otros a\u00f1os o lo us\u00e1is para la consulta de la informaci\u00f3n acad\u00e9mica de vuestros hijos, no ten\u00e9is que hacer nada, simplemente usar dicho usuario y contrase\u00f1a, con \u00e9l podr\u00e9is entrar en Pasen y en la plataforma correspondiente.<\/p>\n<p>Para todos los pasos incluidos en este tutorial, usad un <strong>ordenador<\/strong> o en su defecto una <strong>tablet<\/strong>. <span style=\"color: #ff0000\"><strong>Nunca un m\u00f3vil.<\/strong><\/span><\/p>\n<p>Si no hab\u00e9is usado nunca Pasen, no est\u00e1is seguros si lo hab\u00e9is usado u os hab\u00e9is olvidado de la contrase\u00f1a pod\u00e9is generar vuestro usuario de Pasen, para ello deb\u00e9is hacer lo siguiente, acceder a la web de pasen:<\/p>\n<p><a href=\"https:\/\/seneca.juntadeandalucia.es\/seneca\/jsp\/portalpasen\/\">https:\/\/seneca.juntadeandalucia.es\/seneca\/jsp\/portalpasen\/<\/a><\/p>\n<p>Y pulsamos en la opci\u00f3n <strong>\u00abNo tengo acceso\u00bb<\/strong><\/p>\n<p><a href=\"https:\/\/blogsaverroes.juntadeandalucia.es\/ipepcordoba\/files\/2021\/09\/chrome_pO1Wl5VNBu.png\"><img fetchpriority=\"high\" decoding=\"async\" class=\"size-full wp-image-3230 aligncenter\" src=\"https:\/\/blogsaverroes.juntadeandalucia.es\/ipepcordoba\/files\/2021\/09\/chrome_pO1Wl5VNBu.png\" alt=\"\" width=\"1600\" height=\"568\" srcset=\"https:\/\/blogsaverroes.juntadeandalucia.es\/ipepcordoba\/files\/2021\/09\/chrome_pO1Wl5VNBu.png 1600w, https:\/\/blogsaverroes.juntadeandalucia.es\/ipepcordoba\/files\/2021\/09\/chrome_pO1Wl5VNBu-300x107.png 300w, https:\/\/blogsaverroes.juntadeandalucia.es\/ipepcordoba\/files\/2021\/09\/chrome_pO1Wl5VNBu-1024x364.png 1024w, https:\/\/blogsaverroes.juntadeandalucia.es\/ipepcordoba\/files\/2021\/09\/chrome_pO1Wl5VNBu-768x273.png 768w, https:\/\/blogsaverroes.juntadeandalucia.es\/ipepcordoba\/files\/2021\/09\/chrome_pO1Wl5VNBu-1536x546.png 1536w\" sizes=\"(max-width: 1600px) 100vw, 1600px\" \/><\/a><\/p>\n<p>En la siguiente ventana introducimos los datos que nos pide, DNI y Tel\u00e9fono y pulsamos en Aceptar, el tel\u00e9fono debe ser el que proporcionasteis en el IPEP cuando realizasteis la matr\u00edcula.<\/p>\n<p><a href=\"https:\/\/blogsaverroes.juntadeandalucia.es\/ipepcordoba\/files\/2021\/09\/chrome_hQ9yx6gYUU.png\"><img decoding=\"async\" class=\"size-full wp-image-3231 aligncenter\" src=\"https:\/\/blogsaverroes.juntadeandalucia.es\/ipepcordoba\/files\/2021\/09\/chrome_hQ9yx6gYUU.png\" alt=\"\" width=\"974\" height=\"520\" srcset=\"https:\/\/blogsaverroes.juntadeandalucia.es\/ipepcordoba\/files\/2021\/09\/chrome_hQ9yx6gYUU.png 974w, https:\/\/blogsaverroes.juntadeandalucia.es\/ipepcordoba\/files\/2021\/09\/chrome_hQ9yx6gYUU-300x160.png 300w, https:\/\/blogsaverroes.juntadeandalucia.es\/ipepcordoba\/files\/2021\/09\/chrome_hQ9yx6gYUU-768x410.png 768w\" sizes=\"(max-width: 974px) 100vw, 974px\" \/><\/a><\/p>\n<p>Si no ten\u00edas usuario el sistema te enviar\u00e1 un SMS con los datos del mismo, si ya ten\u00edas usuario te dar\u00e1 la opci\u00f3n de generar una clave nueva, aunque tengas acceso a iPasen si el acceso a la plataforma Moodle te da fallos pulsa en esta opci\u00f3n para que el sistema te genere una nueva contrase\u00f1a.<\/p>\n<p><a href=\"https:\/\/blogsaverroes.juntadeandalucia.es\/ipepcordoba\/files\/2021\/09\/chrome_4Jhy4qPqou.png\"><img decoding=\"async\" class=\"size-full wp-image-3234 aligncenter\" src=\"https:\/\/blogsaverroes.juntadeandalucia.es\/ipepcordoba\/files\/2021\/09\/chrome_4Jhy4qPqou.png\" alt=\"\" width=\"956\" height=\"326\" srcset=\"https:\/\/blogsaverroes.juntadeandalucia.es\/ipepcordoba\/files\/2021\/09\/chrome_4Jhy4qPqou.png 956w, https:\/\/blogsaverroes.juntadeandalucia.es\/ipepcordoba\/files\/2021\/09\/chrome_4Jhy4qPqou-300x102.png 300w, https:\/\/blogsaverroes.juntadeandalucia.es\/ipepcordoba\/files\/2021\/09\/chrome_4Jhy4qPqou-768x262.png 768w\" sizes=\"(max-width: 956px) 100vw, 956px\" \/><\/a><\/p>\n<p>Si tienes alg\u00fan problema con la generaci\u00f3n del usuario puedes ponerte en contacto con ribanez@ipepcordoba.com<\/p>\n<p>&nbsp;<\/p>\n<p>Una vez tengas el usuario de pasen ya puedes acceder a la plataforma, aqu\u00ed tienes un v\u00eddeo que explica como hacerlo, adem\u00e1s te va a ense\u00f1ar un \u00abtruco\u00bb para que el acceso diario a la plataforma y las asignaturas sea m\u00e1s c\u00f3modo:<br \/>\n<iframe title=\"Plataforma Moodle. Acceso a la plataforma moodle y primera configuraci\u00f3n\" width=\"843\" height=\"474\" src=\"https:\/\/www.youtube.com\/embed\/a3OXc_rg9p0?feature=oembed\" frameborder=\"0\" allow=\"accelerometer; autoplay; clipboard-write; encrypted-media; gyroscope; picture-in-picture\" allowfullscreen><\/iframe><br \/>\n&nbsp;<\/p>\n<p>Una vez tengas acceso aqu\u00ed podr\u00e1s ver como acceder a un curso muy especial donde encontrar\u00e1s mucha m\u00e1s informaci\u00f3n y tutoriales para aprender a usar la plataforma adecuadamente<\/p>\n<p><iframe title=\"Plataforma Moodle. Como acceder al punto de encuentro\" width=\"843\" height=\"474\" src=\"https:\/\/www.youtube.com\/embed\/XyZPycMr8SQ?feature=oembed\" frameborder=\"0\" allow=\"accelerometer; autoplay; clipboard-write; encrypted-media; gyroscope; picture-in-picture\" allowfullscreen><\/iframe><\/p>\n<p>Ahora que estas en el punto de encuentro, <strong>actualiza tu perfil y revisa tus preferencias de notificaci\u00f3n<\/strong>, dos pasos <strong>IMPRESCINDIBLES<\/strong> para que la comunicaci\u00f3n sea fluida.<\/p>\n<p>Nos vemos en la plataforma!!!! en el punto de encuentro encontrar\u00e1s m\u00e1s tutoriales que te ayudaran a entender el funcionamiento de la plataforma.<\/p>\n","protected":false},"excerpt":{"rendered":"<p>Si ya ten\u00e9is vuestro usuario de Pasen de otros a\u00f1os o lo us\u00e1is para la consulta de la informaci\u00f3n acad\u00e9mica de vuestros hijos, no ten\u00e9is&hellip;<\/p>\n","protected":false},"author":7756,"featured_media":0,"parent":0,"menu_order":0,"comment_status":"closed","ping_status":"closed","template":"","meta":{"ngg_post_thumbnail":0,"footnotes":"","_mc_calendar":[]},"aioseo_notices":[],"_links":{"self":[{"href":"https:\/\/blogsaverroes.juntadeandalucia.es\/ipepcordoba\/wp-json\/wp\/v2\/pages\/3229"}],"collection":[{"href":"https:\/\/blogsaverroes.juntadeandalucia.es\/ipepcordoba\/wp-json\/wp\/v2\/pages"}],"about":[{"href":"https:\/\/blogsaverroes.juntadeandalucia.es\/ipepcordoba\/wp-json\/wp\/v2\/types\/page"}],"author":[{"embeddable":true,"href":"https:\/\/blogsaverroes.juntadeandalucia.es\/ipepcordoba\/wp-json\/wp\/v2\/users\/7756"}],"replies":[{"embeddable":true,"href":"https:\/\/blogsaverroes.juntadeandalucia.es\/ipepcordoba\/wp-json\/wp\/v2\/comments?post=3229"}],"version-history":[{"count":13,"href":"https:\/\/blogsaverroes.juntadeandalucia.es\/ipepcordoba\/wp-json\/wp\/v2\/pages\/3229\/revisions"}],"predecessor-version":[{"id":4077,"href":"https:\/\/blogsaverroes.juntadeandalucia.es\/ipepcordoba\/wp-json\/wp\/v2\/pages\/3229\/revisions\/4077"}],"wp:attachment":[{"href":"https:\/\/blogsaverroes.juntadeandalucia.es\/ipepcordoba\/wp-json\/wp\/v2\/media?parent=3229"}],"curies":[{"name":"wp","href":"https:\/\/api.w.org\/{rel}","templated":true}]}}