{"id":4670,"date":"2025-09-30T18:59:37","date_gmt":"2025-09-30T17:59:37","guid":{"rendered":"https:\/\/blogsaverroes.juntadeandalucia.es\/ipepcordoba\/?page_id=4670"},"modified":"2025-09-30T18:59:37","modified_gmt":"2025-09-30T17:59:37","slug":"empleo","status":"publish","type":"page","link":"https:\/\/blogsaverroes.juntadeandalucia.es\/ipepcordoba\/empleo\/","title":{"rendered":"Empleo"},"content":{"rendered":"<h1>Empleo<\/h1>\n<p>Una de las preguntas habituales que alguien se hace cuando va a elegir estudios es \u00ab\u00bfQu\u00e9 salida tiene?\u00bb No es f\u00e1cil responder porque el mercado de trabajo cambia r\u00e1pidamente y porque la informaci\u00f3n est\u00e1 algo dispersa. En distintas p\u00e1ginas web de la Administraci\u00f3n podemos encontrar datos sobre la incorporaci\u00f3n al mercado de trabajo seg\u00fan estudios cursados, edad, sexo&#8230; Aqu\u00ed recogemos algunos datos sobre FP y Universidad a nivel nacional:<\/p>\n<h4><strong>Formaci\u00f3n Profesional<\/strong><\/h4>\n<h5><strong>Grado Medio<\/strong><\/h5>\n<p><strong><img fetchpriority=\"high\" decoding=\"async\" src=\"https:\/\/blogsaverroes.juntadeandalucia.es\/ipepcordoba\/files\/2024\/01\/CFGM_Afiliaci\u00f3n_cuenta_ajena_por_familia.png\" alt=\"CFGM_Afiliaci\u00f3n_cuenta_ajena_por_familia\" width=\"822\" height=\"502\"><\/strong><\/p>\n<p><strong><img decoding=\"async\" src=\"https:\/\/blogsaverroes.juntadeandalucia.es\/ipepcordoba\/files\/2024\/01\/CFGM_Afiliaci\u00f3n_cuenta_ajena_por_ciclo.png\" alt=\"\" width=\"818\" height=\"624\"><\/strong><\/p>\n<p><strong>&nbsp;<\/strong><\/p>\n<h5><strong>Grado Superior<\/strong><\/h5>\n<p><strong><img decoding=\"async\" src=\"https:\/\/blogsaverroes.juntadeandalucia.es\/ipepcordoba\/files\/2024\/01\/CFGS_Afiliaci\u00f3n_cuenta_ajena_por_familias.png\" alt=\"\" width=\"859\" height=\"556\"><\/strong><\/p>\n<p><strong><img loading=\"lazy\" decoding=\"async\" src=\"https:\/\/blogsaverroes.juntadeandalucia.es\/ipepcordoba\/files\/2024\/01\/CFGS_Afiliaci\u00f3n_cuenta_ajena_por_ciclo.png\" alt=\"\" width=\"828\" height=\"886\"><\/strong><\/p>\n<p><strong>&nbsp;<\/strong><\/p>\n<h4><strong>Universidad<\/strong><\/h4>\n<p><a href=\"https:\/\/public.tableau.com\/app\/profile\/equiposiiu\/viz\/IL_23\/Infografia\" target=\"_blank\" rel=\"noopener noreferrer\">En esta infograf\u00eda<\/a> encontramos datos de Inserci\u00f3n laboral de los egresados universitarios. Podemos filtrar por Comunidad Aut\u00f3noma, tipo de estudio (Grado o Master), sexo, etc.<\/p>\n<p><a href=\"https:\/\/estadisticas.universidades.gob.es\/jaxiPx\/Tabla.htm?path=\/Universitaria\/Insercion_laboral\/2023\/GRADO\/CAP1_TAS\/\/l0\/&amp;file=Afiliacion_Tasa_Sexo_Ambito_Grado_Univ.px&amp;type=pcaxis&amp;L=0\" target=\"_blank\" rel=\"noopener noreferrer\">En esta web<\/a> del Ministerio de Universidades podemos tambi\u00e9n hacer b\u00fasquedas sobre la Tasa de afiliaci\u00f3n a la Seguridad Social de los egresados de Grado y Ciclo.<\/p>\n<p><strong>&nbsp;<\/strong><\/p>\n<h4><strong>P\u00e1ginas de inter\u00e9s<br \/>\n<\/strong><\/h4>\n<p><a href=\"https:\/\/sepe.es\/HomeSepe\/que-es-el-sepe\/observatorio.html\" target=\"_blank\" rel=\"noopener\">SEPE: Observatorio de las ocupaciones&gt;<\/a><\/p>\n<p><a href=\"https:\/\/www.sepe.es\/HomeSepe\/que-es-el-sepe\/observatorio\/perfiles-de-la-oferta-de-empleo.html\" target=\"_blank\" rel=\"noopener\">Perfiles de la oferta de empleo<\/a><\/p>\n<p><a href=\"https:\/\/www.empleate.gob.es\/empleo\/#\/\" target=\"_blank\" rel=\"noopener\">Portal Empl\u00e9ate<\/a><\/p>\n<p id=\"yui_3_18_1_1_1759253732395_429\"><a href=\"https:\/\/andaluciaorienta.net\/\" target=\"_blank\" rel=\"noopener\">Andaluc\u00eda Orienta <\/a><\/p>\n","protected":false},"excerpt":{"rendered":"<p>Empleo Una de las preguntas habituales que alguien se hace cuando va a elegir estudios es \u00ab\u00bfQu\u00e9 salida tiene?\u00bb No es f\u00e1cil responder porque el&hellip;<\/p>\n","protected":false},"author":8332,"featured_media":0,"parent":0,"menu_order":0,"comment_status":"closed","ping_status":"closed","template":"","meta":{"ngg_post_thumbnail":0,"footnotes":"","_mc_calendar":[]},"aioseo_notices":[],"_links":{"self":[{"href":"https:\/\/blogsaverroes.juntadeandalucia.es\/ipepcordoba\/wp-json\/wp\/v2\/pages\/4670"}],"collection":[{"href":"https:\/\/blogsaverroes.juntadeandalucia.es\/ipepcordoba\/wp-json\/wp\/v2\/pages"}],"about":[{"href":"https:\/\/blogsaverroes.juntadeandalucia.es\/ipepcordoba\/wp-json\/wp\/v2\/types\/page"}],"author":[{"embeddable":true,"href":"https:\/\/blogsaverroes.juntadeandalucia.es\/ipepcordoba\/wp-json\/wp\/v2\/users\/8332"}],"replies":[{"embeddable":true,"href":"https:\/\/blogsaverroes.juntadeandalucia.es\/ipepcordoba\/wp-json\/wp\/v2\/comments?post=4670"}],"version-history":[{"count":1,"href":"https:\/\/blogsaverroes.juntadeandalucia.es\/ipepcordoba\/wp-json\/wp\/v2\/pages\/4670\/revisions"}],"predecessor-version":[{"id":4671,"href":"https:\/\/blogsaverroes.juntadeandalucia.es\/ipepcordoba\/wp-json\/wp\/v2\/pages\/4670\/revisions\/4671"}],"wp:attachment":[{"href":"https:\/\/blogsaverroes.juntadeandalucia.es\/ipepcordoba\/wp-json\/wp\/v2\/media?parent=4670"}],"curies":[{"name":"wp","href":"https:\/\/api.w.org\/{rel}","templated":true}]}}