{"id":4677,"date":"2025-09-30T19:11:57","date_gmt":"2025-09-30T18:11:57","guid":{"rendered":"https:\/\/blogsaverroes.juntadeandalucia.es\/ipepcordoba\/?page_id=4677"},"modified":"2025-09-30T19:11:57","modified_gmt":"2025-09-30T18:11:57","slug":"becas","status":"publish","type":"page","link":"https:\/\/blogsaverroes.juntadeandalucia.es\/ipepcordoba\/becas\/","title":{"rendered":"Becas"},"content":{"rendered":"<div class=\"section_action_menu bulk-hidden ml-auto\" data-sectionid=\"32296\">\n<div id=\"action-menu-9\" class=\"action-menu moodle-actionmenu section-actions\" data-enhance=\"moodle-core-actionmenu\">\n<div id=\"action-menu-9-menubar\" class=\"menubar d-flex \">\n<div class=\"action-menu-trigger\">\n<h1 class=\"dropdown\">Becas<\/h1>\n<\/div>\n<\/div>\n<\/div>\n<\/div>\n<div id=\"coursecontentcollapse4\" class=\"content \">\n<div id=\"yui_3_18_1_1_1759255878017_410\" class=\" my-3\" data-for=\"sectioninfo\">\n<div id=\"yui_3_18_1_1_1759255878017_409\" class=\"summarytext\">\n<div id=\"yui_3_18_1_1_1759255878017_408\" class=\"no-overflow\">\n<p><a href=\"https:\/\/www.becaseducacion.gob.es\/portada.html\" target=\"_blank\" rel=\"noopener\">Informaci\u00f3n sobre becas y ayudas de car\u00e1cter general convocadas por el Ministerio de Educaci\u00f3n.<\/a><\/p>\n<p><a href=\"http:\/\/www.juntadeandalucia.es\/educacion\/webportal\/web\/becas-y-ayudas\" target=\"_blank\" rel=\"noopener\">Portal de Becas y Ayudas de la Consejer\u00eda de Educaci\u00f3n, Cultura y Deporte de la Junta de Andaluc\u00eda.<\/a><\/p>\n<p><a title=\"consulta\" href=\"http:\/\/www.juntadeandalucia.es\/educacion\/becas\/consultabecas\/\" target=\"_blank\" rel=\"noopener\"> Consultar si ha sido concedida una beca solicitada<\/a><\/p>\n<p><a href=\"https:\/\/www.becaseducacion.gob.es\/becas-y-ayudas\/ayudas-apoyo-educativo\/tipos-de-becas.html\" target=\"_blank\" rel=\"noopener\">Ayudas para alumnado con necesidades espec\u00edficas de apoyo educativo<br \/>\n<\/a><\/p>\n<p>Informaci\u00f3n en C\u00f3rdoba<\/p>\n<div class=\"table-responsive\">\n<table border=\"1\">\n<tbody>\n<tr>\n<td>Delegaci\u00f3n Territorial de Educaci\u00f3n y Cultura<\/p>\n<p>C\/Toma\u0301s de Aquino, 1-2a &#8211;<\/p>\n<p>Edif.Servicios Mu\u0301ltiples 14071- CO\u0301RDOBA<\/p>\n<p>TFNO.: 957.00.12.05<\/p>\n<p>Fax 957.00.12.60<\/p>\n<p>becas.dpco.ced@juntadeandalucia.es<\/td>\n<\/tr>\n<\/tbody>\n<\/table>\n<\/div>\n<p>&nbsp;<\/p>\n<div>&nbsp;<\/div>\n<h4>Diagrama sobre las becas en Andaluc\u00eda<\/h4>\n<p>&nbsp;<\/p>\n<div>\n<div><iframe src=\"https:\/\/view.genial.ly\/5fb1427d72da7f14532e16f2\" width=\"1200px\" height=\"675px\" frameborder=\"0\" scrolling=\"yes\"><\/iframe><\/div>\n<\/div>\n<p>&nbsp;<\/p>\n<div>\n<h4>&nbsp;<\/h4>\n<h4>Beca general<\/h4>\n<\/div>\n<div>&nbsp;<\/div>\n<div><a href=\"https:\/\/www.juntadeandalucia.es\/educacion\/portals\/web\/becas-y-ayudas\/tu-beca-en-nueve-pasos-andalucia-\" target=\"_blank\" rel=\"noopener\">Tu beca en 9 pasos<\/a><\/div>\n<div>&nbsp;<\/div>\n<div>&nbsp;<\/div>\n<div id=\"yui_3_18_1_1_1759255878017_407\"><img fetchpriority=\"high\" decoding=\"async\" class=\"img-fluid atto_image_button_text-bottom\" src=\"https:\/\/educacionadistancia.juntadeandalucia.es\/adultos24\/pluginfile.php\/908641\/course\/section\/32296\/Becas%20paso%20a%20paso.png\" alt=\"Beca general 25-26 paso a paso\" width=\"1024\" height=\"768\"><\/div>\n<\/div>\n<\/div>\n<\/div>\n<\/div>\n","protected":false},"excerpt":{"rendered":"<p>Becas Informaci\u00f3n sobre becas y ayudas de car\u00e1cter general convocadas por el Ministerio de Educaci\u00f3n. Portal de Becas y Ayudas de la Consejer\u00eda de Educaci\u00f3n,&hellip;<\/p>\n","protected":false},"author":8332,"featured_media":0,"parent":0,"menu_order":0,"comment_status":"closed","ping_status":"closed","template":"","meta":{"ngg_post_thumbnail":0,"footnotes":"","_mc_calendar":[]},"aioseo_notices":[],"_links":{"self":[{"href":"https:\/\/blogsaverroes.juntadeandalucia.es\/ipepcordoba\/wp-json\/wp\/v2\/pages\/4677"}],"collection":[{"href":"https:\/\/blogsaverroes.juntadeandalucia.es\/ipepcordoba\/wp-json\/wp\/v2\/pages"}],"about":[{"href":"https:\/\/blogsaverroes.juntadeandalucia.es\/ipepcordoba\/wp-json\/wp\/v2\/types\/page"}],"author":[{"embeddable":true,"href":"https:\/\/blogsaverroes.juntadeandalucia.es\/ipepcordoba\/wp-json\/wp\/v2\/users\/8332"}],"replies":[{"embeddable":true,"href":"https:\/\/blogsaverroes.juntadeandalucia.es\/ipepcordoba\/wp-json\/wp\/v2\/comments?post=4677"}],"version-history":[{"count":1,"href":"https:\/\/blogsaverroes.juntadeandalucia.es\/ipepcordoba\/wp-json\/wp\/v2\/pages\/4677\/revisions"}],"predecessor-version":[{"id":4678,"href":"https:\/\/blogsaverroes.juntadeandalucia.es\/ipepcordoba\/wp-json\/wp\/v2\/pages\/4677\/revisions\/4678"}],"wp:attachment":[{"href":"https:\/\/blogsaverroes.juntadeandalucia.es\/ipepcordoba\/wp-json\/wp\/v2\/media?parent=4677"}],"curies":[{"name":"wp","href":"https:\/\/api.w.org\/{rel}","templated":true}]}}