{"id":1532,"date":"2024-06-04T08:56:36","date_gmt":"2024-06-04T07:56:36","guid":{"rendered":"https:\/\/blogsaverroes.juntadeandalucia.es\/ipephuelva\/?page_id=1532"},"modified":"2025-09-21T18:36:45","modified_gmt":"2025-09-21T17:36:45","slug":"oferta-educativa","status":"publish","type":"page","link":"https:\/\/blogsaverroes.juntadeandalucia.es\/ipephuelva\/oferta-educativa\/","title":{"rendered":"Oferta Educativa"},"content":{"rendered":"<p>[et_pb_section fb_built=\u00bb1&#8243; _builder_version=\u00bb4.16&#8243; _module_preset=\u00bbdefault\u00bb global_colors_info=\u00bb{}\u00bb][et_pb_row column_structure=\u00bb1_5,1_5,1_5,1_5,1_5&#8243; _builder_version=\u00bb4.24.2&#8243; _module_preset=\u00bbdefault\u00bb global_colors_info=\u00bb{}\u00bb][et_pb_column type=\u00bb1_5&#8243; _builder_version=\u00bb4.24.2&#8243; _module_preset=\u00bbdefault\u00bb global_colors_info=\u00bb{}\u00bb][et_pb_button button_url=\u00bbhttps:\/\/blogsaverroes.juntadeandalucia.es\/ipephuelva\/eso\/\u00bb button_text=\u00bbESPA\u00bb _builder_version=\u00bb4.24.2&#8243; _module_preset=\u00bb45d1e3f9-a71a-4808-9b2f-9016cc3ed525&#8243; custom_button=\u00bbon\u00bb button_use_icon=\u00bboff\u00bb global_colors_info=\u00bb{}\u00bb][\/et_pb_button][\/et_pb_column][et_pb_column type=\u00bb1_5&#8243; _builder_version=\u00bb4.24.2&#8243; _module_preset=\u00bbdefault\u00bb global_colors_info=\u00bb{}\u00bb][et_pb_button button_url=\u00bbhttps:\/\/blogsaverroes.juntadeandalucia.es\/ipephuelva\/bachillerato\/\u00bb url_new_window=\u00bbon\u00bb button_text=\u00bbBachillerato\u00bb admin_label=\u00bbBot\u00f3n\u00bb _builder_version=\u00bb4.24.2&#8243; _module_preset=\u00bb45d1e3f9-a71a-4808-9b2f-9016cc3ed525&#8243; custom_button=\u00bbon\u00bb button_use_icon=\u00bboff\u00bb global_colors_info=\u00bb{}\u00bb][\/et_pb_button][\/et_pb_column][et_pb_column type=\u00bb1_5&#8243; _builder_version=\u00bb4.24.2&#8243; _module_preset=\u00bbdefault\u00bb global_colors_info=\u00bb{}\u00bb][et_pb_button button_url=\u00bbhttps:\/\/blogsaverroes.juntadeandalucia.es\/ipephuelva\/pau\u00bb url_new_window=\u00bbon\u00bb button_text=\u00bbPreparaci\u00f3n Acceso a la Universidad Mayores de 25 A\u00f1os\u00bb _builder_version=\u00bb4.24.2&#8243; _module_preset=\u00bb45d1e3f9-a71a-4808-9b2f-9016cc3ed525&#8243; custom_button=\u00bbon\u00bb button_use_icon=\u00bboff\u00bb global_colors_info=\u00bb{}\u00bb][\/et_pb_button][\/et_pb_column][et_pb_column type=\u00bb1_5&#8243; _builder_version=\u00bb4.24.2&#8243; _module_preset=\u00bbdefault\u00bb global_colors_info=\u00bb{}\u00bb][et_pb_button button_url=\u00bbhttps:\/\/blogsaverroes.juntadeandalucia.es\/ipephuelva\/acfgs\/\u00bb url_new_window=\u00bbon\u00bb button_text=\u00bbPreparaci\u00f3n Acceso a Ciclo Formativo Grado Superior\u00bb _builder_version=\u00bb4.24.2&#8243; _module_preset=\u00bb45d1e3f9-a71a-4808-9b2f-9016cc3ed525&#8243; custom_button=\u00bbon\u00bb button_use_icon=\u00bboff\u00bb global_colors_info=\u00bb{}\u00bb][\/et_pb_button][\/et_pb_column][et_pb_column type=\u00bb1_5&#8243; _builder_version=\u00bb4.24.2&#8243; _module_preset=\u00bbdefault\u00bb global_colors_info=\u00bb{}\u00bb][et_pb_button button_url=\u00bbhttps:\/\/blogsaverroes.juntadeandalucia.es\/ipephuelva\/nivel-iii\/\u00bb url_new_window=\u00bbon\u00bb button_text=\u00bbNivel III\u00bb _builder_version=\u00bb4.24.2&#8243; _module_preset=\u00bb45d1e3f9-a71a-4808-9b2f-9016cc3ed525&#8243; custom_button=\u00bbon\u00bb button_use_icon=\u00bboff\u00bb global_colors_info=\u00bb{}\u00bb][\/et_pb_button][\/et_pb_column][\/et_pb_row][et_pb_row _builder_version=\u00bb4.24.2&#8243; _module_preset=\u00bbdefault\u00bb global_colors_info=\u00bb{}\u00bb][et_pb_column type=\u00bb4_4&#8243; _builder_version=\u00bb4.24.2&#8243; _module_preset=\u00bbdefault\u00bb global_colors_info=\u00bb{}\u00bb][et_pb_heading title=\u00bbPreguntas Frecuentes\u00bb _builder_version=\u00bb4.24.2&#8243; _module_preset=\u00bbdefault\u00bb global_colors_info=\u00bb{}\u00bb][\/et_pb_heading][et_pb_toggle title=\u00bb\u00bfQui\u00e9n puede cursar ense\u00f1anzas en el IPEP?\u00bb _builder_version=\u00bb4.24.2&#8243; _module_preset=\u00bbdefault\u00bb global_colors_info=\u00bb{}\u00bb]Cualquier persona&nbsp;<strong>mayor de 18 a\u00f1os<\/strong>, que no tenga agotadas las convocatorias. El alumnado menor de 18 a\u00f1os que, en base a algunas de las circunstancias previstas por la ley, quiera matricularse en el centro tiene que pedir una autorizaci\u00f3n previa a la Inspecci\u00f3n Educativa, y \u00e9sta resolver\u00e1 a favor o denegando, en funci\u00f3n de la normativa que se aplica al respecto.&nbsp; Hasta que no llega la resoluci\u00f3n no se puede matricular.<\/p>\n<p>El IPEP es un centro especializado en la atenci\u00f3n a alumnado adulto y aplica metodolog\u00edas y materiales apropiados para ello.&nbsp;<strong>La matr\u00edcula de menores es una circunstancia excepcional<\/strong>.<br \/>\n[\/et_pb_toggle][et_pb_toggle title=\u00bb\u00bfCu\u00e1les son los plazos de admisi\u00f3n y matr\u00edcula?\u00bb _builder_version=\u00bb4.24.2&#8243; _module_preset=\u00bbdefault\u00bb global_colors_info=\u00bb{}\u00bb]<\/p>\n<div style=\"width: 100%\">\n<div style=\"position: relative;padding-bottom: 56.25%;padding-top: 0;height: 0\"><iframe loading=\"lazy\" src=\"https:\/\/view.genially.com\/663a662f85ed1d001451544a\" width=\"1200\" height=\"675\" frameborder=\"0\" scrolling=\"yes\"><\/iframe><\/div>\n<\/div>\n<p>[\/et_pb_toggle][et_pb_toggle title=\u00bb\u00bfQu\u00e9 diferencia hay entre presencial, semipresencial y distancia?\u00bb _builder_version=\u00bb4.24.2&#8243; _module_preset=\u00bbdefault\u00bb global_colors_info=\u00bb{}\u00bb]<strong>Modalidad presencial:<\/strong><\/p>\n<ul>\n<li>El alumnado&nbsp;<strong>acude f\u00edsicamente<\/strong>&nbsp;a las aulas para realizar el seguimiento del curso, en el horario establecido. La asistencia es obligada. El profesorado puede habilitar, si lo cree necesario, plataformas virtuales como apoyo al estudio presencial.<\/li>\n<\/ul>\n<p><strong>Modalidad semipresencial:<\/strong><\/p>\n<ul>\n<li>Exige un&nbsp;<strong>seguimiento mixto<\/strong>: combina la asistencia f\u00edsica&nbsp; a las \u201ctutor\u00edas de apoyo al estudio\u201d (en el horario que se establezca) con un fuerte seguimiento telem\u00e1tico, a trav\u00e9s de las plataformas atendidas semanalmente por el profesorado, en las que se encuentran los contenidos y actividades de estudio y las herramientas de seguimiento, comunicaci\u00f3n y gesti\u00f3n de cada asignatura. Por tanto, la modalidad semipresencial se basa bastante en el&nbsp;<strong>estudio aut\u00f3nomo<\/strong>&nbsp;del alumno. Las pruebas escritas de evaluaci\u00f3n se realizan presencialmente en el centro.&nbsp;<\/li>\n<\/ul>\n<p><strong>Modalidad a distancia:<\/strong><\/p>\n<ul>\n<li>Se cursa&nbsp;<strong>exclusivamente&nbsp;<em>online<\/em><\/strong>, sobre plataformas telem\u00e1ticas (aulas virtuales), atendidas regularmente por el profesorado, en las que se encuentra todo lo que el estudiante necesitar\u00e1 para el correcto seguimiento de sus materias o \u00e1mbitos: contenidos, res\u00famenes, recursos de ampliaci\u00f3n, tareas y cuestionarios de aprendizaje\/evaluaci\u00f3n y herramientas de comunicaci\u00f3n y seguimiento: foros, correo interno, mensajer\u00eda y videoconferencias.&nbsp; Tan solo&nbsp;<strong>las pruebas escritas de evaluaci\u00f3n trimestral se realizar\u00e1n presencialmente<\/strong>. Esta modalidad precisa de un buen grado de compromiso del estudiante, ya que se basa en el&nbsp;<strong>aprendizaje aut\u00f3nomo dirigido<\/strong>.<\/li>\n<\/ul>\n<p>[\/et_pb_toggle][et_pb_toggle title=\u00bb\u00bfCu\u00e1nto cuesta la matr\u00edcula?\u00bb _builder_version=\u00bb4.24.2&#8243; _module_preset=\u00bbdefault\u00bb global_colors_info=\u00bb{}\u00bb]Estudiar ESPA en cualquiera de sus modalidades no conlleva ning\u00fan gasto, al tratarse de un tramo de estudios obligatorios. Estudiar el&nbsp;<strong>Bachillerato en la modalidad a distancia<\/strong>&nbsp;s\u00ed conlleva unos costes.<\/p>\n<p>El importe a pagar depende de varias cuestiones (econ\u00f3micas, sociales, etc\u2026), que est\u00e1n todas reguladas. Es posible acogerse a reducciones o incluso a la exenci\u00f3n de pagos en determinadas circunstancias:&nbsp;<a href=\"https:\/\/www.juntadeandalucia.es\/organismos\/consejo\/sesion\/detalle\/223291.html\" target=\"_blank\" rel=\"noopener\">conoce las posibles reducciones y exenciones<\/a>.<\/p>\n<p>Consulta las&nbsp;<a href=\"https:\/\/www.juntadeandalucia.es\/boja\/2021\/128\/BOJA21-128-00004-11241-01_00195051.pdf\" target=\"_blank\" rel=\"noopener\">tasas actualmente vigentes para la modalidad a distancia<\/a>.<br \/>\n[\/et_pb_toggle][et_pb_toggle title=\u00bb\u00bfQu\u00e9 necesito para cursar ense\u00f1anzas para personas adultas?\u00bb _builder_version=\u00bb4.24.2&#8243; _module_preset=\u00bbdefault\u00bb global_colors_info=\u00bb{}\u00bb]<\/p>\n<ul>\n<li id=\"9a5421bd-1d6a-484d-b4f8-2f47177f3e22\" class=\"genially-view-item genially-view-text interparagraph_small genially-view-text-indent-list-v4 genially-view-text-indent-paragraph-v5\" data-cy=\"textItemView\" data-genially-id=\"60983f27f72e040d45edcf22\">Capacidad para&nbsp;<strong>autogestionar el tiempo<\/strong>&nbsp;dedicado a resolver las tareas y actividades propuestas y a propiciar el&nbsp;<strong>correcto seguimiento del curso<\/strong>. Antes de realizar tu matr\u00edcula, piensa en el tiempo de que dispones y&nbsp;<strong>planifica una matr\u00edcula responsable<\/strong>, con un volumen asumible de materias.<\/li>\n<li data-cy=\"textItemView\" data-genially-id=\"60983f27f72e040d45edcf22\">Una&nbsp;<strong>planificaci\u00f3n eficaz del estudio<\/strong>, que te permita compaginarlo con tus actividades laborales o tus circunstancias personales. Necesitas&nbsp;<strong>constancia<\/strong>&nbsp;y buscar el&nbsp;<strong>apoyo de tu profesorado<\/strong>.<\/li>\n<li data-cy=\"textItemView\" data-genially-id=\"60983f27f72e040d45edcf22\"><strong>Especialmente en el caso de las modalidades semipresencial y a distancia<\/strong>, necesitar\u00e1s:\n<ul>\n<li>\n<ul>\n<li data-cy=\"textItemView\" data-genially-id=\"60983f27f72e040d45edcf22\">Acceso a un ordenador (PC o port\u00e1til) y&nbsp;<strong>conexi\u00f3n estable a Internet<\/strong>. No es posible seguir el curso de manera id\u00f3nea con un dispositivo m\u00f3vil.<\/li>\n<li data-cy=\"textItemView\" data-genially-id=\"60983f27f72e040d45edcf22\"><strong>Conocimientos b\u00e1sicos de navegaci\u00f3n<\/strong>&nbsp;por Internet y de gesti\u00f3n del correo electr\u00f3nico. El centro proporcionar\u00e1 los tutoriales necesarios para el uso de las plataformas de aprendizaje, a trav\u00e9s de las que acceder\u00e1s a los contenidos y materiales de aprendizaje y la comunicaci\u00f3n e interacci\u00f3n con el profesorado y con el resto del alumnado.<\/li>\n<\/ul>\n<\/li>\n<\/ul>\n<\/li>\n<\/ul>\n<p>[\/et_pb_toggle][et_pb_toggle title=\u00bb\u00bfPuedo anular o modificar la matr\u00edcula?\u00bb _builder_version=\u00bb4.24.2&#8243; _module_preset=\u00bbdefault\u00bb global_colors_info=\u00bb{}\u00bb]<\/p>\n<ul>\n<li id=\"9a5421bd-1d6a-484d-b4f8-2f47177f3e22\" class=\"genially-view-item genially-view-text interparagraph_small genially-view-text-indent-list-v4 genially-view-text-indent-paragraph-v5\" data-cy=\"textItemView\" data-genially-id=\"60983f27f72e040d45edcf22\">El r\u00e9gimen de ense\u00f1anzas para personas adultas&nbsp;<strong>no prev\u00e9 la anulaci\u00f3n de matr\u00edcula<\/strong>&nbsp;una vez hecha efectiva. Este proceso es solo posible en casos excepcionales debidamente documentados, como cambios laborales inesperados o situaciones graves de salud. Si el motivo que se acredita no est\u00e1 encuadrado dentro de la normativa o la circunstancia sobrevenida es anterior a la fecha de la matr\u00edcula, la anulaci\u00f3n no ser\u00e1 posible. En caso de abandono de las materias por parte del estudiante, este&nbsp;<strong>agotar\u00e1 las 2 convocatorias<\/strong>&nbsp;de las que consta un a\u00f1o acad\u00e9mico (en Secundaria y Bachillerato).Si se est\u00e1 en uno de los casos previstos por la normativa, para poder anular una matr\u00edcula se debe solicitar el impreso de anulaci\u00f3n en la secretaria del centro, rellenarlo, y presentarlo junto con la documentaci\u00f3n que justifique el motivo de la anulaci\u00f3n.Es posible solicitar la&nbsp;<strong>modificaci\u00f3n<\/strong>&nbsp;<strong>de la matr\u00edcula<\/strong>&nbsp; efectuada inicialmente (en las asignaturas o por cambio de modalidad) solo hasta mediados de octubre. Fechas m\u00e1s avanzadas desaconsejan una modificaci\u00f3n. Se establece esa fecha porque es un per\u00edodo suficientemente amplio para que el estudiante conozca la din\u00e1mica de la asignatura y, por otro lado, no afecte al funcionamiento y desarrollo de las clases y ex\u00e1menes de la materia en cuesti\u00f3n.<\/li>\n<\/ul>\n<p>[\/et_pb_toggle][et_pb_toggle title=\u00bbSoy extranjero. \u00bfQu\u00e9 puedo estudiar?\u00bb _builder_version=\u00bb4.24.2&#8243; _module_preset=\u00bbdefault\u00bb global_colors_info=\u00bb{}\u00bb]<\/p>\n<ul>\n<li id=\"9a5421bd-1d6a-484d-b4f8-2f47177f3e22\" class=\"genially-view-item genially-view-text interparagraph_small genially-view-text-indent-list-v4 genially-view-text-indent-paragraph-v5\" data-cy=\"textItemView\" data-genially-id=\"60983f27f72e040d45edcf22\">Dependiendo de tu pa\u00eds de origen, si has realizado estudios previos en tu pa\u00eds, lo habitual es que&nbsp;<strong>necesites tramitar la homologaci\u00f3n del t\u00edtulo acad\u00e9mico<\/strong>.&nbsp; Lo primero que debes hacer es homologarlo previamente dirigi\u00e9ndote a la&nbsp;<a href=\"https:\/\/www.mecd.gob.es\/dctm\/ministerio\/educacion\/universidades\/educacion-superior-universitaria\/titulos\/2011-delegacionessubdelegaciones.pdf?documentId=0901e72b80ff8e3f\" target=\"_blank\" rel=\"noopener\">Alta Inspecci\u00f3n de Educaci\u00f3n<\/a>, en la Subdelegaci\u00f3n de Gobierno en Sevilla. Conocer qu\u00e9 equivalencia tiene tu t\u00edtulo en el sistema educativo espa\u00f1ol te permitir\u00e1 elegir correctamente la ense\u00f1anza que quieres iniciar.Lo usual es que tus estudios previos no te permitan inicialmente m\u00e1s que el acceso a la Secundaria para personas adultas,&nbsp; que tiene dos niveles o cursos (Nivel I y Nivel II). Pero es posible que tus conocimientos te permitan pasar directamente al Nivel II sin cursar el primero. Para ello, debes solicitar la realizaci\u00f3n de una prueba de valoraci\u00f3n inicial (Prueba VIA), que&nbsp; si superas podr\u00eda permitirte situarte directamente en el Nivel II.<\/li>\n<\/ul>\n<p>[\/et_pb_toggle][\/et_pb_column][\/et_pb_row][\/et_pb_section]<\/p>\n","protected":false},"excerpt":{"rendered":"<p>Cualquier persona&nbsp;mayor de 18 a\u00f1os, que no tenga agotadas las convocatorias. El alumnado menor de 18 a\u00f1os que, en base a algunas de las circunstancias previstas por la ley, quiera matricularse en el centro tiene que pedir una autorizaci\u00f3n previa a la Inspecci\u00f3n Educativa, y \u00e9sta resolver\u00e1 a favor o denegando, en funci\u00f3n de la [&hellip;]<\/p>\n","protected":false},"author":17579,"featured_media":0,"parent":0,"menu_order":0,"comment_status":"closed","ping_status":"closed","template":"","meta":{"_et_pb_use_builder":"on","_et_pb_old_content":"","_et_gb_content_width":"","ngg_post_thumbnail":0,"footnotes":""},"aioseo_notices":[],"_links":{"self":[{"href":"https:\/\/blogsaverroes.juntadeandalucia.es\/ipephuelva\/wp-json\/wp\/v2\/pages\/1532"}],"collection":[{"href":"https:\/\/blogsaverroes.juntadeandalucia.es\/ipephuelva\/wp-json\/wp\/v2\/pages"}],"about":[{"href":"https:\/\/blogsaverroes.juntadeandalucia.es\/ipephuelva\/wp-json\/wp\/v2\/types\/page"}],"author":[{"embeddable":true,"href":"https:\/\/blogsaverroes.juntadeandalucia.es\/ipephuelva\/wp-json\/wp\/v2\/users\/17579"}],"replies":[{"embeddable":true,"href":"https:\/\/blogsaverroes.juntadeandalucia.es\/ipephuelva\/wp-json\/wp\/v2\/comments?post=1532"}],"version-history":[{"count":28,"href":"https:\/\/blogsaverroes.juntadeandalucia.es\/ipephuelva\/wp-json\/wp\/v2\/pages\/1532\/revisions"}],"predecessor-version":[{"id":1677,"href":"https:\/\/blogsaverroes.juntadeandalucia.es\/ipephuelva\/wp-json\/wp\/v2\/pages\/1532\/revisions\/1677"}],"wp:attachment":[{"href":"https:\/\/blogsaverroes.juntadeandalucia.es\/ipephuelva\/wp-json\/wp\/v2\/media?parent=1532"}],"curies":[{"name":"wp","href":"https:\/\/api.w.org\/{rel}","templated":true}]}}