{"id":1421,"date":"2024-05-19T13:42:26","date_gmt":"2024-05-19T11:42:26","guid":{"rendered":"https:\/\/blogsaverroes.juntadeandalucia.es\/isabelfernandezanta\/?page_id=1421"},"modified":"2024-05-19T13:42:37","modified_gmt":"2024-05-19T11:42:37","slug":"blogs-curso-23-24","status":"publish","type":"page","link":"https:\/\/blogsaverroes.juntadeandalucia.es\/isabelfernandezanta\/blogs-curso-23-24\/","title":{"rendered":"Blogs Curso 23\/24"},"content":{"rendered":"<table style=\"border-collapse: collapse;width: 100%\">\n<tbody>\n<tr>\n<td style=\"width: 100%\">\n<h2 style=\"text-align: center\"><span style=\"font-size: 24pt\"><em><strong>2\u00ba BACHILLERATO TIC<\/strong><\/em><\/span><\/h2>\n<\/td>\n<\/tr>\n<tr>\n<td style=\"width: 100%\"><span style=\"font-size: 12pt\"><a href=\"http:\/\/tic2bachlgp.wordpress.com\"><img loading=\"lazy\" decoding=\"async\" class=\"size-medium wp-image-483 alignright\" src=\"https:\/\/blogsaverroes.juntadeandalucia.es\/isabelfernandezanta\/files\/2022\/10\/Blog_1-300x225.jpg\" alt=\"\" width=\"300\" height=\"225\" srcset=\"https:\/\/blogsaverroes.juntadeandalucia.es\/isabelfernandezanta\/files\/2022\/10\/Blog_1-300x225.jpg 300w, https:\/\/blogsaverroes.juntadeandalucia.es\/isabelfernandezanta\/files\/2022\/10\/Blog_1.jpg 400w\" sizes=\"(max-width: 300px) 100vw, 300px\" \/><\/a><\/span><\/p>\n<ul>\n<li><span class=\"\"><a href=\"https:\/\/drive.google.com\/drive\/u\/2\/folders\/1nX0SsW3xCczNthkIGEvs2L_6x_oM-DRW\" target=\"_blank\" rel=\"noopener\"><span style=\"font-family: georgia, palatino, serif;font-size: 14pt\">Iker Alonso Rueda<\/span><\/a><\/span><\/li>\n<li><span class=\"\" style=\"font-family: georgia, palatino, serif;font-size: 14pt\"><a href=\"https:\/\/drive.google.com\/drive\/u\/2\/folders\/1ycPh2FXBpYbFqswHetBru6EaHsfNhpBR\" target=\"_blank\" rel=\"noopener\">Adam Boussof<\/a><\/span><\/li>\n<li><span class=\"\" style=\"font-family: georgia, palatino, serif;font-size: 14pt\"><a href=\"https:\/\/drive.google.com\/drive\/folders\/1A3CagGGYxKAJTiABB5DZ3XU_QWSeMdPV\" target=\"_blank\" rel=\"noopener\">Carlos Cast\u00e1n Medina<\/a><\/span><\/li>\n<li><span class=\"\" style=\"font-family: georgia, palatino, serif;font-size: 14pt\"><a href=\"https:\/\/drive.google.com\/drive\/u\/2\/folders\/1W2HLuDXBO6jzsVXcov64K-bUqFJM5K_W\" target=\"_blank\" rel=\"noopener\">Arm\u00e1n D\u00edaz Fenina<\/a><\/span><\/li>\n<li id=\"yui_3_17_2_1_1716117772489_58\"><span id=\"yui_3_17_2_1_1716117772489_57\" class=\"\" style=\"font-family: georgia, palatino, serif;font-size: 14pt\"><a id=\"yui_3_17_2_1_1716117772489_56\" href=\"https:\/\/drive.google.com\/drive\/u\/2\/folders\/1OzzttUuYtXDR_DfMbXXtvlVUv5UAWsKb?usp=sharing&amp;pli=1\" target=\"_blank\" rel=\"noopener\">Iliaria Giodarno<\/a><\/span><\/li>\n<li><span class=\"\" style=\"font-family: georgia, palatino, serif;font-size: 14pt\"><a href=\"https:\/\/drive.google.com\/drive\/u\/2\/folders\/1JTU1iAMdQBjo-I3AkKO-N1z1Tu6cXh1H\" target=\"_blank\" rel=\"noopener\">Alejandro Mart\u00edn Platero<\/a><\/span><\/li>\n<li><span class=\"\" style=\"font-family: georgia, palatino, serif;font-size: 14pt\"><a href=\"https:\/\/drive.google.com\/drive\/u\/1\/folders\/1IBlOJNsZy9r-aHFCnQBR74chs3its6Ww\" target=\"_blank\" rel=\"noopener\">Lorenzo Mena Mu\u00f1oz<\/a><\/span><\/li>\n<li><span class=\"\" style=\"font-family: georgia, palatino, serif;font-size: 14pt\"><a href=\"https:\/\/drive.google.com\/drive\/u\/2\/folders\/1vdhlQpuwDs1KwwQLoA47AYhfVc--XtFo\" target=\"_blank\" rel=\"noopener\">Ra\u00fal Moreno P\u00e9rez<\/a><\/span><\/li>\n<li><span class=\"\" style=\"font-family: georgia, palatino, serif;font-size: 14pt\"><a href=\"https:\/\/drive.google.com\/drive\/folders\/1Dl12w_uSi9dYptd7Uq3jNWM-DnrEJapT\" target=\"_blank\" rel=\"noopener\">Pablo Ortega Fern\u00e1ndez<\/a><\/span><\/li>\n<li><span class=\"\" style=\"font-family: georgia, palatino, serif;font-size: 14pt\"><a href=\"https:\/\/drive.google.com\/drive\/u\/2\/folders\/1CDgfOdaitF6L4VdExm3lNvh6ZKEF1k0E\" target=\"_blank\" rel=\"noopener\">Nicol\u00e1s Platero Rivas<\/a><\/span><\/li>\n<li><span class=\"\" style=\"font-family: georgia, palatino, serif;font-size: 14pt\"><a href=\"https:\/\/drive.google.com\/drive\/u\/1\/folders\/1TIzPH5a2V65ZhTohPyliU2ua7AilTgbG\" target=\"_blank\" rel=\"noopener\">Leandro Reyes Casanova<\/a><\/span><\/li>\n<\/ul>\n<\/td>\n<\/tr>\n<\/tbody>\n<\/table>\n","protected":false},"excerpt":{"rendered":"<p>2\u00ba BACHILLERATO TIC Iker Alonso Rueda Adam Boussof Carlos Cast\u00e1n Medina Arm\u00e1n D\u00edaz Fenina Iliaria Giodarno Alejandro Mart\u00edn Platero Lorenzo Mena Mu\u00f1oz Ra\u00fal Moreno P\u00e9rez&hellip;<\/p>\n","protected":false},"author":9805,"featured_media":0,"parent":0,"menu_order":0,"comment_status":"closed","ping_status":"closed","template":"","meta":{"ngg_post_thumbnail":0,"footnotes":""},"aioseo_notices":[],"_links":{"self":[{"href":"https:\/\/blogsaverroes.juntadeandalucia.es\/isabelfernandezanta\/wp-json\/wp\/v2\/pages\/1421"}],"collection":[{"href":"https:\/\/blogsaverroes.juntadeandalucia.es\/isabelfernandezanta\/wp-json\/wp\/v2\/pages"}],"about":[{"href":"https:\/\/blogsaverroes.juntadeandalucia.es\/isabelfernandezanta\/wp-json\/wp\/v2\/types\/page"}],"author":[{"embeddable":true,"href":"https:\/\/blogsaverroes.juntadeandalucia.es\/isabelfernandezanta\/wp-json\/wp\/v2\/users\/9805"}],"replies":[{"embeddable":true,"href":"https:\/\/blogsaverroes.juntadeandalucia.es\/isabelfernandezanta\/wp-json\/wp\/v2\/comments?post=1421"}],"version-history":[{"count":2,"href":"https:\/\/blogsaverroes.juntadeandalucia.es\/isabelfernandezanta\/wp-json\/wp\/v2\/pages\/1421\/revisions"}],"predecessor-version":[{"id":1424,"href":"https:\/\/blogsaverroes.juntadeandalucia.es\/isabelfernandezanta\/wp-json\/wp\/v2\/pages\/1421\/revisions\/1424"}],"wp:attachment":[{"href":"https:\/\/blogsaverroes.juntadeandalucia.es\/isabelfernandezanta\/wp-json\/wp\/v2\/media?parent=1421"}],"curies":[{"name":"wp","href":"https:\/\/api.w.org\/{rel}","templated":true}]}}