{"id":88,"date":"2019-02-17T14:49:04","date_gmt":"2019-02-17T14:49:04","guid":{"rendered":"https:\/\/blogsaverroes.juntadeandalucia.es\/jaimebassteacher\/?page_id=88"},"modified":"2019-02-17T15:00:12","modified_gmt":"2019-02-17T15:00:12","slug":"ultimas-noticias","status":"publish","type":"page","link":"https:\/\/blogsaverroes.juntadeandalucia.es\/jaimebassteacher\/ultimas-noticias\/","title":{"rendered":"\u00daLTIMAS NOTICIAS"},"content":{"rendered":"<p>El pr\u00f3ximo mi\u00e9rcoles, 27 de febrero, despu\u00e9s del desayuno molinero, la orquesta del cole tocar\u00e1, en el patio, varias canciones andaluzas:<\/p>\n<ul style=\"list-style-type: square\">\n<li>Zorongo gitano<\/li>\n<li>Las tres hojas<\/li>\n<li>Sevillanas cl\u00e1sicas<\/li>\n<li>Himno de Andaluc\u00eda<\/li>\n<\/ul>\n","protected":false},"excerpt":{"rendered":"<p>El pr\u00f3ximo mi\u00e9rcoles, 27 de febrero, despu\u00e9s del desayuno molinero, la orquesta del cole tocar\u00e1, en el patio, varias canciones andaluzas: Zorongo gitano Las tres hojas Sevillanas cl\u00e1sicas Himno de Andaluc\u00eda<\/p>\n","protected":false},"author":6168,"featured_media":0,"parent":0,"menu_order":0,"comment_status":"closed","ping_status":"closed","template":"","meta":{"ngg_post_thumbnail":0,"footnotes":""},"aioseo_notices":[],"_links":{"self":[{"href":"https:\/\/blogsaverroes.juntadeandalucia.es\/jaimebassteacher\/wp-json\/wp\/v2\/pages\/88"}],"collection":[{"href":"https:\/\/blogsaverroes.juntadeandalucia.es\/jaimebassteacher\/wp-json\/wp\/v2\/pages"}],"about":[{"href":"https:\/\/blogsaverroes.juntadeandalucia.es\/jaimebassteacher\/wp-json\/wp\/v2\/types\/page"}],"author":[{"embeddable":true,"href":"https:\/\/blogsaverroes.juntadeandalucia.es\/jaimebassteacher\/wp-json\/wp\/v2\/users\/6168"}],"replies":[{"embeddable":true,"href":"https:\/\/blogsaverroes.juntadeandalucia.es\/jaimebassteacher\/wp-json\/wp\/v2\/comments?post=88"}],"version-history":[{"count":1,"href":"https:\/\/blogsaverroes.juntadeandalucia.es\/jaimebassteacher\/wp-json\/wp\/v2\/pages\/88\/revisions"}],"predecessor-version":[{"id":90,"href":"https:\/\/blogsaverroes.juntadeandalucia.es\/jaimebassteacher\/wp-json\/wp\/v2\/pages\/88\/revisions\/90"}],"wp:attachment":[{"href":"https:\/\/blogsaverroes.juntadeandalucia.es\/jaimebassteacher\/wp-json\/wp\/v2\/media?parent=88"}],"curies":[{"name":"wp","href":"https:\/\/api.w.org\/{rel}","templated":true}]}}

ÚLTIMAS NOTICIAS

<p>El próximo miércoles, 27 de febrero, después del desayuno molinero, la orquesta del cole tocará, en el patio, varias canciones andaluzas:</p>
<ul style="list-style-type: square">
<li>Zorongo gitano</li>
<li>Las tres hojas</li>
<li>Sevillanas clásicas</li>
<li>Himno de Andalucía</li>
</ul>

<p>El próximo miércoles, 27 de febrero, después del desayuno molinero, la orquesta del cole tocará, en el patio, varias canciones andaluzas: Zorongo gitano Las tres hojas Sevillanas clásicas Himno de Andalucía</p>
