{"id":96,"date":"2019-02-18T00:22:21","date_gmt":"2019-02-18T00:22:21","guid":{"rendered":"https:\/\/blogsaverroes.juntadeandalucia.es\/jaimebassteacher\/?page_id=96"},"modified":"2019-02-26T21:11:23","modified_gmt":"2019-02-26T20:11:23","slug":"hola","status":"publish","type":"page","link":"https:\/\/blogsaverroes.juntadeandalucia.es\/jaimebassteacher\/","title":{"rendered":"\u00a1HOLA!"},"content":{"rendered":"<p>Hola, chicos. Hola, chicas.<\/p>\n<p>En este blog espero que encontr\u00e9is muchas curiosidades que os acerquen al maravilloso mundo de la M\u00fasica, a los contenidos que vamos viendo en las clases y tambi\u00e9n a los materiales que vamos trabajando en ingl\u00e9s.<\/p>\n<p>Tambi\u00e9n encontrar\u00e9is algunos trabajos de los que hacemos en clase.<\/p>\n<p>Y si ten\u00e9is dudas, sugerencias o consultas, en \u00abcontacta conmigo\u00bb me encontrar\u00e9is.<\/p>\n","protected":false},"excerpt":{"rendered":"<p>Hola, chicos. Hola, chicas. En este blog espero que encontr\u00e9is muchas curiosidades que os acerquen al maravilloso mundo de la M\u00fasica, a los contenidos que vamos viendo en las clases y tambi\u00e9n a los&#46;&#46;&#46;<\/p>\n","protected":false},"author":6168,"featured_media":0,"parent":0,"menu_order":0,"comment_status":"closed","ping_status":"closed","template":"","meta":{"ngg_post_thumbnail":0,"footnotes":""},"aioseo_notices":[],"_links":{"self":[{"href":"https:\/\/blogsaverroes.juntadeandalucia.es\/jaimebassteacher\/wp-json\/wp\/v2\/pages\/96"}],"collection":[{"href":"https:\/\/blogsaverroes.juntadeandalucia.es\/jaimebassteacher\/wp-json\/wp\/v2\/pages"}],"about":[{"href":"https:\/\/blogsaverroes.juntadeandalucia.es\/jaimebassteacher\/wp-json\/wp\/v2\/types\/page"}],"author":[{"embeddable":true,"href":"https:\/\/blogsaverroes.juntadeandalucia.es\/jaimebassteacher\/wp-json\/wp\/v2\/users\/6168"}],"replies":[{"embeddable":true,"href":"https:\/\/blogsaverroes.juntadeandalucia.es\/jaimebassteacher\/wp-json\/wp\/v2\/comments?post=96"}],"version-history":[{"count":7,"href":"https:\/\/blogsaverroes.juntadeandalucia.es\/jaimebassteacher\/wp-json\/wp\/v2\/pages\/96\/revisions"}],"predecessor-version":[{"id":198,"href":"https:\/\/blogsaverroes.juntadeandalucia.es\/jaimebassteacher\/wp-json\/wp\/v2\/pages\/96\/revisions\/198"}],"wp:attachment":[{"href":"https:\/\/blogsaverroes.juntadeandalucia.es\/jaimebassteacher\/wp-json\/wp\/v2\/media?parent=96"}],"curies":[{"name":"wp","href":"https:\/\/api.w.org\/{rel}","templated":true}]}}