{"id":1608,"date":"2022-02-26T09:26:46","date_gmt":"2022-02-26T08:26:46","guid":{"rendered":"https:\/\/blogsaverroes.juntadeandalucia.es\/jhalcausa\/?page_id=1608"},"modified":"2022-02-26T09:51:54","modified_gmt":"2022-02-26T08:51:54","slug":"steam","status":"publish","type":"page","link":"https:\/\/blogsaverroes.juntadeandalucia.es\/jhalcausa\/steam\/","title":{"rendered":"STEAM"},"content":{"rendered":"<p>[et_pb_section fb_built=&#8221;1&#8243; _builder_version=&#8221;3.23.3&#8243; custom_padding=&#8221;0px||0px|&#8221; z_index_tablet=&#8221;500&#8243; box_shadow_horizontal_tablet=&#8221;0px&#8221; box_shadow_vertical_tablet=&#8221;0px&#8221; box_shadow_blur_tablet=&#8221;40px&#8221; box_shadow_spread_tablet=&#8221;0px&#8221; global_colors_info=&#8221;{}&#8221;][et_pb_row _builder_version=&#8221;3.25&#8243; background_size=&#8221;initial&#8221; background_position=&#8221;top_left&#8221; background_repeat=&#8221;repeat&#8221; global_colors_info=&#8221;{}&#8221;][et_pb_column type=&#8221;4_4&#8243; _builder_version=&#8221;3.25&#8243; custom_padding=&#8221;|||&#8221; global_colors_info=&#8221;{}&#8221; custom_padding__hover=&#8221;|||&#8221;][et_pb_image src=&#8221;https:\/\/blogsaverroes.juntadeandalucia.es\/jhalcausa\/files\/2022\/02\/STEAM.jpg&#8221; title_text=&#8221;STEAM&#8221; align=&#8221;center&#8221; admin_label=&#8221;Imagen de la portada&#8221; _builder_version=&#8221;4.14.5&#8243; module_alignment=&#8221;center&#8221; min_height=&#8221;253px&#8221; height=&#8221;241px&#8221; max_height=&#8221;251px&#8221; animation_style=&#8221;bounce&#8221; z_index_tablet=&#8221;500&#8243; box_shadow_horizontal_tablet=&#8221;0px&#8221; box_shadow_vertical_tablet=&#8221;0px&#8221; box_shadow_blur_tablet=&#8221;40px&#8221; box_shadow_spread_tablet=&#8221;0px&#8221; global_colors_info=&#8221;{}&#8221;][\/et_pb_image][\/et_pb_column][\/et_pb_row][et_pb_row _builder_version=&#8221;4.14.5&#8243; _module_preset=&#8221;default&#8221; global_colors_info=&#8221;{}&#8221;][et_pb_column type=&#8221;4_4&#8243; _builder_version=&#8221;4.14.5&#8243; _module_preset=&#8221;default&#8221; global_colors_info=&#8221;{}&#8221;][et_pb_text _builder_version=&#8221;4.14.5&#8243; _module_preset=&#8221;default&#8221; hover_enabled=&#8221;0&#8243; global_colors_info=&#8221;{}&#8221; sticky_enabled=&#8221;0&#8243;]<\/p>\n<p>Damos al bienvenida al nuevo espacio de nuestra web en el que se dar\u00e1 difusi\u00f3n a las actividades STEAM que se realizan en nuestro centro.<\/p>\n<p>Desde hace varios cursos llevamos implantando en el tercer ciclo un desarrollo del pensamiento computacional, programaci\u00f3n y rob\u00f3tica que han convertido a nuestro centro en un referente en esta metodolog\u00eda.<\/p>\n<p>En el curso 2021-2022 hemos desarrollado un \u00e1rea de creaci\u00f3n propia llamada <strong><span style=\"color: #ff9900\">STEAM<\/span><\/strong> (acr\u00f3nimo de Ciencia, Tecnolog\u00eda, Ingenier\u00eda, Arte y Matem\u00e1ticas) que impartimos en el tercer ciclo (5\u00ba y 6\u00ba de Primaria), donde queremos sistematizar nuestra tarea educativa y abarcar el trabajo lo m\u00e1s interdisciplinarmente y competencialmente posible.<\/p>\n<p><strong>\u00bfPor qu\u00e9 ense\u00f1amos STEAM en nuestro centro?<\/strong><\/p>\n<ul>\n<li style=\"font-weight: 400\"><span style=\"font-weight: 400\">Favorece la participaci\u00f3n activa del alumnado.<\/span><\/li>\n<li style=\"font-weight: 400\"><span style=\"font-weight: 400\">Mejora la capacidad para enfrentarse a la resoluci\u00f3n problemas reales, abiertos y a medio y largo plazo.<\/span><\/li>\n<li style=\"font-weight: 400\"><span style=\"font-weight: 400\">Mejora la evocaci\u00f3n de conceptos al trabajar con contenidos significativos para el alumnado.<\/span><\/li>\n<li style=\"font-weight: 400\"><span style=\"font-weight: 400\">Mejora la competencia digital.<\/span><\/li>\n<li style=\"font-weight: 400\"><span style=\"font-weight: 400\">Fomenta el trabajo colaborativo e individual.<\/span><\/li>\n<li style=\"font-weight: 400\"><span style=\"font-weight: 400\">Respeta y se sirve de las capacidades individuales para, de manera colaborativa, poder desarrollar proyectos m\u00e1s ricos y diversos en los que cada cual aporta.<\/span><\/li>\n<li style=\"font-weight: 400\"><span style=\"font-weight: 400\">Ofrece al alumnado una visi\u00f3n global del conocimiento, no parcelado.<\/span><\/li>\n<li style=\"font-weight: 400\"><span style=\"font-weight: 400\">Mejora el autocontrol al demorar las recompensas de los productos obtenidos en los proyectos.<\/span><\/li>\n<li style=\"font-weight: 400\"><span style=\"font-weight: 400\">Favorece la perseverancia gracias al ensayo\/error.<\/span><\/li>\n<li style=\"font-weight: 400\"><span style=\"font-weight: 400\">Potencia las habilidades comunicativas en la presentaci\u00f3n de los productos.<\/span><\/li>\n<li style=\"font-weight: 400\"><span style=\"font-weight: 400\">Estimula la autoestima y la confianza.<\/span><\/li>\n<li style=\"font-weight: 400\"><span style=\"font-weight: 400\">Entrena el pensamiento l\u00f3gico matem\u00e1tico.<\/span><\/li>\n<li style=\"font-weight: 400\"><span style=\"font-weight: 400\">Mejora la capacidad creativa y la imaginaci\u00f3n.<\/span><\/li>\n<li style=\"font-weight: 400\"><span style=\"font-weight: 400\">Desarrolla la gesti\u00f3n emocional.<\/span><\/li>\n<li style=\"font-weight: 400\"><span style=\"font-weight: 400\">Despierta el esp\u00edritu cr\u00edtico al conocer mejor la sociedad tecnol\u00f3gica en la que se desenvuelven.<\/span><\/li>\n<\/ul>\n<p>[\/et_pb_text][et_pb_text admin_label=&#8221;T\u00edtulo: nuestras activdidades&#8221; _builder_version=&#8221;4.14.5&#8243; _module_preset=&#8221;default&#8221; background_color=&#8221;#F0B800&#8243; global_colors_info=&#8221;{}&#8221;]<\/p>\n<p style=\"text-align: center\"><span style=\"font-size: 24pt;color: #008000\">NUESTRAS ACTIVIDADES<\/span><\/p>\n<p>[\/et_pb_text][et_pb_post_slider include_categories=&#8221;18&#8243; _builder_version=&#8221;4.14.5&#8243; _module_preset=&#8221;default&#8221; global_colors_info=&#8221;{}&#8221;][\/et_pb_post_slider][\/et_pb_column][\/et_pb_row][\/et_pb_section]<\/p>\n","protected":false},"excerpt":{"rendered":"<p>Damos al bienvenida al nuevo espacio de nuestra web en el que se dar\u00e1 difusi\u00f3n a las actividades STEAM que se realizan en nuestro centro. Desde hace varios cursos llevamos implantando en el tercer ciclo un desarrollo del pensamiento computacional, programaci\u00f3n y rob\u00f3tica que han convertido a nuestro centro en un referente en esta metodolog\u00eda. [&hellip;]<\/p>\n","protected":false},"author":13306,"featured_media":0,"parent":0,"menu_order":0,"comment_status":"closed","ping_status":"closed","template":"","meta":{"_et_pb_use_builder":"on","_et_pb_old_content":"","_et_gb_content_width":"","ngg_post_thumbnail":0,"footnotes":""},"aioseo_notices":[],"_links":{"self":[{"href":"https:\/\/blogsaverroes.juntadeandalucia.es\/jhalcausa\/wp-json\/wp\/v2\/pages\/1608"}],"collection":[{"href":"https:\/\/blogsaverroes.juntadeandalucia.es\/jhalcausa\/wp-json\/wp\/v2\/pages"}],"about":[{"href":"https:\/\/blogsaverroes.juntadeandalucia.es\/jhalcausa\/wp-json\/wp\/v2\/types\/page"}],"author":[{"embeddable":true,"href":"https:\/\/blogsaverroes.juntadeandalucia.es\/jhalcausa\/wp-json\/wp\/v2\/users\/13306"}],"replies":[{"embeddable":true,"href":"https:\/\/blogsaverroes.juntadeandalucia.es\/jhalcausa\/wp-json\/wp\/v2\/comments?post=1608"}],"version-history":[{"count":14,"href":"https:\/\/blogsaverroes.juntadeandalucia.es\/jhalcausa\/wp-json\/wp\/v2\/pages\/1608\/revisions"}],"predecessor-version":[{"id":1642,"href":"https:\/\/blogsaverroes.juntadeandalucia.es\/jhalcausa\/wp-json\/wp\/v2\/pages\/1608\/revisions\/1642"}],"wp:attachment":[{"href":"https:\/\/blogsaverroes.juntadeandalucia.es\/jhalcausa\/wp-json\/wp\/v2\/media?parent=1608"}],"curies":[{"name":"wp","href":"https:\/\/api.w.org\/{rel}","templated":true}]}}