{"id":64,"date":"2020-01-09T11:41:42","date_gmt":"2020-01-09T10:41:42","guid":{"rendered":"http:\/\/blogsaverroes.juntadeandalucia.es\/pre\/nuevoceipv2\/?page_id=64"},"modified":"2021-08-29T12:28:33","modified_gmt":"2021-08-29T11:28:33","slug":"biblioteca","status":"publish","type":"page","link":"https:\/\/blogsaverroes.juntadeandalucia.es\/jhalcausa\/biblioteca\/","title":{"rendered":"Biblioteca"},"content":{"rendered":"<p>[et_pb_section fb_built=&#8221;1&#8243; disabled_on=&#8221;off|off|off&#8221; _builder_version=&#8221;3.23.3&#8243; custom_padding=&#8221;0px||0px|&#8221; z_index_tablet=&#8221;500&#8243; box_shadow_horizontal_tablet=&#8221;0px&#8221; box_shadow_vertical_tablet=&#8221;0px&#8221; box_shadow_blur_tablet=&#8221;40px&#8221; box_shadow_spread_tablet=&#8221;0px&#8221;][et_pb_row column_structure=&#8221;1_4,1_2,1_4&#8243; _builder_version=&#8221;4.5.0&#8243; background_size=&#8221;initial&#8221; background_position=&#8221;top_left&#8221; background_repeat=&#8221;repeat&#8221; hover_enabled=&#8221;0&#8243;][et_pb_column type=&#8221;1_4&#8243; _builder_version=&#8221;3.0.47&#8243; custom_padding=&#8221;|||&#8221; custom_padding__hover=&#8221;|||&#8221;][et_pb_blurb title=&#8221;Plan de trabajo 2020-2021 Biblioteca Escolar \u201cLos Olivos\u201d&#8221; url=&#8221;https:\/\/drive.google.com\/file\/d\/1OkdnLBXHCSb8HcSHEe89KNCRcnibvthg\/view?usp=sharing&#8221; url_new_window=&#8221;on&#8221; use_icon=&#8221;on&#8221; font_icon=&#8221;%%76%%&#8221; admin_label=&#8221;Plan de trabajo&#8221; _builder_version=&#8221;4.5.0&#8243; _module_preset=&#8221;default&#8221; link_option_url=&#8221;https:\/\/drive.google.com\/file\/d\/1OkdnLBXHCSb8HcSHEe89KNCRcnibvthg\/view?usp=sharing&#8221; link_option_url_new_window=&#8221;on&#8221; hover_enabled=&#8221;0&#8243; background_color=&#8221;#f9e5f9&#8243;][\/et_pb_blurb][et_pb_blurb title=&#8221;XIII Reconocimiento a la Labor Bibliotecaria&#8221; url=&#8221;https:\/\/blogsaverroes.juntadeandalucia.es\/becreadelegacionmalaga\/2020\/03\/05\/xiii-reconocimiento-a-la-labor-bibliotecaria\/&#8221; url_new_window=&#8221;on&#8221; image=&#8221;https:\/\/blogsaverroes.juntadeandalucia.es\/jhalcausa\/files\/2021\/08\/Reconocimiento-biblioteca.png&#8221; admin_label=&#8221;Reconocimiento labor bibl&#8221; _builder_version=&#8221;4.5.0&#8243; _module_preset=&#8221;default&#8221; link_option_url=&#8221;https:\/\/blogsaverroes.juntadeandalucia.es\/becreadelegacionmalaga\/2020\/03\/05\/xiii-reconocimiento-a-la-labor-bibliotecaria\/&#8221; link_option_url_new_window=&#8221;on&#8221;]<\/p>\n<p>El martes 3 de marzo de 2018, tuvo lugar en el sal\u00f3n de actos de la Universidad de Telecomunicaciones de M\u00e1laga la reuni\u00f3n de la Red de Bibliotecas Escolares y el XIII Reconocimiento a la Labor Bibliotecaria.<\/p>\n<p>[\/et_pb_blurb][\/et_pb_column][et_pb_column type=&#8221;1_2&#8243; _builder_version=&#8221;3.0.47&#8243; custom_padding=&#8221;|||&#8221; custom_padding__hover=&#8221;|||&#8221;][et_pb_image src=&#8221;https:\/\/blogsaverroes.juntadeandalucia.es\/jhalcausa\/files\/2021\/08\/Bibliotecainfantil_detalle-1.jpeg&#8221; title_text=&#8221;Bibliotecainfantil_detalle (1)&#8221; admin_label=&#8221;Imagen de la portada&#8221; _builder_version=&#8221;4.5.0&#8243; vertical_offset_tablet=&#8221;0&#8243; horizontal_offset_tablet=&#8221;0&#8243; z_index_tablet=&#8221;500&#8243; box_shadow_horizontal_tablet=&#8221;0px&#8221; box_shadow_vertical_tablet=&#8221;0px&#8221; box_shadow_blur_tablet=&#8221;40px&#8221; box_shadow_spread_tablet=&#8221;0px&#8221;][\/et_pb_image][et_pb_text admin_label=&#8221;Texto descriptivo&#8221; _builder_version=&#8221;4.5.0&#8243; z_index_tablet=&#8221;500&#8243; text_text_shadow_horizontal_length_tablet=&#8221;0px&#8221; text_text_shadow_vertical_length_tablet=&#8221;0px&#8221; text_text_shadow_blur_strength_tablet=&#8221;1px&#8221; link_text_shadow_horizontal_length_tablet=&#8221;0px&#8221; link_text_shadow_vertical_length_tablet=&#8221;0px&#8221; link_text_shadow_blur_strength_tablet=&#8221;1px&#8221; ul_text_shadow_horizontal_length_tablet=&#8221;0px&#8221; ul_text_shadow_vertical_length_tablet=&#8221;0px&#8221; ul_text_shadow_blur_strength_tablet=&#8221;1px&#8221; ol_text_shadow_horizontal_length_tablet=&#8221;0px&#8221; ol_text_shadow_vertical_length_tablet=&#8221;0px&#8221; ol_text_shadow_blur_strength_tablet=&#8221;1px&#8221; quote_text_shadow_horizontal_length_tablet=&#8221;0px&#8221; quote_text_shadow_vertical_length_tablet=&#8221;0px&#8221; quote_text_shadow_blur_strength_tablet=&#8221;1px&#8221; header_text_shadow_horizontal_length_tablet=&#8221;0px&#8221; header_text_shadow_vertical_length_tablet=&#8221;0px&#8221; header_text_shadow_blur_strength_tablet=&#8221;1px&#8221; header_2_text_shadow_horizontal_length_tablet=&#8221;0px&#8221; header_2_text_shadow_vertical_length_tablet=&#8221;0px&#8221; header_2_text_shadow_blur_strength_tablet=&#8221;1px&#8221; header_3_text_shadow_horizontal_length_tablet=&#8221;0px&#8221; header_3_text_shadow_vertical_length_tablet=&#8221;0px&#8221; header_3_text_shadow_blur_strength_tablet=&#8221;1px&#8221; header_4_text_shadow_horizontal_length_tablet=&#8221;0px&#8221; header_4_text_shadow_vertical_length_tablet=&#8221;0px&#8221; header_4_text_shadow_blur_strength_tablet=&#8221;1px&#8221; header_5_text_shadow_horizontal_length_tablet=&#8221;0px&#8221; header_5_text_shadow_vertical_length_tablet=&#8221;0px&#8221; header_5_text_shadow_blur_strength_tablet=&#8221;1px&#8221; header_6_text_shadow_horizontal_length_tablet=&#8221;0px&#8221; header_6_text_shadow_vertical_length_tablet=&#8221;0px&#8221; header_6_text_shadow_blur_strength_tablet=&#8221;1px&#8221; box_shadow_horizontal_tablet=&#8221;0px&#8221; box_shadow_vertical_tablet=&#8221;0px&#8221; box_shadow_blur_tablet=&#8221;40px&#8221; box_shadow_spread_tablet=&#8221;0px&#8221;]<\/p>\n<h2>Biblioteca<\/h2>\n<p>Las bibliotecas escolares son recursos imprescindibles para la formaci\u00f3n del alumnado en una sociedad que demanda ciudadanos dotados de destreza para la consulta eficaz de las distintas fuentes informativas, la selecci\u00f3n cr\u00edtica de las informaciones y la construcci\u00f3n aut\u00f3noma del conocimiento. Son espacios privilegiados para el acercamiento a la lectura de textos literarios e informativos, en formato impreso, audiovisual o multimedia.<br \/>La biblioteca escolar ofrece la posibilidad de acceso igualitario a los recursos y a la cultura, independientemente del estado socioecon\u00f3mico de procedencia, actuando como un agente de compensaci\u00f3n social.<\/p>\n<p>[\/et_pb_text][\/et_pb_column][et_pb_column type=&#8221;1_4&#8243; _builder_version=&#8221;3.0.47&#8243; custom_padding=&#8221;|||&#8221; custom_padding__hover=&#8221;|||&#8221;][et_pb_image src=&#8221;https:\/\/blogsaverroes.juntadeandalucia.es\/jhalcausa\/files\/2021\/08\/biblioweb-seneca-cuadrado.jpeg&#8221; title_text=&#8221;biblioweb-seneca-cuadrado&#8221; url=&#8221;https:\/\/seneca.juntadeandalucia.es\/seneca\/biblioweb\/portal\/29601902&#8243; url_new_window=&#8221;on&#8221; admin_label=&#8221;Biblioweb&#8221; _builder_version=&#8221;4.5.0&#8243; _module_preset=&#8221;default&#8221; animation_style=&#8221;bounce&#8221;][\/et_pb_image][et_pb_image src=&#8221;https:\/\/blogsaverroes.juntadeandalucia.es\/jhalcausa\/files\/2021\/08\/Reconocimiento-biblioteca.png&#8221; title_text=&#8221;Reconocimiento biblioteca&#8221; url=&#8221;https:\/\/blogsaverroes.juntadeandalucia.es\/becreadelegacionmalaga\/&#8221; url_new_window=&#8221;on&#8221; admin_label=&#8221;Bibliotecas escolares M\u00e1laga&#8221; _builder_version=&#8221;4.5.0&#8243; _module_preset=&#8221;default&#8221; animation_style=&#8221;bounce&#8221;][\/et_pb_image][et_pb_image src=&#8221;https:\/\/blogsaverroes.juntadeandalucia.es\/jhalcausa\/files\/2021\/08\/lecturas-y-bibliotecas-escolares.jpeg&#8221; title_text=&#8221;lecturas y bibliotecas escolares&#8221; url=&#8221;https:\/\/www.juntadeandalucia.es\/educacion\/webportal\/web\/lecturas-y-bibliotecas-escolares&#8221; url_new_window=&#8221;on&#8221; admin_label=&#8221;Lecturas y bibliotecas escolares&#8221; _builder_version=&#8221;4.5.0&#8243; _module_preset=&#8221;default&#8221; animation_style=&#8221;bounce&#8221;][\/et_pb_image][et_pb_image src=&#8221;https:\/\/blogsaverroes.juntadeandalucia.es\/jhalcausa\/files\/2021\/08\/canal-lector.png&#8221; title_text=&#8221;canal lector&#8221; url=&#8221;https:\/\/www.canallector.com\/&#8221; url_new_window=&#8221;on&#8221; admin_label=&#8221;Canal lector&#8221; _builder_version=&#8221;4.5.0&#8243; _module_preset=&#8221;default&#8221; animation_style=&#8221;bounce&#8221;][\/et_pb_image][et_pb_image src=&#8221;https:\/\/blogsaverroes.juntadeandalucia.es\/jhalcausa\/files\/2021\/08\/El-transbordador.png&#8221; title_text=&#8221;El transbordador&#8221; url=&#8221;https:\/\/www.edicioneseltransbordador.com\/&#8221; url_new_window=&#8221;on&#8221; admin_label=&#8221;El transbordador&#8221; _builder_version=&#8221;4.5.0&#8243; _module_preset=&#8221;default&#8221; animation_style=&#8221;bounce&#8221;][\/et_pb_image][et_pb_image src=&#8221;https:\/\/blogsaverroes.juntadeandalucia.es\/jhalcausa\/files\/2021\/08\/antes-de-dormir.png&#8221; title_text=&#8221;antes de dormir&#8221; url=&#8221;https:\/\/antesdedormir.com.ar\/&#8221; url_new_window=&#8221;on&#8221; admin_label=&#8221;Antes de dormir&#8221; _builder_version=&#8221;4.5.0&#8243; _module_preset=&#8221;default&#8221; animation_style=&#8221;bounce&#8221;][\/et_pb_image][\/et_pb_column][\/et_pb_row][\/et_pb_section]<\/p>\n","protected":false},"excerpt":{"rendered":"<p>El martes 3 de marzo de 2018, tuvo lugar en el sal\u00f3n de actos de la Universidad de Telecomunicaciones de M\u00e1laga la reuni\u00f3n de la Red de Bibliotecas Escolares y el XIII Reconocimiento a la Labor Bibliotecaria.Biblioteca Las bibliotecas escolares son recursos imprescindibles para la formaci\u00f3n del alumnado en una sociedad que demanda ciudadanos dotados [&hellip;]<\/p>\n","protected":false},"author":13306,"featured_media":0,"parent":0,"menu_order":0,"comment_status":"closed","ping_status":"closed","template":"","meta":{"_et_pb_use_builder":"on","_et_pb_old_content":"","_et_gb_content_width":"","ngg_post_thumbnail":0,"footnotes":""},"aioseo_notices":[],"_links":{"self":[{"href":"https:\/\/blogsaverroes.juntadeandalucia.es\/jhalcausa\/wp-json\/wp\/v2\/pages\/64"}],"collection":[{"href":"https:\/\/blogsaverroes.juntadeandalucia.es\/jhalcausa\/wp-json\/wp\/v2\/pages"}],"about":[{"href":"https:\/\/blogsaverroes.juntadeandalucia.es\/jhalcausa\/wp-json\/wp\/v2\/types\/page"}],"author":[{"embeddable":true,"href":"https:\/\/blogsaverroes.juntadeandalucia.es\/jhalcausa\/wp-json\/wp\/v2\/users\/13306"}],"replies":[{"embeddable":true,"href":"https:\/\/blogsaverroes.juntadeandalucia.es\/jhalcausa\/wp-json\/wp\/v2\/comments?post=64"}],"version-history":[{"count":6,"href":"https:\/\/blogsaverroes.juntadeandalucia.es\/jhalcausa\/wp-json\/wp\/v2\/pages\/64\/revisions"}],"predecessor-version":[{"id":1104,"href":"https:\/\/blogsaverroes.juntadeandalucia.es\/jhalcausa\/wp-json\/wp\/v2\/pages\/64\/revisions\/1104"}],"wp:attachment":[{"href":"https:\/\/blogsaverroes.juntadeandalucia.es\/jhalcausa\/wp-json\/wp\/v2\/media?parent=64"}],"curies":[{"name":"wp","href":"https:\/\/api.w.org\/{rel}","templated":true}]}}