{"id":69,"date":"2019-01-18T18:41:23","date_gmt":"2019-01-18T18:41:23","guid":{"rendered":"https:\/\/blogsaverroes.juntadeandalucia.es\/josedelatorreydelcerro\/?page_id=69"},"modified":"2022-02-10T08:39:39","modified_gmt":"2022-02-10T08:39:39","slug":"nuestro-centro","status":"publish","type":"page","link":"https:\/\/blogsaverroes.juntadeandalucia.es\/josedelatorreydelcerro\/nuestro-centro\/","title":{"rendered":"NUESTRO CENTRO"},"content":{"rendered":"<h3 class=\"post-title entry-title\"><a href=\"http:\/\/josedelatorreydelcerro.blogspot.com\/p\/contacto.html\">Contacto<\/a><\/h3>\n<div class=\"post-header\">&nbsp;<\/div>\n<div class=\"post-body entry-content\">\n<p><b>CEIP Jos\u00e9 de la Torre y del Cerro<\/b><\/p>\n<p>C\u00f3digo de centro: 14001736<\/p>\n<p>Domicilio: Virrey Ceballos, 2&nbsp; C.P. 14.012 C\u00d3RDOBA<\/p>\n<p>Tfno. Conserjer\u00eda y Direcci\u00f3n: 957734711; Tfno. Corporativo: 580711;<\/p>\n<p>Tfno. Secretar\u00eda: 957734712<\/p>\n<p>M\u00f3vil corporativo: 671566039<\/p>\n<p>Correo electr\u00f3nico:&nbsp;<a href=\"mailto:14001736.edu@juntadeandalucia.es\">14001736.edu@juntadeandalucia.es<\/a><\/p>\n<\/div>\n<div>&nbsp;<\/div>\n<div><a href=\"https:\/\/www.google.es\/maps\/place\/Colegio+P%C3%BAblico+Jos%C3%A9+de+la+Torre+y+del+Cerro\/@37.9095477,-4.7808145,17z\/data=!3m1!4b1!4m5!3m4!1s0xd6cdf0e180d428f:0xa7fd07c0f9ade99c!8m2!3d37.9095477!4d-4.7786258?hl=es\"><img loading=\"lazy\" decoding=\"async\" class=\"alignnone size-medium wp-image-89 aligncenter\" src=\"https:\/\/blogsaverroes.juntadeandalucia.es\/josedelatorreydelcerro\/files\/2019\/01\/MAPA-COLEFF-300x198.jpg\" alt=\"\" width=\"300\" height=\"198\" srcset=\"https:\/\/blogsaverroes.juntadeandalucia.es\/josedelatorreydelcerro\/files\/2019\/01\/MAPA-COLEFF-300x198.jpg 300w, https:\/\/blogsaverroes.juntadeandalucia.es\/josedelatorreydelcerro\/files\/2019\/01\/MAPA-COLEFF-24x16.jpg 24w, https:\/\/blogsaverroes.juntadeandalucia.es\/josedelatorreydelcerro\/files\/2019\/01\/MAPA-COLEFF-36x24.jpg 36w, https:\/\/blogsaverroes.juntadeandalucia.es\/josedelatorreydelcerro\/files\/2019\/01\/MAPA-COLEFF-48x32.jpg 48w, https:\/\/blogsaverroes.juntadeandalucia.es\/josedelatorreydelcerro\/files\/2019\/01\/MAPA-COLEFF.jpg 577w\" sizes=\"(max-width: 300px) 100vw, 300px\" \/><\/a><\/div>\n<div>&nbsp;<\/div>\n","protected":false},"excerpt":{"rendered":"<p>Contacto &nbsp; CEIP Jos\u00e9 de la Torre y del Cerro C\u00f3digo de centro: 14001736 Domicilio: Virrey Ceballos, 2&nbsp; C.P. 14.012 C\u00d3RDOBA Tfno. Conserjer\u00eda y Direcci\u00f3n: 957734711; Tfno. Corporativo: 580711; Tfno. Secretar\u00eda: 957734712 M\u00f3vil corporativo:&#46;&#46;&#46;<\/p>\n","protected":false},"author":6681,"featured_media":0,"parent":0,"menu_order":0,"comment_status":"closed","ping_status":"closed","template":"","meta":{"ngg_post_thumbnail":0,"footnotes":""},"aioseo_notices":[],"_links":{"self":[{"href":"https:\/\/blogsaverroes.juntadeandalucia.es\/josedelatorreydelcerro\/wp-json\/wp\/v2\/pages\/69"}],"collection":[{"href":"https:\/\/blogsaverroes.juntadeandalucia.es\/josedelatorreydelcerro\/wp-json\/wp\/v2\/pages"}],"about":[{"href":"https:\/\/blogsaverroes.juntadeandalucia.es\/josedelatorreydelcerro\/wp-json\/wp\/v2\/types\/page"}],"author":[{"embeddable":true,"href":"https:\/\/blogsaverroes.juntadeandalucia.es\/josedelatorreydelcerro\/wp-json\/wp\/v2\/users\/6681"}],"replies":[{"embeddable":true,"href":"https:\/\/blogsaverroes.juntadeandalucia.es\/josedelatorreydelcerro\/wp-json\/wp\/v2\/comments?post=69"}],"version-history":[{"count":7,"href":"https:\/\/blogsaverroes.juntadeandalucia.es\/josedelatorreydelcerro\/wp-json\/wp\/v2\/pages\/69\/revisions"}],"predecessor-version":[{"id":2919,"href":"https:\/\/blogsaverroes.juntadeandalucia.es\/josedelatorreydelcerro\/wp-json\/wp\/v2\/pages\/69\/revisions\/2919"}],"wp:attachment":[{"href":"https:\/\/blogsaverroes.juntadeandalucia.es\/josedelatorreydelcerro\/wp-json\/wp\/v2\/media?parent=69"}],"curies":[{"name":"wp","href":"https:\/\/api.w.org\/{rel}","templated":true}]}}