{"id":2666,"date":"2022-09-26T14:50:26","date_gmt":"2022-09-26T14:50:26","guid":{"rendered":"https:\/\/blogsaverroes.juntadeandalucia.es\/jugomacumbres\/?page_id=2666"},"modified":"2022-11-17T18:54:48","modified_gmt":"2022-11-17T18:54:48","slug":"coeducacion","status":"publish","type":"page","link":"https:\/\/blogsaverroes.juntadeandalucia.es\/jugomacumbres\/coeducacion\/","title":{"rendered":"COEDUCACI\u00d3N"},"content":{"rendered":"<p>\u00a1\u00a1\u00a1Hola!!! Me presento. Soy Pepo S\u00e1nchez maestra del Centro y desde el curso pasado llevo el plan de igualdad de g\u00e9nero y el pacto de estado contra la violencia de G\u00e9nero. Este curso 22-23 seguimos la andadura de visibilizar el papel de las ni\u00f1as y de las mujeres en todos los \u00e1mbitos de la vida. Tambi\u00e9n, trataremos el tema de la violencia de g\u00e9nero desde una perspectiva de fomento de actitudes de respeto, solidaridad, amistad, compa\u00f1erismo,&#8230; Todo siempre a trav\u00e9s del juego y de actividades creativas en la cuales el alumnado sea part\u00edcipe de su propia formaci\u00f3n, aportando ideas. Poco a poco, iremos cambiando actitudes y perspectivas que est\u00e1n ancladas en el pasado y que son fruto de una educaci\u00f3n basada en el patriarcado. Para todo esto, necesitamos la colaboraci\u00f3n, participaci\u00f3n del profesorado, del alumnado y sobre todo, de las familias. Al referirme a las familias, incluyo a la figura masculina; ya que, normalmente, el 95% de la participaci\u00f3n en el centro es femenina.<br \/>\nTambi\u00e9n decir, que se ha solicitado una ayuda&nbsp; para trabajar la violencia de g\u00e9nero. Ya el curso pasado nos la concedieron.<br \/>\nEste plan no se lleva a cabo s\u00f3lo sino que estamos colaborando tres planes conjuntamente: Escuela Espacio de Paz, Igualdad de G\u00e9nero y Biblioteca. Lo que se pretende es aunar esfuerzos, ideas y objetivos que van encaminados al mismo fin: que nuestro alumnado tenga un desarrollo lo m\u00e1s amplio posible.<br \/>\nGracias, de antemano, por la colaboraci\u00f3n del alumnado, profesorado y las familias.<\/p>\n","protected":false},"excerpt":{"rendered":"<p>\u00a1\u00a1\u00a1Hola!!! Me presento. Soy Pepo S\u00e1nchez maestra del Centro y desde el curso pasado llevo el plan de igualdad de g\u00e9nero y el pacto de estado contra la violencia de G\u00e9nero. Este curso 22-23 seguimos la andadura de visibilizar el papel de las ni\u00f1as y de las mujeres en todos los \u00e1mbitos de la vida. &hellip; <\/p>\n<p><a class=\"more-link btn\" href=\"https:\/\/blogsaverroes.juntadeandalucia.es\/jugomacumbres\/coeducacion\/\">Seguir leyendo<\/a><\/p>\n","protected":false},"author":10762,"featured_media":0,"parent":0,"menu_order":0,"comment_status":"closed","ping_status":"closed","template":"","meta":{"ngg_post_thumbnail":0,"footnotes":"","_mc_calendar":[]},"aioseo_notices":[],"_links":{"self":[{"href":"https:\/\/blogsaverroes.juntadeandalucia.es\/jugomacumbres\/wp-json\/wp\/v2\/pages\/2666"}],"collection":[{"href":"https:\/\/blogsaverroes.juntadeandalucia.es\/jugomacumbres\/wp-json\/wp\/v2\/pages"}],"about":[{"href":"https:\/\/blogsaverroes.juntadeandalucia.es\/jugomacumbres\/wp-json\/wp\/v2\/types\/page"}],"author":[{"embeddable":true,"href":"https:\/\/blogsaverroes.juntadeandalucia.es\/jugomacumbres\/wp-json\/wp\/v2\/users\/10762"}],"replies":[{"embeddable":true,"href":"https:\/\/blogsaverroes.juntadeandalucia.es\/jugomacumbres\/wp-json\/wp\/v2\/comments?post=2666"}],"version-history":[{"count":4,"href":"https:\/\/blogsaverroes.juntadeandalucia.es\/jugomacumbres\/wp-json\/wp\/v2\/pages\/2666\/revisions"}],"predecessor-version":[{"id":2718,"href":"https:\/\/blogsaverroes.juntadeandalucia.es\/jugomacumbres\/wp-json\/wp\/v2\/pages\/2666\/revisions\/2718"}],"wp:attachment":[{"href":"https:\/\/blogsaverroes.juntadeandalucia.es\/jugomacumbres\/wp-json\/wp\/v2\/media?parent=2666"}],"curies":[{"name":"wp","href":"https:\/\/api.w.org\/{rel}","templated":true}]}}