{"id":44,"date":"2015-03-13T08:42:15","date_gmt":"2015-03-13T08:42:15","guid":{"rendered":"http:\/\/blogsaverroes.juntadeandalucia.es\/pre\/ceip\/?page_id=44"},"modified":"2025-11-12T09:20:52","modified_gmt":"2025-11-12T09:20:52","slug":"planes-y-proyectos","status":"publish","type":"page","link":"https:\/\/blogsaverroes.juntadeandalucia.es\/jugomacumbres\/el-centro-2\/planes-y-proyectos\/","title":{"rendered":"Planes y Programas"},"content":{"rendered":"<p>Cada centro personaliza y adapta su Proyecto Educativo con diferentes <strong>Planes y Programas<\/strong>&nbsp;promovidos desde la Consejer\u00eda de Educaci\u00f3n, Cultura y Deporte.<\/p>\n<p>Estos son los planes y proyectos fundamentales en nuestro centro:<\/p>\n<ul>\n<li><strong>Plan de igualdad y Coeducaci\u00f3n. Coordinaci\u00f3n: Pepo S\u00e1nchez&nbsp;<\/strong><\/li>\n<li><strong>Escuela espacio de paz. Coordinaci\u00f3n: Espe Navarro&nbsp;<\/strong><\/li>\n<li><strong>Plan de biblioteca. Coordinadora: Andrea Miranda<\/strong><\/li>\n<li><strong>Transformaci\u00f3n Digital Educativa. Coordinaci\u00f3n: Domingo N\u00fa\u00f1ez<\/strong><\/li>\n<li><strong>STEAM 4.0. Coordinadora: Rebeca Gonz\u00e1lez&nbsp;<\/strong><\/li>\n<\/ul>\n<p>V\u00cdDEOS DEL D\u00cdA DE LA PAZ<\/p>\n<p><video controls=\"controls\" width=\"746\" height=\"746\"><br \/>\n<\/video><\/p>\n<p>&nbsp;<\/p>\n<p><video controls=\"controls\" width=\"660\" height=\"660\"><br \/>\n<\/video><\/p>\n","protected":false},"excerpt":{"rendered":"<p>Cada centro personaliza y adapta su Proyecto Educativo con diferentes Planes y Programas&nbsp;promovidos desde la Consejer\u00eda de Educaci\u00f3n, Cultura y Deporte. Estos son los planes y proyectos fundamentales en nuestro centro: Plan de igualdad y Coeducaci\u00f3n. Coordinaci\u00f3n: Pepo S\u00e1nchez&nbsp; Escuela espacio de paz. Coordinaci\u00f3n: Espe Navarro&nbsp; Plan de biblioteca. Coordinadora: Andrea Miranda Transformaci\u00f3n Digital Educativa. &hellip; <\/p>\n<p><a class=\"more-link btn\" href=\"https:\/\/blogsaverroes.juntadeandalucia.es\/jugomacumbres\/el-centro-2\/planes-y-proyectos\/\">Seguir leyendo<\/a><\/p>\n","protected":false},"author":1,"featured_media":0,"parent":35,"menu_order":0,"comment_status":"closed","ping_status":"closed","template":"","meta":{"ngg_post_thumbnail":0,"footnotes":"","_mc_calendar":[]},"aioseo_notices":[],"_links":{"self":[{"href":"https:\/\/blogsaverroes.juntadeandalucia.es\/jugomacumbres\/wp-json\/wp\/v2\/pages\/44"}],"collection":[{"href":"https:\/\/blogsaverroes.juntadeandalucia.es\/jugomacumbres\/wp-json\/wp\/v2\/pages"}],"about":[{"href":"https:\/\/blogsaverroes.juntadeandalucia.es\/jugomacumbres\/wp-json\/wp\/v2\/types\/page"}],"author":[{"embeddable":true,"href":"https:\/\/blogsaverroes.juntadeandalucia.es\/jugomacumbres\/wp-json\/wp\/v2\/users\/1"}],"replies":[{"embeddable":true,"href":"https:\/\/blogsaverroes.juntadeandalucia.es\/jugomacumbres\/wp-json\/wp\/v2\/comments?post=44"}],"version-history":[{"count":9,"href":"https:\/\/blogsaverroes.juntadeandalucia.es\/jugomacumbres\/wp-json\/wp\/v2\/pages\/44\/revisions"}],"predecessor-version":[{"id":4119,"href":"https:\/\/blogsaverroes.juntadeandalucia.es\/jugomacumbres\/wp-json\/wp\/v2\/pages\/44\/revisions\/4119"}],"up":[{"embeddable":true,"href":"https:\/\/blogsaverroes.juntadeandalucia.es\/jugomacumbres\/wp-json\/wp\/v2\/pages\/35"}],"wp:attachment":[{"href":"https:\/\/blogsaverroes.juntadeandalucia.es\/jugomacumbres\/wp-json\/wp\/v2\/media?parent=44"}],"curies":[{"name":"wp","href":"https:\/\/api.w.org\/{rel}","templated":true}]}}