{"id":126,"date":"2020-05-15T14:46:05","date_gmt":"2020-05-15T12:46:05","guid":{"rendered":"https:\/\/blogsaverroes.juntadeandalucia.es\/julianaznar\/?page_id=126"},"modified":"2020-06-11T16:19:42","modified_gmt":"2020-06-11T14:19:42","slug":"inicio","status":"publish","type":"page","link":"https:\/\/blogsaverroes.juntadeandalucia.es\/julianaznar\/","title":{"rendered":"INICIO"},"content":{"rendered":"<p><img loading=\"lazy\" decoding=\"async\" class=\"size-medium wp-image-13 aligncenter\" src=\"https:\/\/blogsaverroes.juntadeandalucia.es\/julianaznar\/files\/2020\/05\/PROFE-LIENZO2-240x300.png\" alt=\"\" width=\"240\" height=\"300\" srcset=\"https:\/\/blogsaverroes.juntadeandalucia.es\/julianaznar\/files\/2020\/05\/PROFE-LIENZO2-240x300.png 240w, https:\/\/blogsaverroes.juntadeandalucia.es\/julianaznar\/files\/2020\/05\/PROFE-LIENZO2-19x24.png 19w, https:\/\/blogsaverroes.juntadeandalucia.es\/julianaznar\/files\/2020\/05\/PROFE-LIENZO2-29x36.png 29w, https:\/\/blogsaverroes.juntadeandalucia.es\/julianaznar\/files\/2020\/05\/PROFE-LIENZO2-38x48.png 38w, https:\/\/blogsaverroes.juntadeandalucia.es\/julianaznar\/files\/2020\/05\/PROFE-LIENZO2.png 608w\" sizes=\"(max-width: 240px) 100vw, 240px\" \/><span style=\"font-size: 24pt;font-family: 'comic sans ms', sans-serif\">&nbsp;Los sue\u00f1os son posibles, cambiar la realidad sin sue\u00f1os es imposible.<\/span><\/p>\n<p style=\"text-align: center\">En este blog podr\u00e1s encontrar recursos, herramientas, planificaci\u00f3n de tareas y propuestas para enriquecer tu aprendizaje<\/p>\n<p style=\"text-align: center\">y mejorar tus niveles de competencias.<\/p>\n<p style=\"text-align: center\">Espero que te sea \u00fatil.&nbsp;<\/p>\n","protected":false},"excerpt":{"rendered":"<p>&nbsp;Los sue\u00f1os son posibles, cambiar la realidad sin sue\u00f1os es imposible. En este blog podr\u00e1s encontrar recursos, herramientas, planificaci\u00f3n de tareas y propuestas para enriquecer tu aprendizaje y mejorar tus niveles de competencias. Espero&#46;&#46;&#46;<\/p>\n","protected":false},"author":1169,"featured_media":0,"parent":0,"menu_order":0,"comment_status":"closed","ping_status":"closed","template":"page-templates\/child-menu.php","meta":{"ngg_post_thumbnail":0,"footnotes":""},"aioseo_notices":[],"_links":{"self":[{"href":"https:\/\/blogsaverroes.juntadeandalucia.es\/julianaznar\/wp-json\/wp\/v2\/pages\/126"}],"collection":[{"href":"https:\/\/blogsaverroes.juntadeandalucia.es\/julianaznar\/wp-json\/wp\/v2\/pages"}],"about":[{"href":"https:\/\/blogsaverroes.juntadeandalucia.es\/julianaznar\/wp-json\/wp\/v2\/types\/page"}],"author":[{"embeddable":true,"href":"https:\/\/blogsaverroes.juntadeandalucia.es\/julianaznar\/wp-json\/wp\/v2\/users\/1169"}],"replies":[{"embeddable":true,"href":"https:\/\/blogsaverroes.juntadeandalucia.es\/julianaznar\/wp-json\/wp\/v2\/comments?post=126"}],"version-history":[{"count":4,"href":"https:\/\/blogsaverroes.juntadeandalucia.es\/julianaznar\/wp-json\/wp\/v2\/pages\/126\/revisions"}],"predecessor-version":[{"id":363,"href":"https:\/\/blogsaverroes.juntadeandalucia.es\/julianaznar\/wp-json\/wp\/v2\/pages\/126\/revisions\/363"}],"wp:attachment":[{"href":"https:\/\/blogsaverroes.juntadeandalucia.es\/julianaznar\/wp-json\/wp\/v2\/media?parent=126"}],"curies":[{"name":"wp","href":"https:\/\/api.w.org\/{rel}","templated":true}]}}