{"id":155,"date":"2020-05-15T17:06:17","date_gmt":"2020-05-15T15:06:17","guid":{"rendered":"https:\/\/blogsaverroes.juntadeandalucia.es\/julianaznar\/?page_id=155"},"modified":"2020-11-02T13:04:33","modified_gmt":"2020-11-02T12:04:33","slug":"ingles","status":"publish","type":"page","link":"https:\/\/blogsaverroes.juntadeandalucia.es\/julianaznar\/ingles\/","title":{"rendered":"INGL\u00c9S"},"content":{"rendered":"<p><img loading=\"lazy\" decoding=\"async\" class=\"alignnone size-medium wp-image-182 aligncenter\" src=\"https:\/\/blogsaverroes.juntadeandalucia.es\/julianaznar\/files\/2020\/05\/Captura-de-pantalla-2020-05-15-a-las-17.26.09-300x104.png\" alt=\"\" width=\"300\" height=\"104\" srcset=\"https:\/\/blogsaverroes.juntadeandalucia.es\/julianaznar\/files\/2020\/05\/Captura-de-pantalla-2020-05-15-a-las-17.26.09-300x104.png 300w, https:\/\/blogsaverroes.juntadeandalucia.es\/julianaznar\/files\/2020\/05\/Captura-de-pantalla-2020-05-15-a-las-17.26.09-768x266.png 768w, https:\/\/blogsaverroes.juntadeandalucia.es\/julianaznar\/files\/2020\/05\/Captura-de-pantalla-2020-05-15-a-las-17.26.09-1024x355.png 1024w, https:\/\/blogsaverroes.juntadeandalucia.es\/julianaznar\/files\/2020\/05\/Captura-de-pantalla-2020-05-15-a-las-17.26.09-1140x395.png 1140w, https:\/\/blogsaverroes.juntadeandalucia.es\/julianaznar\/files\/2020\/05\/Captura-de-pantalla-2020-05-15-a-las-17.26.09-700x243.png 700w, https:\/\/blogsaverroes.juntadeandalucia.es\/julianaznar\/files\/2020\/05\/Captura-de-pantalla-2020-05-15-a-las-17.26.09-332x115.png 332w, https:\/\/blogsaverroes.juntadeandalucia.es\/julianaznar\/files\/2020\/05\/Captura-de-pantalla-2020-05-15-a-las-17.26.09-24x8.png 24w, https:\/\/blogsaverroes.juntadeandalucia.es\/julianaznar\/files\/2020\/05\/Captura-de-pantalla-2020-05-15-a-las-17.26.09-36x12.png 36w, https:\/\/blogsaverroes.juntadeandalucia.es\/julianaznar\/files\/2020\/05\/Captura-de-pantalla-2020-05-15-a-las-17.26.09-48x17.png 48w, https:\/\/blogsaverroes.juntadeandalucia.es\/julianaznar\/files\/2020\/05\/Captura-de-pantalla-2020-05-15-a-las-17.26.09.png 2036w\" sizes=\"(max-width: 300px) 100vw, 300px\" \/><\/p>\n<h3 style=\"text-align: center\">Aprender ingl\u00e9s gratis (0 a 2 a\u00f1os)<\/h3>\n<p><a href=\"https:\/\/www.youtube.com\/user\/checkgate?feature=hovercard\"><strong>ABC Kids TV<\/strong><\/a><br \/>\nComenzamos con este canal de Youtube donde podemos encontrar una gran cantidad de videos ilustrativos con canciones estimulantes en el idioma ingl\u00e9s. Ideal para dar el primer paso.<\/p>\n<p><a href=\"https:\/\/www.youtube.com\/user\/AllBabiesChannel\"><strong>All Babies Channel<\/strong><\/a><br \/>\nLos videos de este canal resultar\u00e1n muy apropiados para tus beb\u00e9s, sobre todo si tenemos en cuenta el buen despliegue de animaci\u00f3n, dise\u00f1o, y color. Canciones cl\u00e1sicas interpretadas en el idioma ingl\u00e9s.<\/p>\n<p><a href=\"https:\/\/www.youtube.com\/user\/APPUSERIES\"><strong>Appu Series<\/strong><\/a><br \/>\nUno de mis canales favoritos por su gran variedad de videos animados. Adem\u00e1s de las canciones que podemos escuchar en cualquier momento, tambi\u00e9n hay relatos cortos que mantendr\u00e1n enganchados a tus beb\u00e9s de principio a fin.<\/p>\n<p><a href=\"https:\/\/www.youtube.com\/user\/BabyFirstTV\"><strong>Baby First<\/strong><\/a><br \/>\nUno de los canales infantiles de Youtube m\u00e1s populares de la red social. Aqu\u00ed vamos a encontrar muchos videos estimulantes para aprender ingl\u00e9s y jugar con tus beb\u00e9s.<\/p>\n<p><a href=\"https:\/\/www.youtube.com\/user\/DreamEnglishKids\"><strong>Dream English Kids<\/strong><\/a><br \/>\nCanciones pegadizas y divertidas para el aprendizaje del Ingl\u00e9s con ni\u00f1os! Aprender acerca de las formas, colores, n\u00fameros, alfabeto, canciones de ABC, fon\u00e9tica y mucho m\u00e1s!<\/p>\n<p><a href=\"https:\/\/www.youtube.com\/user\/hooplakidz\"><strong>Hooplakidz<\/strong><\/a><br \/>\nSi tus ni\u00f1os est\u00e1n a punto de ingresar al preescolar, este canal de Youtube har\u00e1 que el aprendizaje de un nuevo idioma sea m\u00e1s sencillo y divertido a trav\u00e9s de muchas canciones pegajosas.<\/p>\n<p><a href=\"https:\/\/www.youtube.com\/user\/LittleBabyBum\"><strong>Little Baby Bum&nbsp;<\/strong><\/a><br \/>\nConstruye el vocabulario de tus ni\u00f1os enriqueci\u00e9ndolos con este canal de Youtube con canciones infantiles para pronunciar y repetir palabras en ingl\u00e9s. Lo m\u00e1s destacado que podemos hallar son los videos animados en 3D muy bien realizados.<\/p>\n<p><a href=\"https:\/\/www.youtube.com\/channel\/UCMecBAKBFgopkhhN2XoRUTA\"><strong>Music Factory Music&nbsp;<\/strong><\/a><br \/>\nLos chicos de la reconocida instituci\u00f3n acad\u00e9mica London College of Music han preparado este canal de Youtube para que tus hijos aprendan ingl\u00e9s cantando y bailando.<\/p>\n<p><a href=\"https:\/\/www.youtube.com\/user\/SuperSimpleSongs\"><strong>Super Simple Songs<\/strong><\/a><br \/>\nIdeal para ni\u00f1os entre 0 a 3 a\u00f1os. La idea es repetir todas las canciones que se incluyen en el canal para aprender a dominar el primer vocabulario de su lenguaje.<\/p>\n<p style=\"text-align: center\"><strong>Aprender ingl\u00e9s gratis &#8211; Ni\u00f1os de 2 a 6 a\u00f1os<\/strong><\/p>\n<p><a href=\"https:\/\/www.youtube.com\/user\/omigrad\"><strong>Elf Kids Videos<\/strong><\/a><br \/>\nVamos ahora con este canal de Youtube con videos educativos para aprender canciones en ingl\u00e9s sobre animales, vocabulario, el alfabeto, y otros conocimientos complementarios.<\/p>\n<p><a href=\"https:\/\/www.youtube.com\/user\/KIBOOMU\"><strong>Kiboomu Kids Songs<\/strong><\/a><br \/>\nEste canal est\u00e1 orientado para los ni\u00f1os de 2 a 4 a\u00f1os, con canciones compuestas por palabras simples en ingl\u00e9s para aprender a pronunciar.<\/p>\n<p><a href=\"https:\/\/www.youtube.com\/user\/KidsTV123\"><strong>KidsTv123<\/strong><\/a><br \/>\nUno de los canales de Youtube m\u00e1s recomendados para que tus ni\u00f1os aprendan ingl\u00e9s, con videos interactivos donde la premisa es aprender a partir por el h\u00e1bito de la repitici\u00f3n, una actividad muy frecuente en los menores.<\/p>\n<p><a href=\"https:\/\/www.youtube.com\/user\/LittleFoxKids\"><strong>Little Fox Kids<\/strong><\/a><br \/>\nCuentos educativos, canciones con &nbsp;lindos mensajes, y un repertorio de lujo nos esperan en este espacio para que tus hijos aprendan r\u00e1pidamente ingl\u00e9s.<\/p>\n<p><a href=\"https:\/\/www.youtube.com\/user\/MagicboxEngRhy\"><strong>Magic Box English Kids Channel<\/strong><\/a><br \/>\nCultiva el segundo idioma de tus ni\u00f1os con este canal de Youtube donde encontrar\u00e1s rimas en otros idiomas, as\u00ed como divertidas animaciones en gran calidad.<\/p>\n<p><a href=\"https:\/\/www.youtube.com\/user\/MotherGooseClub\"><strong>Mother Goose Club<\/strong><\/a><br \/>\nA diferencia de todo lo visto, en este canal de Youtube encontraremos contenido recomendado para padres, profesores y ni\u00f1os. \u00a1Todos tenemos algo nuevo que aprender!<\/p>\n<p><a href=\"https:\/\/www.youtube.com\/channel\/UCe2lzwsff4Jr-CrMxDVVF5A\"><strong>Turtle Interactive<\/strong><\/a><br \/>\nLos videos de este canal sobresalen por sus simp\u00e1ticos efectos visuales y sonoros, dos recursos muy oportunos para que un ni\u00f1o adopte un segundo idioma en su vocabulario.<\/p>\n<p><a href=\"https:\/\/www.youtube.com\/user\/tutitutv\"><strong>TuTiTuTV<\/strong><\/a><br \/>\nY finalmente tenemos este canal de Youtube donde podemos reproducir episodios animados en 3D que estimular\u00e1 la imaginaci\u00f3n de tus peque\u00f1os, al mismo tiempo que aprenden a pronunciar palabras en ingl\u00e9s.<\/p>\n<p style=\"text-align: center\"><strong>Aprender ingl\u00e9s &#8211; Ni\u00f1os de 6 a\u00f1os o m\u00e1s<\/strong><\/p>\n<p><a href=\"https:\/\/www.youtube.com\/user\/BritishCouncilLEKids\"><strong>British Council Learn English Kids<\/strong><\/a><br \/>\nY comenzamos con el \u00faltimo grupo de canales infantiles de Youtube para estudiar ingl\u00e9s. Este espacio exclusivo de la BBC reforzar\u00e1 todo lo aprendido con videos visualmente atractivos.<\/p>\n<p><a href=\"https:\/\/www.youtube.com\/channel\/UC1jhiDqp-jIYR07Ini8Jamw\"><strong>Have Fun Teaching<\/strong><\/a><br \/>\n\u00bfQu\u00e9 tenemos aqu\u00ed? Una colecci\u00f3n de lujo con canciones, videos educativos, y mucho material para padres como profesores. Si te animas a visitar la versi\u00f3n web encontrar\u00e1s bastantes recursos \u00fatiles.<\/p>\n<p><a href=\"https:\/\/www.youtube.com\/channel\/UC1jhiDqp-jIYR07Ini8Jamw\"><strong>Jim Henson Family TV<\/strong><\/a><br \/>\nTodos sabemos que se aprende mejor en familia, y este canal tiene todo lo que tus hijos necesitan para aprender oraciones y composiciones m\u00e1s complejas del idioma ingl\u00e9s sin dejar de divertirse.<\/p>\n<p><a href=\"https:\/\/www.youtube.com\/channel\/UClNkC4383gwL-yCC6PD5YBg\"><strong>Learn English<\/strong><\/a><br \/>\nEste canal de Youtube se especializa en la pr\u00e1ctica estricta del vocabulario y la gram\u00e1tica del idioma ingl\u00e9s, as\u00ed como las lecciones de las primeras conversaciones en otro idioma para poner en pr\u00e1ctica desde el hogar.<\/p>\n<p><a href=\"https:\/\/www.youtube.com\/user\/MagikWorldStudio\"><strong>Magik Animation<\/strong><\/a><br \/>\nOtro de mis favoritos. En este canal de Youtube podemos explorar muchas tem\u00e1ticas como el arte, la danza, la m\u00fasica, o el arte, con videos producidos con un fuerte nivel de emocionalidad.<\/p>\n<p><a href=\"https:\/\/www.youtube.com\/user\/Speakaboos\"><strong>Speakaboos<\/strong><\/a><br \/>\nA partir de los seis a\u00f1os en adelante tus hijos ya pueden leer, pronunciar y descubrir a fondo un nuevo idioma, y este canal tiene harto material para seguir fomentando la pr\u00e1ctica del ingl\u00e9s por los a\u00f1os siguientes.<\/p>\n<p style=\"text-align: left\"><a href=\"https:\/\/www.youtube.com\/user\/CybelarZEN\/videos\"><strong>CybelarZEN<\/strong><\/a><br \/>\nSi bien no hay muchos videos, en este canal tenemos acceso a 10 clases vitales para llevar el primer curso de ingl\u00e9s b\u00e1sico para ni\u00f1os. Recuerda que siempre debes acompa\u00f1ar a tus hijos para despejar cualquier duda.<\/p>\n<p><strong>Te puede interesar:<\/strong>&nbsp;<a href=\"http:\/\/www.oyejuanjo.com\/2015\/08\/cinco-canales-youtube-estudiar-ingles-gratis.html\">Canales de Youtube para aprender ingl\u00e9s gratis<\/a><\/p>\n<p>\u00a1Ya lo sabes! Toda una variedad de&nbsp;<strong>recursos educativos para tus hijos<\/strong>&nbsp;te est\u00e1n esperando a un clic de distancia.<\/p>\n","protected":false},"excerpt":{"rendered":"<p>Aprender ingl\u00e9s gratis (0 a 2 a\u00f1os) ABC Kids TV Comenzamos con este canal de Youtube donde podemos encontrar una gran cantidad de videos ilustrativos con canciones estimulantes en el idioma ingl\u00e9s. Ideal para&#46;&#46;&#46;<\/p>\n","protected":false},"author":1169,"featured_media":0,"parent":0,"menu_order":0,"comment_status":"closed","ping_status":"closed","template":"","meta":{"ngg_post_thumbnail":0,"footnotes":""},"aioseo_notices":[],"_links":{"self":[{"href":"https:\/\/blogsaverroes.juntadeandalucia.es\/julianaznar\/wp-json\/wp\/v2\/pages\/155"}],"collection":[{"href":"https:\/\/blogsaverroes.juntadeandalucia.es\/julianaznar\/wp-json\/wp\/v2\/pages"}],"about":[{"href":"https:\/\/blogsaverroes.juntadeandalucia.es\/julianaznar\/wp-json\/wp\/v2\/types\/page"}],"author":[{"embeddable":true,"href":"https:\/\/blogsaverroes.juntadeandalucia.es\/julianaznar\/wp-json\/wp\/v2\/users\/1169"}],"replies":[{"embeddable":true,"href":"https:\/\/blogsaverroes.juntadeandalucia.es\/julianaznar\/wp-json\/wp\/v2\/comments?post=155"}],"version-history":[{"count":4,"href":"https:\/\/blogsaverroes.juntadeandalucia.es\/julianaznar\/wp-json\/wp\/v2\/pages\/155\/revisions"}],"predecessor-version":[{"id":635,"href":"https:\/\/blogsaverroes.juntadeandalucia.es\/julianaznar\/wp-json\/wp\/v2\/pages\/155\/revisions\/635"}],"wp:attachment":[{"href":"https:\/\/blogsaverroes.juntadeandalucia.es\/julianaznar\/wp-json\/wp\/v2\/media?parent=155"}],"curies":[{"name":"wp","href":"https:\/\/api.w.org\/{rel}","templated":true}]}}