{"id":1747,"date":"2022-01-16T14:29:24","date_gmt":"2022-01-16T14:29:24","guid":{"rendered":"https:\/\/blogsaverroes.juntadeandalucia.es\/jvaraujo\/?page_id=1747"},"modified":"2022-01-16T14:43:02","modified_gmt":"2022-01-16T14:43:02","slug":"el-lenguaje-del-comic","status":"publish","type":"page","link":"https:\/\/blogsaverroes.juntadeandalucia.es\/jvaraujo\/epv1\/la-imagen-visual\/el-lenguaje-del-comic\/","title":{"rendered":"El lenguaje del c\u00f3mic"},"content":{"rendered":"<h3>Elementos del lenguaje del c\u00f3mic<\/h3>\n<p>El c\u00f3mic es una forma de comunicaci\u00f3n que a\u00fana textos e im\u00e1genes ordenadas en una secuencia temporal. Es decir, que los dibujos y los textos se ordenan de manera que cuentan cronol\u00f3gicamente una historia.<\/p>\n<p>Aunque la combinaci\u00f3n de textos e im\u00e1genes y la narraci\u00f3n secuencial tienen una larga historia, no es hasta principios del S. XX que aparecen los primeros c\u00f3mics insertos en los peri\u00f3dicos de la \u00e9poca.&nbsp;<\/p>\n<p>Alrededor de los a\u00f1os 30 aparecen las primeras revistas de c\u00f3mic. Desde entonces, esta forma de expresi\u00f3n ha ido desarrollando una serie de elementos que, sumados, constituyen lo que llamamos el lenguaje del c\u00f3mic. Entre ellos est\u00e1n las vi\u00f1etas, los bocadillos, las onomatopeyas, l\u00edneas cin\u00e9ticas, etc.<\/p>\n<h4>Vi\u00f1etas<\/h4>\n<p>El c\u00f3mic es imagen secuencial. Cada escena ocurre despu\u00e9s de la anterior. Para dejar claro qu\u00e9 elementos pertenecen a una escena o a otra, los autores utilizan unos marcos llamados vi\u00f1etas. Las vi\u00f1etas suelen tener forma rectangular o cuadrada, pero tambi\u00e9n pueden ser redondas, irregulares o incluso invisibles, con un espacio vac\u00edo alrededor de cada escena.<\/p>\n<table style=\"border-collapse: collapse;width: 100%\">\n<tbody>\n<tr>\n<td style=\"width: 50%\"><strong>Ejemplos<\/strong><\/td>\n<td style=\"width: 50%\">&nbsp;<\/td>\n<\/tr>\n<tr>\n<td style=\"width: 50%\"><a href=\"https:\/\/blogsaverroes.juntadeandalucia.es\/jvaraujo\/files\/2022\/01\/Captura-de-pantalla-2022-01-16-144422.png\"><img loading=\"lazy\" decoding=\"async\" class=\"alignleft size-full wp-image-1749\" src=\"https:\/\/blogsaverroes.juntadeandalucia.es\/jvaraujo\/files\/2022\/01\/Captura-de-pantalla-2022-01-16-144422.png\" alt=\"\" width=\"540\" height=\"326\" srcset=\"https:\/\/blogsaverroes.juntadeandalucia.es\/jvaraujo\/files\/2022\/01\/Captura-de-pantalla-2022-01-16-144422.png 540w, https:\/\/blogsaverroes.juntadeandalucia.es\/jvaraujo\/files\/2022\/01\/Captura-de-pantalla-2022-01-16-144422-300x181.png 300w\" sizes=\"(max-width: 540px) 100vw, 540px\" \/><\/a><\/td>\n<td style=\"width: 50%\"><b>Vi\u00f1etas de distinto tama\u00f1o<\/b><\/p>\n<p>El uso de vi\u00f1etas de diferentes formas y tama\u00f1os aporta dinamismo a la historia<\/td>\n<\/tr>\n<tr>\n<td style=\"width: 50%\"><a href=\"https:\/\/blogsaverroes.juntadeandalucia.es\/jvaraujo\/files\/2022\/01\/Captura-de-pantalla-2022-01-16-144720.png\"><img loading=\"lazy\" decoding=\"async\" class=\"alignleft size-full wp-image-1751\" src=\"https:\/\/blogsaverroes.juntadeandalucia.es\/jvaraujo\/files\/2022\/01\/Captura-de-pantalla-2022-01-16-144720.png\" alt=\"\" width=\"456\" height=\"637\" srcset=\"https:\/\/blogsaverroes.juntadeandalucia.es\/jvaraujo\/files\/2022\/01\/Captura-de-pantalla-2022-01-16-144720.png 456w, https:\/\/blogsaverroes.juntadeandalucia.es\/jvaraujo\/files\/2022\/01\/Captura-de-pantalla-2022-01-16-144720-215x300.png 215w\" sizes=\"(max-width: 456px) 100vw, 456px\" \/><\/a><\/td>\n<td style=\"width: 50%\"><b>Vi\u00f1etas regulares<\/b><\/p>\n<p>En esta p\u00e1gina casi todas las vi\u00f1etas tienen la misma forma y tama\u00f1o, lo que refuerza la idea de orden. F\u00edjate c\u00f3mo el dibujante ordena las escenas para que parezca que nos vamos acercando cada vez m\u00e1s al personaje, como si fuera un <i>travelling cinematogr\u00e1fico<\/i>.<\/td>\n<\/tr>\n<tr>\n<td style=\"width: 50%\"><a href=\"https:\/\/blogsaverroes.juntadeandalucia.es\/jvaraujo\/files\/2022\/01\/Captura-de-pantalla-2022-01-16-145036.png\"><img loading=\"lazy\" decoding=\"async\" class=\"alignleft size-full wp-image-1752\" src=\"https:\/\/blogsaverroes.juntadeandalucia.es\/jvaraujo\/files\/2022\/01\/Captura-de-pantalla-2022-01-16-145036.png\" alt=\"\" width=\"447\" height=\"677\" srcset=\"https:\/\/blogsaverroes.juntadeandalucia.es\/jvaraujo\/files\/2022\/01\/Captura-de-pantalla-2022-01-16-145036.png 447w, https:\/\/blogsaverroes.juntadeandalucia.es\/jvaraujo\/files\/2022\/01\/Captura-de-pantalla-2022-01-16-145036-198x300.png 198w\" sizes=\"(max-width: 447px) 100vw, 447px\" \/><\/a><\/td>\n<td style=\"width: 50%\"><b>Vi\u00f1etas muy irregulares<\/b><\/p>\n<p>La escena que se narra en la p\u00e1gina de la derecha es muy din\u00e1mica, con mucha agresividad y violencia. Las vi\u00f1etas tienen diferentes formas y tama\u00f1os y parece que se amontonan unas sobre otras para subrayar esos rasgos.<\/td>\n<\/tr>\n<tr>\n<td style=\"width: 50%\"><a href=\"https:\/\/blogsaverroes.juntadeandalucia.es\/jvaraujo\/files\/2022\/01\/Captura-de-pantalla-2022-01-16-145210.png\"><img loading=\"lazy\" decoding=\"async\" class=\"alignleft size-full wp-image-1753\" src=\"https:\/\/blogsaverroes.juntadeandalucia.es\/jvaraujo\/files\/2022\/01\/Captura-de-pantalla-2022-01-16-145210.png\" alt=\"\" width=\"529\" height=\"705\" srcset=\"https:\/\/blogsaverroes.juntadeandalucia.es\/jvaraujo\/files\/2022\/01\/Captura-de-pantalla-2022-01-16-145210.png 529w, https:\/\/blogsaverroes.juntadeandalucia.es\/jvaraujo\/files\/2022\/01\/Captura-de-pantalla-2022-01-16-145210-225x300.png 225w\" sizes=\"(max-width: 529px) 100vw, 529px\" \/><\/a><\/td>\n<td style=\"width: 50%\"><b>Composici\u00f3n de la p\u00e1gina<\/b><\/p>\n<p>A veces la forma de la vi\u00f1eta refuerzan lo que se cuenta en el dibujo. Aqu\u00ed las cuatro primeras son largas y estrechas como el pasadizo que recorren los personajes, y se ensancha y se ilumina cuando estos llegan a un espacio m\u00e1s amplio.<\/p>\n<p>Observa c\u00f3mo se usa el espacio negativo para aportar tensi\u00f3n y misterio.<\/p>\n<p><b>&nbsp;<\/b><\/td>\n<\/tr>\n<tr>\n<td style=\"width: 50%\"><a href=\"https:\/\/blogsaverroes.juntadeandalucia.es\/jvaraujo\/files\/2022\/01\/Captura-de-pantalla-2022-01-16-145808.png\"><img loading=\"lazy\" decoding=\"async\" class=\"alignleft size-full wp-image-1754\" src=\"https:\/\/blogsaverroes.juntadeandalucia.es\/jvaraujo\/files\/2022\/01\/Captura-de-pantalla-2022-01-16-145808.png\" alt=\"\" width=\"579\" height=\"261\" srcset=\"https:\/\/blogsaverroes.juntadeandalucia.es\/jvaraujo\/files\/2022\/01\/Captura-de-pantalla-2022-01-16-145808.png 579w, https:\/\/blogsaverroes.juntadeandalucia.es\/jvaraujo\/files\/2022\/01\/Captura-de-pantalla-2022-01-16-145808-300x135.png 300w\" sizes=\"(max-width: 579px) 100vw, 579px\" \/><\/a><\/td>\n<td style=\"width: 50%\"><b>La vi\u00f1eta puede ser un elemento narrativo<\/b><\/p>\n<p>En este ejemplo la propia vi\u00f1eta se rompe a causa del grito de la muchacha, incorpor\u00e1ndose a la historia en lugar de ser s\u00f3lo un marco.<\/p>\n<p><b>&nbsp;<\/b><\/td>\n<\/tr>\n<\/tbody>\n<\/table>\n<h4>Bocadillos y cartelas<\/h4>\n<p>Los bocadillos encierran los di\u00e1logos de los personajes y la narraci\u00f3n. Sus diferentes formas pueden indicar volumen, pensamiento, tono\u2026&nbsp;<\/p>\n<p>Las cartelas contienen la voz del narrador<\/p>\n<table style=\"border-collapse: collapse;width: 100%\">\n<tbody>\n<tr>\n<td style=\"width: 50%\"><strong>Ejemplos<\/strong><\/td>\n<td style=\"width: 50%\">&nbsp;<\/td>\n<\/tr>\n<tr>\n<td style=\"width: 50%\"><a href=\"https:\/\/blogsaverroes.juntadeandalucia.es\/jvaraujo\/files\/2022\/01\/Captura-de-pantalla-2022-01-16-150015.png\"><img loading=\"lazy\" decoding=\"async\" class=\"alignleft size-full wp-image-1755\" src=\"https:\/\/blogsaverroes.juntadeandalucia.es\/jvaraujo\/files\/2022\/01\/Captura-de-pantalla-2022-01-16-150015.png\" alt=\"\" width=\"497\" height=\"707\" srcset=\"https:\/\/blogsaverroes.juntadeandalucia.es\/jvaraujo\/files\/2022\/01\/Captura-de-pantalla-2022-01-16-150015.png 497w, https:\/\/blogsaverroes.juntadeandalucia.es\/jvaraujo\/files\/2022\/01\/Captura-de-pantalla-2022-01-16-150015-211x300.png 211w\" sizes=\"(max-width: 497px) 100vw, 497px\" \/><\/a><\/td>\n<td style=\"width: 50%\">Observa c\u00f3mo las diferentes formas de los bocadillos y la tipograf\u00eda a\u00f1aden expresi\u00f3n al texto<\/td>\n<\/tr>\n<\/tbody>\n<\/table>\n<h4>Onomatopeyas<\/h4>\n<p>Las onomatopeyas indican un ruido o sonido. Se escriben fuera de los bocadillos y suelen estar dibujados con formas expresivas<\/p>\n<table style=\"border-collapse: collapse;width: 100%\">\n<tbody>\n<tr>\n<td style=\"width: 50%\"><strong>Ejemplos<\/strong><\/td>\n<td style=\"width: 50%\">&nbsp;<\/td>\n<\/tr>\n<tr>\n<td style=\"width: 50%\"><a href=\"https:\/\/blogsaverroes.juntadeandalucia.es\/jvaraujo\/files\/2022\/01\/Captura-de-pantalla-2022-01-16-150323.png\"><img loading=\"lazy\" decoding=\"async\" class=\"alignleft size-full wp-image-1756\" src=\"https:\/\/blogsaverroes.juntadeandalucia.es\/jvaraujo\/files\/2022\/01\/Captura-de-pantalla-2022-01-16-150323.png\" alt=\"\" width=\"750\" height=\"601\" srcset=\"https:\/\/blogsaverroes.juntadeandalucia.es\/jvaraujo\/files\/2022\/01\/Captura-de-pantalla-2022-01-16-150323.png 750w, https:\/\/blogsaverroes.juntadeandalucia.es\/jvaraujo\/files\/2022\/01\/Captura-de-pantalla-2022-01-16-150323-300x240.png 300w\" sizes=\"(max-width: 750px) 100vw, 750px\" \/><\/a><\/td>\n<td style=\"width: 50%\">Distintas onomatopeyas. Trata de imaginar c\u00f3mo suenan.<\/td>\n<\/tr>\n<tr>\n<td style=\"width: 50%\"><a href=\"https:\/\/blogsaverroes.juntadeandalucia.es\/jvaraujo\/files\/2022\/01\/Captura-de-pantalla-2022-01-16-150400.png\"><img loading=\"lazy\" decoding=\"async\" class=\"alignleft size-full wp-image-1757\" src=\"https:\/\/blogsaverroes.juntadeandalucia.es\/jvaraujo\/files\/2022\/01\/Captura-de-pantalla-2022-01-16-150400.png\" alt=\"\" width=\"416\" height=\"276\" srcset=\"https:\/\/blogsaverroes.juntadeandalucia.es\/jvaraujo\/files\/2022\/01\/Captura-de-pantalla-2022-01-16-150400.png 416w, https:\/\/blogsaverroes.juntadeandalucia.es\/jvaraujo\/files\/2022\/01\/Captura-de-pantalla-2022-01-16-150400-300x199.png 300w\" sizes=\"(max-width: 416px) 100vw, 416px\" \/><\/a><\/td>\n<td style=\"width: 50%\">Vi\u00f1eta de F. Ib\u00e1\u00f1ez.<\/td>\n<\/tr>\n<\/tbody>\n<\/table>\n<h4>L\u00edneas cin\u00e9ticas o expresivas<\/h4>\n<p>A menudo se a\u00f1aden a los dibujos unas l\u00edneas que pueden indicar movimiento, brillo, vibraci\u00f3n, emoci\u00f3n o simplemente llamar la atenci\u00f3n sobre algo<\/p>\n<table style=\"border-collapse: collapse;width: 100%\">\n<tbody>\n<tr>\n<td style=\"width: 50%\"><strong>Ejemplos<\/strong><\/td>\n<td style=\"width: 50%\">&nbsp;<\/td>\n<\/tr>\n<tr>\n<td style=\"width: 50%\"><a href=\"https:\/\/blogsaverroes.juntadeandalucia.es\/jvaraujo\/files\/2022\/01\/Captura-de-pantalla-2022-01-16-151158.png\"><img loading=\"lazy\" decoding=\"async\" class=\"alignleft size-full wp-image-1758\" src=\"https:\/\/blogsaverroes.juntadeandalucia.es\/jvaraujo\/files\/2022\/01\/Captura-de-pantalla-2022-01-16-151158.png\" alt=\"\" width=\"494\" height=\"307\" srcset=\"https:\/\/blogsaverroes.juntadeandalucia.es\/jvaraujo\/files\/2022\/01\/Captura-de-pantalla-2022-01-16-151158.png 494w, https:\/\/blogsaverroes.juntadeandalucia.es\/jvaraujo\/files\/2022\/01\/Captura-de-pantalla-2022-01-16-151158-300x186.png 300w\" sizes=\"(max-width: 494px) 100vw, 494px\" \/><\/a><\/td>\n<td style=\"width: 50%\">&nbsp;<\/td>\n<\/tr>\n<tr>\n<td style=\"width: 50%\"><a href=\"https:\/\/blogsaverroes.juntadeandalucia.es\/jvaraujo\/files\/2022\/01\/Captura-de-pantalla-2022-01-16-151253.png\"><img loading=\"lazy\" decoding=\"async\" class=\"alignleft size-full wp-image-1759\" src=\"https:\/\/blogsaverroes.juntadeandalucia.es\/jvaraujo\/files\/2022\/01\/Captura-de-pantalla-2022-01-16-151253.png\" alt=\"\" width=\"479\" height=\"712\" srcset=\"https:\/\/blogsaverroes.juntadeandalucia.es\/jvaraujo\/files\/2022\/01\/Captura-de-pantalla-2022-01-16-151253.png 479w, https:\/\/blogsaverroes.juntadeandalucia.es\/jvaraujo\/files\/2022\/01\/Captura-de-pantalla-2022-01-16-151253-202x300.png 202w\" sizes=\"(max-width: 479px) 100vw, 479px\" \/><\/a><\/td>\n<td style=\"width: 50%\">&nbsp;<\/td>\n<\/tr>\n<tr>\n<td style=\"width: 50%\"><a href=\"https:\/\/blogsaverroes.juntadeandalucia.es\/jvaraujo\/files\/2022\/01\/Captura-de-pantalla-2022-01-16-151310.png\"><img loading=\"lazy\" decoding=\"async\" class=\"alignleft size-full wp-image-1760\" src=\"https:\/\/blogsaverroes.juntadeandalucia.es\/jvaraujo\/files\/2022\/01\/Captura-de-pantalla-2022-01-16-151310.png\" alt=\"\" width=\"498\" height=\"211\" srcset=\"https:\/\/blogsaverroes.juntadeandalucia.es\/jvaraujo\/files\/2022\/01\/Captura-de-pantalla-2022-01-16-151310.png 498w, https:\/\/blogsaverroes.juntadeandalucia.es\/jvaraujo\/files\/2022\/01\/Captura-de-pantalla-2022-01-16-151310-300x127.png 300w\" sizes=\"(max-width: 498px) 100vw, 498px\" \/><\/a><\/td>\n<td style=\"width: 50%\">&nbsp;<\/td>\n<\/tr>\n<tr>\n<td style=\"width: 50%\"><a href=\"https:\/\/blogsaverroes.juntadeandalucia.es\/jvaraujo\/files\/2022\/01\/Captura-de-pantalla-2022-01-16-151324.png\"><img loading=\"lazy\" decoding=\"async\" class=\"alignleft size-full wp-image-1761\" src=\"https:\/\/blogsaverroes.juntadeandalucia.es\/jvaraujo\/files\/2022\/01\/Captura-de-pantalla-2022-01-16-151324.png\" alt=\"\" width=\"454\" height=\"308\" srcset=\"https:\/\/blogsaverroes.juntadeandalucia.es\/jvaraujo\/files\/2022\/01\/Captura-de-pantalla-2022-01-16-151324.png 454w, https:\/\/blogsaverroes.juntadeandalucia.es\/jvaraujo\/files\/2022\/01\/Captura-de-pantalla-2022-01-16-151324-300x204.png 300w\" sizes=\"(max-width: 454px) 100vw, 454px\" \/><\/a><\/td>\n<td style=\"width: 50%\">&nbsp;<\/td>\n<\/tr>\n<\/tbody>\n<\/table>\n<h4>Encuadres<\/h4>\n<p>La cantidad de espacio que se dibuja en una vi\u00f1eta determina su encuadre. Puede ser un detalle microsc\u00f3pico o un paisaje, un grupo de personajes o una cara. Cada tipo de encuadre pone el acento en un determinado aspecto de la escena: el lugar donde se desarrolla, un objeto, la expresi\u00f3n de un personaje\u2026<\/p>\n<p>Son: gran plano general, plano general, plano americano, plano medio, plano medio cercano, primer plano, gran primer plano y plano de detalle<\/p>\n<p><a href=\"https:\/\/blogsaverroes.juntadeandalucia.es\/jvaraujo\/files\/2022\/01\/file.png\"><img loading=\"lazy\" decoding=\"async\" class=\"size-full wp-image-1762 alignnone\" src=\"https:\/\/blogsaverroes.juntadeandalucia.es\/jvaraujo\/files\/2022\/01\/file.png\" alt=\"\" width=\"484\" height=\"219\" srcset=\"https:\/\/blogsaverroes.juntadeandalucia.es\/jvaraujo\/files\/2022\/01\/file.png 484w, https:\/\/blogsaverroes.juntadeandalucia.es\/jvaraujo\/files\/2022\/01\/file-300x136.png 300w\" sizes=\"(max-width: 484px) 100vw, 484px\" \/><\/a><\/p>\n<table style=\"border-collapse: collapse;width: 100%\">\n<tbody>\n<tr>\n<td style=\"width: 100%\"><strong>Ejemplo<\/strong><\/td>\n<\/tr>\n<tr>\n<td style=\"width: 100%\"><a href=\"https:\/\/blogsaverroes.juntadeandalucia.es\/jvaraujo\/files\/2022\/01\/Captura-de-pantalla-2022-01-16-151916.png\"><img loading=\"lazy\" decoding=\"async\" class=\"alignleft size-full wp-image-1763\" src=\"https:\/\/blogsaverroes.juntadeandalucia.es\/jvaraujo\/files\/2022\/01\/Captura-de-pantalla-2022-01-16-151916.png\" alt=\"\" width=\"427\" height=\"615\" srcset=\"https:\/\/blogsaverroes.juntadeandalucia.es\/jvaraujo\/files\/2022\/01\/Captura-de-pantalla-2022-01-16-151916.png 427w, https:\/\/blogsaverroes.juntadeandalucia.es\/jvaraujo\/files\/2022\/01\/Captura-de-pantalla-2022-01-16-151916-208x300.png 208w\" sizes=\"(max-width: 427px) 100vw, 427px\" \/><\/a><\/td>\n<\/tr>\n<\/tbody>\n<\/table>\n<h4>Puntos de vista<\/h4>\n<p>Tambi\u00e9n los puntos de vista pueden a\u00f1adir expresi\u00f3n o contenido a las escenas. Se definen por la posici\u00f3n del espectador frente a la escena. Son:<\/p>\n<table style=\"border-collapse: collapse;width: 100%\">\n<tbody>\n<tr>\n<td style=\"width: 50%\"><a href=\"https:\/\/blogsaverroes.juntadeandalucia.es\/jvaraujo\/files\/2022\/01\/Captura-de-pantalla-2022-01-16-152208.png\"><img loading=\"lazy\" decoding=\"async\" class=\"alignleft size-full wp-image-1764\" src=\"https:\/\/blogsaverroes.juntadeandalucia.es\/jvaraujo\/files\/2022\/01\/Captura-de-pantalla-2022-01-16-152208.png\" alt=\"\" width=\"377\" height=\"385\" srcset=\"https:\/\/blogsaverroes.juntadeandalucia.es\/jvaraujo\/files\/2022\/01\/Captura-de-pantalla-2022-01-16-152208.png 377w, https:\/\/blogsaverroes.juntadeandalucia.es\/jvaraujo\/files\/2022\/01\/Captura-de-pantalla-2022-01-16-152208-294x300.png 294w, https:\/\/blogsaverroes.juntadeandalucia.es\/jvaraujo\/files\/2022\/01\/Captura-de-pantalla-2022-01-16-152208-60x60.png 60w\" sizes=\"(max-width: 377px) 100vw, 377px\" \/><\/a><\/td>\n<td style=\"width: 50%\"><b>PV horizontal<\/b>. Generalmente a la altura de los ojos de los personajes, y en direcci\u00f3n horizontal.<\/td>\n<\/tr>\n<tr>\n<td style=\"width: 50%\"><a href=\"https:\/\/blogsaverroes.juntadeandalucia.es\/jvaraujo\/files\/2022\/01\/Captura-de-pantalla-2022-01-16-152326.png\"><img loading=\"lazy\" decoding=\"async\" class=\"alignleft size-full wp-image-1765\" src=\"https:\/\/blogsaverroes.juntadeandalucia.es\/jvaraujo\/files\/2022\/01\/Captura-de-pantalla-2022-01-16-152326.png\" alt=\"\" width=\"437\" height=\"555\" srcset=\"https:\/\/blogsaverroes.juntadeandalucia.es\/jvaraujo\/files\/2022\/01\/Captura-de-pantalla-2022-01-16-152326.png 437w, https:\/\/blogsaverroes.juntadeandalucia.es\/jvaraujo\/files\/2022\/01\/Captura-de-pantalla-2022-01-16-152326-236x300.png 236w\" sizes=\"(max-width: 437px) 100vw, 437px\" \/><\/a><\/td>\n<td style=\"width: 50%\"><b>PV picado<\/b>. La escena se ve desde arriba, en direcci\u00f3n oblicua<\/td>\n<\/tr>\n<tr>\n<td style=\"width: 50%\"><a href=\"https:\/\/blogsaverroes.juntadeandalucia.es\/jvaraujo\/files\/2022\/01\/Captura-de-pantalla-2022-01-16-152427.png\"><img loading=\"lazy\" decoding=\"async\" class=\"alignleft size-full wp-image-1766\" src=\"https:\/\/blogsaverroes.juntadeandalucia.es\/jvaraujo\/files\/2022\/01\/Captura-de-pantalla-2022-01-16-152427.png\" alt=\"\" width=\"494\" height=\"552\" srcset=\"https:\/\/blogsaverroes.juntadeandalucia.es\/jvaraujo\/files\/2022\/01\/Captura-de-pantalla-2022-01-16-152427.png 494w, https:\/\/blogsaverroes.juntadeandalucia.es\/jvaraujo\/files\/2022\/01\/Captura-de-pantalla-2022-01-16-152427-268x300.png 268w\" sizes=\"(max-width: 494px) 100vw, 494px\" \/><\/a><\/td>\n<td style=\"width: 50%\"><b>PV contrapicado<\/b>. Tambi\u00e9n en direcci\u00f3n oblicua, pero ahora desde abajo<\/td>\n<\/tr>\n<tr>\n<td style=\"width: 50%\"><a href=\"https:\/\/blogsaverroes.juntadeandalucia.es\/jvaraujo\/files\/2022\/01\/Captura-de-pantalla-2022-01-16-152523.png\"><img loading=\"lazy\" decoding=\"async\" class=\"alignleft size-full wp-image-1767\" src=\"https:\/\/blogsaverroes.juntadeandalucia.es\/jvaraujo\/files\/2022\/01\/Captura-de-pantalla-2022-01-16-152523.png\" alt=\"\" width=\"425\" height=\"582\" srcset=\"https:\/\/blogsaverroes.juntadeandalucia.es\/jvaraujo\/files\/2022\/01\/Captura-de-pantalla-2022-01-16-152523.png 425w, https:\/\/blogsaverroes.juntadeandalucia.es\/jvaraujo\/files\/2022\/01\/Captura-de-pantalla-2022-01-16-152523-219x300.png 219w\" sizes=\"(max-width: 425px) 100vw, 425px\" \/><\/a><\/td>\n<td style=\"width: 50%\"><b>PV cenital<\/b>. Desde arriba, mirando la escena verticalmente<\/td>\n<\/tr>\n<tr>\n<td style=\"width: 50%\"><a href=\"https:\/\/blogsaverroes.juntadeandalucia.es\/jvaraujo\/files\/2022\/01\/Captura-de-pantalla-2022-01-16-152837.png\"><img loading=\"lazy\" decoding=\"async\" class=\"alignleft size-full wp-image-1768\" src=\"https:\/\/blogsaverroes.juntadeandalucia.es\/jvaraujo\/files\/2022\/01\/Captura-de-pantalla-2022-01-16-152837.png\" alt=\"\" width=\"530\" height=\"404\" srcset=\"https:\/\/blogsaverroes.juntadeandalucia.es\/jvaraujo\/files\/2022\/01\/Captura-de-pantalla-2022-01-16-152837.png 530w, https:\/\/blogsaverroes.juntadeandalucia.es\/jvaraujo\/files\/2022\/01\/Captura-de-pantalla-2022-01-16-152837-300x229.png 300w\" sizes=\"(max-width: 530px) 100vw, 530px\" \/><\/a><\/td>\n<td style=\"width: 50%\"><b>PV Nadir<\/b>. La escena se ve desde abajo, en direcci\u00f3n vertical.<\/td>\n<\/tr>\n<\/tbody>\n<\/table>\n<h3>Ejercicios<\/h3>\n<table style=\"border-collapse: collapse;width: 100%\">\n<tbody>\n<tr>\n<td style=\"width: 100%\"><strong>Propuesta 1. Interpreta el guion de un c\u00f3mic<\/strong><\/td>\n<\/tr>\n<tr>\n<td style=\"width: 100%\">\n<ul>\n<li>Descarga este documento que contiene el guion de un c\u00f3mic: <a href=\"https:\/\/docs.google.com\/document\/d\/1bfbkNdcRerQl4rp83KGJtwzBcrPJI15Ku8tT1Xwde_E\/edit?usp=sharing\">Una mala tarde la tiene cualquiera<\/a><\/li>\n<li>En papel cuadriculado, haz un boceto de c\u00f3mic que respete ese gui\u00f3n<\/li>\n<li>En dos folios, desarrolla ese boceto<\/li>\n<\/ul>\n<\/td>\n<\/tr>\n<tr>\n<td style=\"width: 100%\"><strong>Materiales:<\/strong><\/p>\n<ul>\n<li>Papel cuadriculado (hojas de cuadros)<\/li>\n<li>Folios<\/li>\n<li>L\u00e1pices, rotuladores<\/li>\n<li>Goma, sacapuntas<\/li>\n<\/ul>\n<\/td>\n<\/tr>\n<tr>\n<td style=\"width: 100%\"><strong>Gu\u00eda de evaluaci\u00f3n:<\/strong><\/p>\n<ol>\n<li>Presenta un boceto detallado<strong><br \/>\n<\/strong><\/li>\n<li>Respeta las indicaciones de planos y puntos de vista<\/li>\n<li>El dibujo es expresivo y din\u00e1mico<\/li>\n<li>Finaliza la historia de manera satisfactoria y creativa<\/li>\n<li>Acabado (limpieza, sombreado, color&#8230;)<\/li>\n<\/ol>\n<\/td>\n<\/tr>\n<\/tbody>\n<\/table>\n","protected":false},"excerpt":{"rendered":"<p>Elementos del lenguaje del c\u00f3mic El c\u00f3mic es una forma de comunicaci\u00f3n que a\u00fana textos e im\u00e1genes ordenadas en una secuencia temporal. Es decir, que los dibujos y los textos se ordenan de manera&#46;&#46;&#46;<\/p>\n","protected":false},"author":10581,"featured_media":0,"parent":44,"menu_order":4,"comment_status":"closed","ping_status":"closed","template":"","meta":{"ngg_post_thumbnail":0,"footnotes":""},"aioseo_notices":[],"_links":{"self":[{"href":"https:\/\/blogsaverroes.juntadeandalucia.es\/jvaraujo\/wp-json\/wp\/v2\/pages\/1747"}],"collection":[{"href":"https:\/\/blogsaverroes.juntadeandalucia.es\/jvaraujo\/wp-json\/wp\/v2\/pages"}],"about":[{"href":"https:\/\/blogsaverroes.juntadeandalucia.es\/jvaraujo\/wp-json\/wp\/v2\/types\/page"}],"author":[{"embeddable":true,"href":"https:\/\/blogsaverroes.juntadeandalucia.es\/jvaraujo\/wp-json\/wp\/v2\/users\/10581"}],"replies":[{"embeddable":true,"href":"https:\/\/blogsaverroes.juntadeandalucia.es\/jvaraujo\/wp-json\/wp\/v2\/comments?post=1747"}],"version-history":[{"count":6,"href":"https:\/\/blogsaverroes.juntadeandalucia.es\/jvaraujo\/wp-json\/wp\/v2\/pages\/1747\/revisions"}],"predecessor-version":[{"id":1772,"href":"https:\/\/blogsaverroes.juntadeandalucia.es\/jvaraujo\/wp-json\/wp\/v2\/pages\/1747\/revisions\/1772"}],"up":[{"embeddable":true,"href":"https:\/\/blogsaverroes.juntadeandalucia.es\/jvaraujo\/wp-json\/wp\/v2\/pages\/44"}],"wp:attachment":[{"href":"https:\/\/blogsaverroes.juntadeandalucia.es\/jvaraujo\/wp-json\/wp\/v2\/media?parent=1747"}],"curies":[{"name":"wp","href":"https:\/\/api.w.org\/{rel}","templated":true}]}}