{"id":214,"date":"2014-12-11T12:40:00","date_gmt":"2014-12-11T12:40:00","guid":{"rendered":"http:\/\/iesalmadraba.org\/dibujo\/dt1\/geometria-plana\/construcciones\/poligonos\/pentagono-regular\/"},"modified":"2014-12-11T12:40:00","modified_gmt":"2014-12-11T12:40:00","slug":"pentagono-regular","status":"publish","type":"page","link":"https:\/\/blogsaverroes.juntadeandalucia.es\/jvaraujo\/dt1\/geometria-plana\/construcciones\/poligonos\/pentagono-regular\/","title":{"rendered":"Pent\u00e1gono regular"},"content":{"rendered":"<p>El pent\u00e1gono regular es un pol\u00edgono de cinco \u00e1ngulos y cinco lados iguales. Su \u00e1rea se calcula seg\u00fan la siguiente f\u00f3rmula: \u00e1rea = (per\u00edmetro x apotema) \/ 2. Llamamos per\u00edmetro a la suma de los lados de un pol\u00edgono, y apotema a la distancia entre el centro de un pol\u00edgono regular y cualquiera de sus lados. Cada uno de sus \u00e1ngulos mide 108\u00ba.<\/p>\n<p><img loading=\"lazy\" decoding=\"async\" class=\"size-full wp-image-695 alignnone\" src=\"https:\/\/blogsaverroes.juntadeandalucia.es\/jvaraujo\/files\/2014\/12\/pentagono-regular-apotema-ejemplo-1.jpg\" alt=\"\" width=\"215\" height=\"202\" \/><\/p>\n<h2>Trazados<\/h2>\n<h3>Dada la circunferencia circunscrita (m\u00e9todo 1)<\/h3>\n<p><iframe loading=\"lazy\" width=\"500\" height=\"375\" src=\"https:\/\/www.youtube.com\/embed\/OwsPSXQZNr4?feature=oembed&#038;wmode=opaque\" frameborder=\"0\" gesture=\"media\" allowfullscreen><\/iframe><\/p>\n<h3>Dado el lado<\/h3>\n<p><iframe loading=\"lazy\" width=\"500\" height=\"281\" src=\"https:\/\/www.youtube.com\/embed\/S6XYNLLajmE?feature=oembed&#038;wmode=opaque\" frameborder=\"0\" gesture=\"media\" allowfullscreen><\/iframe><\/p>\n<p>&nbsp;<\/p>\n","protected":false},"excerpt":{"rendered":"<p>El pent\u00e1gono regular es un pol\u00edgono de cinco \u00e1ngulos y cinco lados iguales. Su \u00e1rea se calcula seg\u00fan la siguiente f\u00f3rmula: \u00e1rea = (per\u00edmetro x apotema) \/ 2. Llamamos per\u00edmetro a la suma de&#46;&#46;&#46;<\/p>\n","protected":false},"author":10581,"featured_media":0,"parent":210,"menu_order":81,"comment_status":"open","ping_status":"open","template":"","meta":{"ngg_post_thumbnail":0,"footnotes":""},"aioseo_notices":[],"_links":{"self":[{"href":"https:\/\/blogsaverroes.juntadeandalucia.es\/jvaraujo\/wp-json\/wp\/v2\/pages\/214"}],"collection":[{"href":"https:\/\/blogsaverroes.juntadeandalucia.es\/jvaraujo\/wp-json\/wp\/v2\/pages"}],"about":[{"href":"https:\/\/blogsaverroes.juntadeandalucia.es\/jvaraujo\/wp-json\/wp\/v2\/types\/page"}],"author":[{"embeddable":true,"href":"https:\/\/blogsaverroes.juntadeandalucia.es\/jvaraujo\/wp-json\/wp\/v2\/users\/10581"}],"replies":[{"embeddable":true,"href":"https:\/\/blogsaverroes.juntadeandalucia.es\/jvaraujo\/wp-json\/wp\/v2\/comments?post=214"}],"version-history":[{"count":0,"href":"https:\/\/blogsaverroes.juntadeandalucia.es\/jvaraujo\/wp-json\/wp\/v2\/pages\/214\/revisions"}],"up":[{"embeddable":true,"href":"https:\/\/blogsaverroes.juntadeandalucia.es\/jvaraujo\/wp-json\/wp\/v2\/pages\/210"}],"wp:attachment":[{"href":"https:\/\/blogsaverroes.juntadeandalucia.es\/jvaraujo\/wp-json\/wp\/v2\/media?parent=214"}],"curies":[{"name":"wp","href":"https:\/\/api.w.org\/{rel}","templated":true}]}}