{"id":44,"date":"2014-12-10T10:00:03","date_gmt":"2014-12-10T10:00:03","guid":{"rendered":"http:\/\/iesalmadraba.org\/dibujo\/?page_id=44"},"modified":"2022-01-16T14:44:16","modified_gmt":"2022-01-16T14:44:16","slug":"la-imagen-visual","status":"publish","type":"page","link":"https:\/\/blogsaverroes.juntadeandalucia.es\/jvaraujo\/epv1\/la-imagen-visual\/","title":{"rendered":"La imagen visual"},"content":{"rendered":"<p>Recursos sobre el tema:<\/p>\n<ul>\n<li>01. <a href=\"https:\/\/blogsaverroes.juntadeandalucia.es\/jvaraujo\/epv1\/la-imagen-visual\/comunicacion-visual\/\">Comunicaci\u00f3n Visual<\/a><\/li>\n<li>02. <a href=\"https:\/\/blogsaverroes.juntadeandalucia.es\/jvaraujo\/epv1\/la-imagen-visual\/tipos-de-imagenes\/\">Tipos de im\u00e1genes<\/a><\/li>\n<li>03. <a href=\"https:\/\/blogsaverroes.juntadeandalucia.es\/jvaraujo\/epv1\/la-imagen-visual\/clasificacion-de-las-formas\/\">Clasificaci\u00f3n de las formas<\/a><\/li>\n<li>04. <a href=\"https:\/\/blogsaverroes.juntadeandalucia.es\/jvaraujo\/epv1\/la-imagen-visual\/el-lenguaje-del-comic\/\">El lenguaje del c\u00f3mic<\/a><\/li>\n<\/ul>\n","protected":false},"excerpt":{"rendered":"<p>Recursos sobre el tema: 01. Comunicaci\u00f3n Visual 02. Tipos de im\u00e1genes 03. Clasificaci\u00f3n de las formas 04. El lenguaje del c\u00f3mic<\/p>\n","protected":false},"author":10581,"featured_media":0,"parent":1222,"menu_order":1,"comment_status":"open","ping_status":"open","template":"","meta":{"ngg_post_thumbnail":0,"footnotes":""},"aioseo_notices":[],"_links":{"self":[{"href":"https:\/\/blogsaverroes.juntadeandalucia.es\/jvaraujo\/wp-json\/wp\/v2\/pages\/44"}],"collection":[{"href":"https:\/\/blogsaverroes.juntadeandalucia.es\/jvaraujo\/wp-json\/wp\/v2\/pages"}],"about":[{"href":"https:\/\/blogsaverroes.juntadeandalucia.es\/jvaraujo\/wp-json\/wp\/v2\/types\/page"}],"author":[{"embeddable":true,"href":"https:\/\/blogsaverroes.juntadeandalucia.es\/jvaraujo\/wp-json\/wp\/v2\/users\/10581"}],"replies":[{"embeddable":true,"href":"https:\/\/blogsaverroes.juntadeandalucia.es\/jvaraujo\/wp-json\/wp\/v2\/comments?post=44"}],"version-history":[{"count":6,"href":"https:\/\/blogsaverroes.juntadeandalucia.es\/jvaraujo\/wp-json\/wp\/v2\/pages\/44\/revisions"}],"predecessor-version":[{"id":1773,"href":"https:\/\/blogsaverroes.juntadeandalucia.es\/jvaraujo\/wp-json\/wp\/v2\/pages\/44\/revisions\/1773"}],"up":[{"embeddable":true,"href":"https:\/\/blogsaverroes.juntadeandalucia.es\/jvaraujo\/wp-json\/wp\/v2\/pages\/1222"}],"wp:attachment":[{"href":"https:\/\/blogsaverroes.juntadeandalucia.es\/jvaraujo\/wp-json\/wp\/v2\/media?parent=44"}],"curies":[{"name":"wp","href":"https:\/\/api.w.org\/{rel}","templated":true}]}}