{"id":50,"date":"2014-12-10T10:02:29","date_gmt":"2014-12-10T10:02:29","guid":{"rendered":"http:\/\/iesalmadraba.org\/dibujo\/?page_id=50"},"modified":"2022-03-01T19:41:46","modified_gmt":"2022-03-01T19:41:46","slug":"representacion-del-espacio","status":"publish","type":"page","link":"https:\/\/blogsaverroes.juntadeandalucia.es\/jvaraujo\/epv1\/representacion-del-espacio\/","title":{"rendered":"Representaci\u00f3n del espacio"},"content":{"rendered":"<p>Recursos sobre el tema:<\/p>\n<ul>\n<li><a href=\"https:\/\/blogsaverroes.juntadeandalucia.es\/jvaraujo\/epv1\/representacion-del-espacio\/que-son-espacio-y-volumen\/\">01. \u00bfQu\u00e9 son espacio y volumen?<\/a><\/li>\n<li><a href=\"https:\/\/blogsaverroes.juntadeandalucia.es\/jvaraujo\/files\/2019\/10\/02.-\u00bfC\u00d3MO-REPRESENTAR-EL-ESPACIO-CON-FORMAS-PLANAS_.pdf\">02. \u00bfC\u00d3MO REPRESENTAR EL ESPACIO CON FORMAS PLANAS_<\/a><\/li>\n<li><a href=\"https:\/\/blogsaverroes.juntadeandalucia.es\/jvaraujo\/files\/2019\/10\/03.-VOLUMEN-Y-CLAROSCURO.pdf\">03. VOLUMEN Y CLAROSCURO<\/a><\/li>\n<li><a href=\"https:\/\/blogsaverroes.juntadeandalucia.es\/jvaraujo\/files\/2019\/10\/Ejercicio-1.-Descubre-las-l\u00edneas-de-fuga.pdf\">Ejercicio 1. Descubre las l\u00edneas de fuga<\/a><\/li>\n<li><a href=\"https:\/\/blogsaverroes.juntadeandalucia.es\/jvaraujo\/files\/2019\/10\/Ejercicio-2.-Comp\u00f3n-una-imagen-en-la-que-explores-la-representaci\u00f3n-del-espacio-.pdf\">Ejercicio 2. Comp\u00f3n una imagen en la que explores la representaci\u00f3n del espacio<\/a><\/li>\n<li><a href=\"https:\/\/blogsaverroes.juntadeandalucia.es\/jvaraujo\/files\/2019\/10\/Ejercicio-3.-Claroscuro-de-vol\u00famenes-sencillos.pdf\">Ejercicio 3. Claroscuro de vol\u00famenes sencillos<\/a><\/li>\n<\/ul>\n","protected":false},"excerpt":{"rendered":"<p>Recursos sobre el tema: 01. \u00bfQu\u00e9 son espacio y volumen? 02. \u00bfC\u00d3MO REPRESENTAR EL ESPACIO CON FORMAS PLANAS_ 03. VOLUMEN Y CLAROSCURO Ejercicio 1. Descubre las l\u00edneas de fuga Ejercicio 2. Comp\u00f3n una imagen&#46;&#46;&#46;<\/p>\n","protected":false},"author":10581,"featured_media":0,"parent":1222,"menu_order":4,"comment_status":"open","ping_status":"open","template":"","meta":{"ngg_post_thumbnail":0,"footnotes":""},"aioseo_notices":[],"_links":{"self":[{"href":"https:\/\/blogsaverroes.juntadeandalucia.es\/jvaraujo\/wp-json\/wp\/v2\/pages\/50"}],"collection":[{"href":"https:\/\/blogsaverroes.juntadeandalucia.es\/jvaraujo\/wp-json\/wp\/v2\/pages"}],"about":[{"href":"https:\/\/blogsaverroes.juntadeandalucia.es\/jvaraujo\/wp-json\/wp\/v2\/types\/page"}],"author":[{"embeddable":true,"href":"https:\/\/blogsaverroes.juntadeandalucia.es\/jvaraujo\/wp-json\/wp\/v2\/users\/10581"}],"replies":[{"embeddable":true,"href":"https:\/\/blogsaverroes.juntadeandalucia.es\/jvaraujo\/wp-json\/wp\/v2\/comments?post=50"}],"version-history":[{"count":2,"href":"https:\/\/blogsaverroes.juntadeandalucia.es\/jvaraujo\/wp-json\/wp\/v2\/pages\/50\/revisions"}],"predecessor-version":[{"id":1906,"href":"https:\/\/blogsaverroes.juntadeandalucia.es\/jvaraujo\/wp-json\/wp\/v2\/pages\/50\/revisions\/1906"}],"up":[{"embeddable":true,"href":"https:\/\/blogsaverroes.juntadeandalucia.es\/jvaraujo\/wp-json\/wp\/v2\/pages\/1222"}],"wp:attachment":[{"href":"https:\/\/blogsaverroes.juntadeandalucia.es\/jvaraujo\/wp-json\/wp\/v2\/media?parent=50"}],"curies":[{"name":"wp","href":"https:\/\/api.w.org\/{rel}","templated":true}]}}

Representación del espacio

<p>Recursos sobre el tema:</p>
<ul>
<li><a href="https://blogsaverroes.juntadeandalucia.es/jvaraujo/epv1/representacion-del-espacio/que-son-espacio-y-volumen/">01. ¿Qué son espacio y volumen?</a></li>
<li><a href="https://blogsaverroes.juntadeandalucia.es/jvaraujo/files/2019/10/02.-¿CÓMO-REPRESENTAR-EL-ESPACIO-CON-FORMAS-PLANAS_.pdf">02. ¿CÓMO REPRESENTAR EL ESPACIO CON FORMAS PLANAS_</a></li>
<li><a href="https://blogsaverroes.juntadeandalucia.es/jvaraujo/files/2019/10/03.-VOLUMEN-Y-CLAROSCURO.pdf">03. VOLUMEN Y CLAROSCURO</a></li>
<li><a href="https://blogsaverroes.juntadeandalucia.es/jvaraujo/files/2019/10/Ejercicio-1.-Descubre-las-líneas-de-fuga.pdf">Ejercicio 1. Descubre las líneas de fuga</a></li>
<li><a href="https://blogsaverroes.juntadeandalucia.es/jvaraujo/files/2019/10/Ejercicio-2.-Compón-una-imagen-en-la-que-explores-la-representación-del-espacio-.pdf">Ejercicio 2. Compón una imagen en la que explores la representación del espacio</a></li>
<li><a href="https://blogsaverroes.juntadeandalucia.es/jvaraujo/files/2019/10/Ejercicio-3.-Claroscuro-de-volúmenes-sencillos.pdf">Ejercicio 3. Claroscuro de volúmenes sencillos</a></li>
</ul>

<p>Recursos sobre el tema: 01. ¿Qué son espacio y volumen? 02. ¿CÓMO REPRESENTAR EL ESPACIO CON FORMAS PLANAS_ 03. VOLUMEN Y CLAROSCURO Ejercicio 1. Descubre las líneas de fuga Ejercicio 2. Compón una imagen&#46;&#46;&#46;</p>
