{"id":54,"date":"2014-12-10T10:04:54","date_gmt":"2014-12-10T10:04:54","guid":{"rendered":"http:\/\/iesalmadraba.org\/dibujo\/?page_id=54"},"modified":"2022-06-01T07:39:45","modified_gmt":"2022-06-01T07:39:45","slug":"poligonos","status":"publish","type":"page","link":"https:\/\/blogsaverroes.juntadeandalucia.es\/jvaraujo\/epv1\/poligonos\/","title":{"rendered":"Pol\u00edgonos"},"content":{"rendered":"<h2>Introducci\u00f3n<\/h2>\n<ul>\n<li><a href=\"https:\/\/comofuncionaque.com\/que-es-un-poligono\/\">\u00bfQu\u00e9 es un pol\u00edgono?<\/a><\/li>\n<\/ul>\n<p>&nbsp;<\/p>\n<h2>Tri\u00e1ngulo<\/h2>\n<p>Dada la circunferencia circunscrita<\/p>\n<p><iframe loading=\"lazy\" title=\"Como dibujar un Tri\u00e1ngulo Equil\u00e1tero Inscrito en una Circunferencia dado Radio (Pol\u00edgonos Regulares)\" width=\"500\" height=\"281\" src=\"https:\/\/www.youtube.com\/embed\/TLQ6McOiRY4?feature=oembed&#038;wmode=opaque\" frameborder=\"0\" allow=\"accelerometer; autoplay; clipboard-write; encrypted-media; gyroscope; picture-in-picture; web-share\" referrerpolicy=\"strict-origin-when-cross-origin\" allowfullscreen><\/iframe><\/p>\n<h2>Cuadrado<\/h2>\n<p>Dada la C.C.<\/p>\n<p><iframe loading=\"lazy\" title=\"Como Dibujar un Cuadrado Inscrito en una Circunferencia dado el Radio (Pol\u00edgonos Regulares).\" width=\"500\" height=\"281\" src=\"https:\/\/www.youtube.com\/embed\/ZV0xfeXl24c?feature=oembed&#038;wmode=opaque\" frameborder=\"0\" allow=\"accelerometer; autoplay; clipboard-write; encrypted-media; gyroscope; picture-in-picture; web-share\" referrerpolicy=\"strict-origin-when-cross-origin\" allowfullscreen><\/iframe><\/p>\n<h2>Pent\u00e1gono<\/h2>\n<p>Dada la C.C.<\/p>\n<p><iframe loading=\"lazy\" title=\"Pent\u00e1gono  Inscrito en Circunferencia. Dibujo T\u00e9cnico sobre papel paso a paso.\" width=\"500\" height=\"281\" src=\"https:\/\/www.youtube.com\/embed\/lOOPMxvwmec?feature=oembed&#038;wmode=opaque\" frameborder=\"0\" allow=\"accelerometer; autoplay; clipboard-write; encrypted-media; gyroscope; picture-in-picture; web-share\" referrerpolicy=\"strict-origin-when-cross-origin\" allowfullscreen><\/iframe><\/p>\n<h2>Hex\u00e1gono<\/h2>\n<p>Dada la C.C.<\/p>\n<p><iframe loading=\"lazy\" title=\"Hex\u00e1gono  Inscrito en Circunferencia. Dibujo T\u00e9cnico sobre papel paso a paso.\" width=\"500\" height=\"281\" src=\"https:\/\/www.youtube.com\/embed\/egarKey-Tns?feature=oembed&#038;wmode=opaque\" frameborder=\"0\" allow=\"accelerometer; autoplay; clipboard-write; encrypted-media; gyroscope; picture-in-picture; web-share\" referrerpolicy=\"strict-origin-when-cross-origin\" allowfullscreen><\/iframe><\/p>\n<h2>Hept\u00e1gono<\/h2>\n<p>Dada la C.C.<\/p>\n<p><iframe loading=\"lazy\" title=\"Hept\u00e1gono Inscrito en Circunferencia. Dibujo T\u00e9cnico sobre papel paso a paso.\" width=\"500\" height=\"281\" src=\"https:\/\/www.youtube.com\/embed\/f6Q-cdIwcNg?feature=oembed&#038;wmode=opaque\" frameborder=\"0\" allow=\"accelerometer; autoplay; clipboard-write; encrypted-media; gyroscope; picture-in-picture; web-share\" referrerpolicy=\"strict-origin-when-cross-origin\" allowfullscreen><\/iframe><\/p>\n<h2>Oct\u00f3gono<\/h2>\n<p>Dada la C.C.<\/p>\n<p><iframe loading=\"lazy\" title=\"Oct\u00f3gono Inscrito en Circunferencia. Dibujo T\u00e9cnico sobre papel paso a paso.\" width=\"500\" height=\"281\" src=\"https:\/\/www.youtube.com\/embed\/wF0nNGs5xEY?feature=oembed&#038;wmode=opaque\" frameborder=\"0\" allow=\"accelerometer; autoplay; clipboard-write; encrypted-media; gyroscope; picture-in-picture; web-share\" referrerpolicy=\"strict-origin-when-cross-origin\" allowfullscreen><\/iframe><\/p>\n<h2>Ene\u00e1gono o non\u00e1gono<\/h2>\n<p>Dada la C.C.<\/p>\n<p><iframe loading=\"lazy\" title=\"Ene\u00e1gono inscrito en una circunferencias (Non\u00e1gono) - Pol\u00edgonos inscritos.\" width=\"500\" height=\"281\" src=\"https:\/\/www.youtube.com\/embed\/cWbaX0CsXGU?feature=oembed&#038;wmode=opaque\" frameborder=\"0\" allow=\"accelerometer; autoplay; clipboard-write; encrypted-media; gyroscope; picture-in-picture; web-share\" referrerpolicy=\"strict-origin-when-cross-origin\" allowfullscreen><\/iframe><\/p>\n<h2>Dec\u00e1gono<\/h2>\n<p>Dada la C.C.<\/p>\n<p><iframe loading=\"lazy\" title=\"Dec\u00e1gono inscrito en una circunferencia (pol\u00edgonos regulares circunscritos).\" width=\"500\" height=\"281\" src=\"https:\/\/www.youtube.com\/embed\/qu0nlBGvPHk?feature=oembed&#038;wmode=opaque\" frameborder=\"0\" allow=\"accelerometer; autoplay; clipboard-write; encrypted-media; gyroscope; picture-in-picture; web-share\" referrerpolicy=\"strict-origin-when-cross-origin\" allowfullscreen><\/iframe><\/p>\n<h2>M\u00e9todo general<\/h2>\n<p>Dada la C.C<\/p>\n<p><iframe loading=\"lazy\" title=\"M\u00e9todo general para dibujar pol\u00edgonos regulares inscritos en circunferencias\" width=\"500\" height=\"281\" src=\"https:\/\/www.youtube.com\/embed\/-ENj8DCvYiU?feature=oembed&#038;wmode=opaque\" frameborder=\"0\" allow=\"accelerometer; autoplay; clipboard-write; encrypted-media; gyroscope; picture-in-picture; web-share\" referrerpolicy=\"strict-origin-when-cross-origin\" allowfullscreen><\/iframe><\/p>\n<p>&nbsp;<\/p>\n","protected":false},"excerpt":{"rendered":"<p>Introducci\u00f3n \u00bfQu\u00e9 es un pol\u00edgono? &nbsp; Tri\u00e1ngulo Dada la circunferencia circunscrita Cuadrado Dada la C.C. Pent\u00e1gono Dada la C.C. Hex\u00e1gono Dada la C.C. Hept\u00e1gono Dada la C.C. Oct\u00f3gono Dada la C.C. Ene\u00e1gono o non\u00e1gono&#46;&#46;&#46;<\/p>\n","protected":false},"author":10581,"featured_media":0,"parent":1222,"menu_order":6,"comment_status":"open","ping_status":"open","template":"","meta":{"ngg_post_thumbnail":0,"footnotes":""},"aioseo_notices":[],"_links":{"self":[{"href":"https:\/\/blogsaverroes.juntadeandalucia.es\/jvaraujo\/wp-json\/wp\/v2\/pages\/54"}],"collection":[{"href":"https:\/\/blogsaverroes.juntadeandalucia.es\/jvaraujo\/wp-json\/wp\/v2\/pages"}],"about":[{"href":"https:\/\/blogsaverroes.juntadeandalucia.es\/jvaraujo\/wp-json\/wp\/v2\/types\/page"}],"author":[{"embeddable":true,"href":"https:\/\/blogsaverroes.juntadeandalucia.es\/jvaraujo\/wp-json\/wp\/v2\/users\/10581"}],"replies":[{"embeddable":true,"href":"https:\/\/blogsaverroes.juntadeandalucia.es\/jvaraujo\/wp-json\/wp\/v2\/comments?post=54"}],"version-history":[{"count":4,"href":"https:\/\/blogsaverroes.juntadeandalucia.es\/jvaraujo\/wp-json\/wp\/v2\/pages\/54\/revisions"}],"predecessor-version":[{"id":1994,"href":"https:\/\/blogsaverroes.juntadeandalucia.es\/jvaraujo\/wp-json\/wp\/v2\/pages\/54\/revisions\/1994"}],"up":[{"embeddable":true,"href":"https:\/\/blogsaverroes.juntadeandalucia.es\/jvaraujo\/wp-json\/wp\/v2\/pages\/1222"}],"wp:attachment":[{"href":"https:\/\/blogsaverroes.juntadeandalucia.es\/jvaraujo\/wp-json\/wp\/v2\/media?parent=54"}],"curies":[{"name":"wp","href":"https:\/\/api.w.org\/{rel}","templated":true}]}}