{"id":79,"date":"2014-12-10T11:36:39","date_gmt":"2014-12-10T11:36:39","guid":{"rendered":"http:\/\/iesalmadraba.org\/dibujo\/dt2\/geometria-plana\/"},"modified":"2014-12-10T11:36:39","modified_gmt":"2014-12-10T11:36:39","slug":"geometria-plana","status":"publish","type":"page","link":"https:\/\/blogsaverroes.juntadeandalucia.es\/jvaraujo\/dt2\/geometria-plana\/","title":{"rendered":"Geometr\u00eda plana"},"content":{"rendered":"<p>Los conceptos tratados en este bloque son continaci\u00f3n de los vistos en Dibujo T\u00e9cnico de 1\u00ba (DT1).<\/p>\n<p>Se recomienda volver a repasar el material did\u00e1ctico de ese nivel para refrescar conceptos y llenar lagunas.<\/p>\n<p><img decoding=\"async\" title=\"Photo, por HebiFot\" src=\"https:\/\/blogsaverroes.juntadeandalucia.es\/jvaraujo\/files\/2014\/12\/e5922bed086d0f26_640_geometry.jpg\" alt=\"geometry photo\" \/><\/p>\n","protected":false},"excerpt":{"rendered":"<p>Los conceptos tratados en este bloque son continaci\u00f3n de los vistos en Dibujo T\u00e9cnico de 1\u00ba (DT1). Se recomienda volver a repasar el material did\u00e1ctico de ese nivel para refrescar conceptos y llenar lagunas.<\/p>\n","protected":false},"author":10581,"featured_media":0,"parent":19,"menu_order":9,"comment_status":"open","ping_status":"open","template":"","meta":{"ngg_post_thumbnail":0,"footnotes":""},"aioseo_notices":[],"_links":{"self":[{"href":"https:\/\/blogsaverroes.juntadeandalucia.es\/jvaraujo\/wp-json\/wp\/v2\/pages\/79"}],"collection":[{"href":"https:\/\/blogsaverroes.juntadeandalucia.es\/jvaraujo\/wp-json\/wp\/v2\/pages"}],"about":[{"href":"https:\/\/blogsaverroes.juntadeandalucia.es\/jvaraujo\/wp-json\/wp\/v2\/types\/page"}],"author":[{"embeddable":true,"href":"https:\/\/blogsaverroes.juntadeandalucia.es\/jvaraujo\/wp-json\/wp\/v2\/users\/10581"}],"replies":[{"embeddable":true,"href":"https:\/\/blogsaverroes.juntadeandalucia.es\/jvaraujo\/wp-json\/wp\/v2\/comments?post=79"}],"version-history":[{"count":0,"href":"https:\/\/blogsaverroes.juntadeandalucia.es\/jvaraujo\/wp-json\/wp\/v2\/pages\/79\/revisions"}],"up":[{"embeddable":true,"href":"https:\/\/blogsaverroes.juntadeandalucia.es\/jvaraujo\/wp-json\/wp\/v2\/pages\/19"}],"wp:attachment":[{"href":"https:\/\/blogsaverroes.juntadeandalucia.es\/jvaraujo\/wp-json\/wp\/v2\/media?parent=79"}],"curies":[{"name":"wp","href":"https:\/\/api.w.org\/{rel}","templated":true}]}}