{"id":185,"date":"2021-04-25T18:34:22","date_gmt":"2021-04-25T18:34:22","guid":{"rendered":"https:\/\/blogsaverroes.juntadeandalucia.es\/laescueladua\/?page_id=185"},"modified":"2026-03-18T22:15:40","modified_gmt":"2026-03-18T22:15:40","slug":"material","status":"publish","type":"page","link":"https:\/\/blogsaverroes.juntadeandalucia.es\/laescueladua\/material\/","title":{"rendered":"Mi material"},"content":{"rendered":"<h1><img loading=\"lazy\" decoding=\"async\" class=\"alignnone wp-image-314\" src=\"https:\/\/blogsaverroes.juntadeandalucia.es\/laescueladua\/files\/2021\/11\/\u00edndice.png\" alt=\"\" width=\"54\" height=\"54\" srcset=\"https:\/\/blogsaverroes.juntadeandalucia.es\/laescueladua\/files\/2021\/11\/\u00edndice.png 225w, https:\/\/blogsaverroes.juntadeandalucia.es\/laescueladua\/files\/2021\/11\/\u00edndice-150x150.png 150w, https:\/\/blogsaverroes.juntadeandalucia.es\/laescueladua\/files\/2021\/11\/\u00edndice-80x80.png 80w\" sizes=\"(max-width: 54px) 100vw, 54px\" \/>Curso 25-26.<\/h1>\n<ul>\n<li>Material para Digitalizaci\u00f3n sobre la IA: <a href=\"https:\/\/computacionyroboticalbn.on.drv.tw\/web\/ia4eso\/\">https:\/\/computacionyroboticalbn.on.drv.tw\/web\/ia4eso\/<\/a><\/li>\n<li>Uso del microscopio digital en CyR<\/li>\n<li>Circuitos el\u00e9ctricos. Uso de la microbit. CyR 1\u00ba ESO. (semana de la ciencia).&nbsp;<\/li>\n<\/ul>\n<p><a href=\"https:\/\/computacionyroboticalbn.on.drv.tw\/web\/circuitos\/\">https:\/\/computacionyroboticalbn.on.drv.tw\/web\/circuitos\/&nbsp;<\/a><\/p>\n<ul>\n<li>Proyecto de elaboraci\u00f3n de materiales: Escuela c\u00f3digo 30 minutos:<\/li>\n<\/ul>\n<p><a href=\"https:\/\/blogsaverroes.juntadeandalucia.es\/computayrobota\/\">https:\/\/blogsaverroes.juntadeandalucia.es\/computayrobota\/<\/a><\/p>\n<ul>\n<li>Programa Steam 4.0 <a href=\"https:\/\/computacionyroboticalbn.on.drv.tw\/web\/codigoescuela4.0\/\">https:\/\/computacionyroboticalbn.on.drv.tw\/web\/codigoescuela4.0\/&nbsp;<\/a><\/li>\n<li>Grupo de trabajo: #descifrandolavidadigital: <a href=\"https:\/\/computacionyroboticalbn.on.drv.tw\/web\/GTdescifra\/\">https:\/\/computacionyroboticalbn.on.drv.tw\/web\/GTdescifra\/<\/a><\/li>\n<li>Taller de creaci\u00f3n de contenido para el ciclo APSD\n<ul>\n<li><a href=\"https:\/\/blogsaverroes.juntadeandalucia.es\/laescueladua\/files\/2026\/03\/del-aula-a-youtube-explicacion.pdf\">Del aula a youtube-explicaci\u00f3n<\/a><\/li>\n<li><a href=\"https:\/\/blogsaverroes.juntadeandalucia.es\/laescueladua\/files\/2026\/03\/Del-aula-a-youtube.pdf\">Del aula a youtube<\/a><\/li>\n<\/ul>\n<\/li>\n<\/ul>\n<p>&nbsp;<\/p>\n<h1><img loading=\"lazy\" decoding=\"async\" class=\"alignnone wp-image-314\" src=\"https:\/\/blogsaverroes.juntadeandalucia.es\/laescueladua\/files\/2021\/11\/\u00edndice.png\" alt=\"\" width=\"54\" height=\"54\" srcset=\"https:\/\/blogsaverroes.juntadeandalucia.es\/laescueladua\/files\/2021\/11\/\u00edndice.png 225w, https:\/\/blogsaverroes.juntadeandalucia.es\/laescueladua\/files\/2021\/11\/\u00edndice-150x150.png 150w, https:\/\/blogsaverroes.juntadeandalucia.es\/laescueladua\/files\/2021\/11\/\u00edndice-80x80.png 80w\" sizes=\"(max-width: 54px) 100vw, 54px\" \/>Curso 24-25.<\/h1>\n<ul>\n<li>Proyecto de elaboraci\u00f3n de materiales: Placa Echidna <a href=\"https:\/\/computacionyroboticalbn.on.drv.tw\/web\/echidna_V04\/\">https:\/\/computacionyroboticalbn.on.drv.tw\/web\/echidna_V04\/<\/a><\/li>\n<\/ul>\n<h1><img loading=\"lazy\" decoding=\"async\" class=\"alignnone wp-image-314\" src=\"https:\/\/blogsaverroes.juntadeandalucia.es\/laescueladua\/files\/2021\/11\/\u00edndice.png\" alt=\"\" width=\"54\" height=\"54\" srcset=\"https:\/\/blogsaverroes.juntadeandalucia.es\/laescueladua\/files\/2021\/11\/\u00edndice.png 225w, https:\/\/blogsaverroes.juntadeandalucia.es\/laescueladua\/files\/2021\/11\/\u00edndice-150x150.png 150w, https:\/\/blogsaverroes.juntadeandalucia.es\/laescueladua\/files\/2021\/11\/\u00edndice-80x80.png 80w\" sizes=\"(max-width: 54px) 100vw, 54px\" \/>Curso 23-24.<\/h1>\n<ul>\n<li>Trabaja con Makey (1\u00baESO) <a href=\"https:\/\/computacionyroboticalbn.on.drv.tw\/web\/makey\/\">https:\/\/computacionyroboticalbn.on.drv.tw\/web\/makey\/<\/a><\/li>\n<li>SdA2 para 1\u00ba ESO. <a href=\"https:\/\/computacionyroboticalbn.on.drv.tw\/web\/SDA2\/\">https:\/\/computacionyroboticalbn.on.drv.tw\/web\/SDA2\/<\/a><\/li>\n<li>SdA para 2\u00baESO: As\u00ed funciona una IA <a href=\"https:\/\/view.genial.ly\/65454e69055fd10011d775cd\/presentation-ia\">https:\/\/view.genial.ly\/65454e69055fd10011d775cd\/presentation-ia<\/a><\/li>\n<li>SdA Fomento de la lectura: S\u00faper energ\u00e9ticos <a href=\"https:\/\/computacionyroboticalbn.on.drv.tw\/web\/super\/\">https:\/\/computacionyroboticalbn.on.drv.tw\/web\/super\/<\/a><\/li>\n<li>SdA1 para 1\u00ba ESO CyR. V\u00e1lido para la acreditaci\u00f3n B2 <a href=\"https:\/\/computacionyroboticalbn.on.drv.tw\/web\/SDA\/SdA1_1eso\/\">https:\/\/computacionyroboticalbn.on.drv.tw\/web\/SDA\/SdA1_1eso\/<\/a><\/li>\n<li>SdA para 4\u00ba ESO Digitalizaci\u00f3n. <a href=\"https:\/\/computacionyroboticalbn.on.drv.tw\/web\/radio%20\/SdA-_la_radio\/\">https:\/\/computacionyroboticalbn.on.drv.tw\/web\/radio%20\/SdA-_la_radio\/<\/a><\/li>\n<li>Presentaci\u00f3n de instructora para el <a href=\"https:\/\/drive.google.com\/file\/d\/1hI599h1gf8Xra9cN_Z9oVIzU4jZqIFDc\/view?usp=sharing\">Programa STEAM: Rob\u00f3tica en el aula. <\/a>Es la presentaci\u00f3n que use para mi grupo, tiene toda la informaci\u00f3n necesaria para el programa<\/li>\n<\/ul>\n<h1><img loading=\"lazy\" decoding=\"async\" class=\"alignnone wp-image-314\" src=\"https:\/\/blogsaverroes.juntadeandalucia.es\/laescueladua\/files\/2021\/11\/\u00edndice.png\" alt=\"\" width=\"54\" height=\"54\" srcset=\"https:\/\/blogsaverroes.juntadeandalucia.es\/laescueladua\/files\/2021\/11\/\u00edndice.png 225w, https:\/\/blogsaverroes.juntadeandalucia.es\/laescueladua\/files\/2021\/11\/\u00edndice-150x150.png 150w, https:\/\/blogsaverroes.juntadeandalucia.es\/laescueladua\/files\/2021\/11\/\u00edndice-80x80.png 80w\" sizes=\"(max-width: 54px) 100vw, 54px\" \/>Curso 22-23. Programa STEAM y Grupo de trabajo<\/h1>\n<ul>\n<li>Programa STEAM: Pensamiento Computacional. <a href=\"https:\/\/computacionyroboticalbn.on.drv.tw\/web\/PC\/pensamiento_computacional\/\">https:\/\/computacionyroboticalbn.on.drv.tw\/web\/PC\/pensamiento_computacional\/<\/a><\/li>\n<li>Grupo de trabajo: Situaciones de aprendizaje (3\u00baTecnolog\u00eda, 1\u00ba y 3\u00ba de computaci\u00f3n y rob\u00f3tica): <a href=\"https:\/\/computacionyroboticalbn.on.drv.tw\/web\/Situaciones\/situaciones\/\">https:\/\/computacionyroboticalbn.on.drv.tw\/web\/Situaciones\/situaciones\/<\/a><\/li>\n<\/ul>\n<p>&nbsp;<\/p>\n<h1><img loading=\"lazy\" decoding=\"async\" class=\"alignnone wp-image-314\" src=\"https:\/\/blogsaverroes.juntadeandalucia.es\/laescueladua\/files\/2021\/11\/\u00edndice.png\" alt=\"\" width=\"54\" height=\"54\" srcset=\"https:\/\/blogsaverroes.juntadeandalucia.es\/laescueladua\/files\/2021\/11\/\u00edndice.png 225w, https:\/\/blogsaverroes.juntadeandalucia.es\/laescueladua\/files\/2021\/11\/\u00edndice-150x150.png 150w, https:\/\/blogsaverroes.juntadeandalucia.es\/laescueladua\/files\/2021\/11\/\u00edndice-80x80.png 80w\" sizes=\"(max-width: 54px) 100vw, 54px\" \/>Computaci\u00f3n y Rob\u00f3tica. Microbit<\/h1>\n<p>En los siguientes enlaces tienes multitud de actividades detalladas para realizar con el alumnado<\/p>\n<ul>\n<li>Microbit para 1\u00ba ESO: <a href=\"https:\/\/computacionyroboticalbn.on.drv.tw\/web\/micro1\/\">https:\/\/computacionyroboticalbn.on.drv.tw\/web\/micro1\/<\/a><\/li>\n<li>Microbit para 2\u00ba ESO: <a href=\"https:\/\/computacionyroboticalbn.on.drv.tw\/web\/micro2\/\">https:\/\/computacionyroboticalbn.on.drv.tw\/web\/micro2\/<\/a><\/li>\n<li>Kit MaQueen: <a href=\"https:\/\/computacionyroboticalbn.on.drv.tw\/web\/maqueen\/\">https:\/\/computacionyroboticalbn.on.drv.tw\/web\/maqueen\/<\/a><\/li>\n<li>Kit avanzado inicial Proyecto STEAM <a href=\"https:\/\/computacionyroboticalbn.on.drv.tw\/web\/kitini\/\">https:\/\/computacionyroboticalbn.on.drv.tw\/web\/kitini\/<\/a><span style=\"font-size: 8pt\"><a href=\"https:\/\/pcunplugged.000webhostapp.com\/Avanza1\/index.html\">l<\/a><\/span><\/li>\n<li>Kit avanzado Proyecto STEAM: <a href=\"https:\/\/computacionyroboticalbn.on.drv.tw\/web\/kitavan\/\">https:\/\/computacionyroboticalbn.on.drv.tw\/web\/kitavan\/<\/a><\/li>\n<\/ul>\n<h1><img loading=\"lazy\" decoding=\"async\" class=\"alignnone wp-image-314\" src=\"https:\/\/blogsaverroes.juntadeandalucia.es\/laescueladua\/files\/2021\/11\/\u00edndice.png\" alt=\"\" width=\"54\" height=\"54\" srcset=\"https:\/\/blogsaverroes.juntadeandalucia.es\/laescueladua\/files\/2021\/11\/\u00edndice.png 225w, https:\/\/blogsaverroes.juntadeandalucia.es\/laescueladua\/files\/2021\/11\/\u00edndice-150x150.png 150w, https:\/\/blogsaverroes.juntadeandalucia.es\/laescueladua\/files\/2021\/11\/\u00edndice-80x80.png 80w\" sizes=\"(max-width: 54px) 100vw, 54px\" \/>Computaci\u00f3n y Rob\u00f3tica<\/h1>\n<ul>\n<li>Big data. Material para ESO y bachillerato: centros de datos, IA, metaverso, blockchain&#8230; <a href=\"https:\/\/computacionyroboticalbn.on.drv.tw\/web\/bigdata\/\">https:\/\/computacionyroboticalbn.on.drv.tw\/web\/bigdata\/<\/a><\/li>\n<li>Fakes News para 1\u00ba,2\u00ba,3\u00ba4\u00ba ESO y 1\u00ba bachillerato <a href=\"https:\/\/blogsaverroes.juntadeandalucia.es\/laescueladua\/files\/2022\/12\/situaci\u00f3n-de-aprendizaje-las-fakes-2-1.pdf\">situaci\u00f3n de aprendizaje las fakes<\/a><\/li>\n<\/ul>\n<p><strong>Evaluaciones iniciales para 1\u00ba,2\u00ba y 3\u00ba ESO<\/strong><\/p>\n<ul>\n<li>Evaluaci\u00f3n inicial para 1\u00baESO: <a href=\"https:\/\/computacionyroboticalbn.on.drv.tw\/web\/EvIni12\/\">https:\/\/computacionyroboticalbn.on.drv.tw\/web\/EvIni12\/<\/a><\/li>\n<li>Evaluaci\u00f3n inicial para 2\u00baESO: <a href=\"https:\/\/computacionyroboticalbn.on.drv.tw\/web\/Ev_INI2\/\">https:\/\/computacionyroboticalbn.on.drv.tw\/web\/Ev_INI2\/ <\/a><\/li>\n<li>Evaluaci\u00f3n inicial para 3\u00ba ESO basada en programaci\u00f3n estructurada:<a href=\"https:\/\/computacionyroboticalbn.on.drv.tw\/web\/EvIniProgEst\/\">https:\/\/computacionyroboticalbn.on.drv.tw\/web\/EvIniProgEst\/<\/a><\/li>\n<\/ul>\n<p>Proyecto de elaboraci\u00f3n de materiales 2021-2022<\/p>\n<ul>\n<li>Soy STEAM: Diferentes materiales creados para un proyecto de elaboraci\u00f3n de materiales (NEAE, Arduino, pico, nano, edublocks, merge cub, kits para microbit) \u00bfQuieres conocerlos? <a href=\"https:\/\/computacionyroboticalbn.on.drv.tw\/web\/Soysteam\/\">https:\/\/computacionyroboticalbn.on.drv.tw\/web\/Soysteam\/<\/a><\/li>\n<\/ul>\n<h1><img loading=\"lazy\" decoding=\"async\" class=\"wp-image-314 alignnone\" src=\"https:\/\/blogsaverroes.juntadeandalucia.es\/laescueladua\/files\/2021\/11\/\u00edndice.png\" alt=\"\" width=\"54\" height=\"54\" srcset=\"https:\/\/blogsaverroes.juntadeandalucia.es\/laescueladua\/files\/2021\/11\/\u00edndice.png 225w, https:\/\/blogsaverroes.juntadeandalucia.es\/laescueladua\/files\/2021\/11\/\u00edndice-150x150.png 150w, https:\/\/blogsaverroes.juntadeandalucia.es\/laescueladua\/files\/2021\/11\/\u00edndice-80x80.png 80w\" sizes=\"(max-width: 54px) 100vw, 54px\" \/>Proyectos de elaboraci\u00f3n de materiales:<\/h1>\n<ul>\n<li><a href=\"http:\/\/agrega.juntadeandalucia.es\/visualizador-1\/Visualizar\/Visualizar.do?idioma=es&amp;identificador=ODE-cdaaa858-1798-3115-b49b-34a7c6ea5eea&amp;secuencia=true&amp;comunidadAgrega=true\">Pensamiento Computacional,<\/a> Trabaja el pensamiento computacional desde todas las \u00e1reas. Son tareas desenchufadas. Para asignaturas como inform\u00e1tica proporciona un material b\u00e1sico para usar la microbit.<\/li>\n<li><a href=\"http:\/\/agrega.juntadeandalucia.es\/visualizador-1\/Visualizar\/Visualizar.do?idioma=es&amp;identificador=ODE-19626fa8-68fc-39d2-9252-d460c0d48d8f&amp;secuencia=true&amp;comunidadAgrega=true\">Eres Steam? Trabaja con placas microbit. <\/a>Tienes una gran cantidad de ejercicios con soluciones y videos para usar una sola placa, varias y para usar sensores y actuadores.<\/li>\n<\/ul>\n<h1><img loading=\"lazy\" decoding=\"async\" class=\"alignnone wp-image-315\" src=\"https:\/\/blogsaverroes.juntadeandalucia.es\/laescueladua\/files\/2021\/11\/1547183-300x300.png\" alt=\"\" width=\"70\" height=\"70\" srcset=\"https:\/\/blogsaverroes.juntadeandalucia.es\/laescueladua\/files\/2021\/11\/1547183-300x300.png 300w, https:\/\/blogsaverroes.juntadeandalucia.es\/laescueladua\/files\/2021\/11\/1547183-150x150.png 150w, https:\/\/blogsaverroes.juntadeandalucia.es\/laescueladua\/files\/2021\/11\/1547183-80x80.png 80w, https:\/\/blogsaverroes.juntadeandalucia.es\/laescueladua\/files\/2021\/11\/1547183-320x320.png 320w, https:\/\/blogsaverroes.juntadeandalucia.es\/laescueladua\/files\/2021\/11\/1547183.png 512w\" sizes=\"(max-width: 70px) 100vw, 70px\" \/>Otras cosas de inter\u00e9s en Agrega<\/h1>\n<ul>\n<li><a href=\"http:\/\/agrega.juntadeandalucia.es\/visualizador-1\/Visualizar\/Visualizar.do?idioma=es&amp;identificador=ODE-c2e987df-7acb-365a-a865-591ba371752d&amp;secuencia=true&amp;comunidadAgrega=true\">Historia de la rob\u00f3tica<\/a>, mi visi\u00f3n sobre la historia de la rob\u00f3tica.<\/li>\n<li><a href=\"http:\/\/agrega.juntadeandalucia.es\/visualizador-1\/Visualizar\/Visualizar.do?idioma=es&amp;identificador=ODE-04b66249-291c-3989-b223-8a9a2d31b206&amp;secuencia=true&amp;comunidadAgrega=true\">Evaluaci\u00f3n inicial.<\/a> V\u00e1lida para la ESO. Computaci\u00f3n y Rob\u00f3tica<\/li>\n<\/ul>\n<h1><img loading=\"lazy\" decoding=\"async\" class=\"alignleft wp-image-505 size-thumbnail\" src=\"https:\/\/blogsaverroes.juntadeandalucia.es\/laescueladua\/files\/2022\/03\/coe-150x150.png\" alt=\"\" width=\"150\" height=\"150\" srcset=\"https:\/\/blogsaverroes.juntadeandalucia.es\/laescueladua\/files\/2022\/03\/coe-150x150.png 150w, https:\/\/blogsaverroes.juntadeandalucia.es\/laescueladua\/files\/2022\/03\/coe-80x80.png 80w, https:\/\/blogsaverroes.juntadeandalucia.es\/laescueladua\/files\/2022\/03\/coe.png 225w\" sizes=\"(max-width: 150px) 100vw, 150px\" \/>Coeducaci\u00f3n:<\/h1>\n<ul>\n<li><a href=\"https:\/\/blogsaverroes.juntadeandalucia.es\/laescueladua\/files\/2022\/03\/GU\u00cdA-COEDUCATIVA-FEMINISMO-DESDE-LA-BASE-.pdf\">GU\u00cdA COEDUCATIVA FEMINISMO DESDE LA BASE<\/a> de Pilar M\u00e1rmol. NO es m\u00edo pero lo recomiendo como si lo fuera.<\/li>\n<li>Feminismo&nbsp; de base en las TIC: <a href=\"https:\/\/pcunplugged.000webhostapp.com\/coeduca\/index.html\">https:\/\/pcunplugged.000webhostapp.com\/coeduca\/index.html<\/a><\/li>\n<\/ul>\n<p>&nbsp;<\/p>\n<p>&nbsp;<\/p>\n<h1>Proyectos:<\/h1>\n<ul style=\"list-style-type: square\">\n<li><em>Historia del tatuaje y el grafiti<\/em> (Creado para<strong> taller TIC<\/strong> programa de mejora del aprendizaje, 3\u00baESO): <a href=\"https:\/\/blogsaverroes.juntadeandalucia.es\/laescueladua\/files\/2022\/07\/Proyecto-tatuajes-y-grafitis-2018.pdf\">Proyecto tatuajes y grafitis 2018<\/a><\/li>\n<li>Museo de la computaci\u00f3n con PaperCraft <a href=\"https:\/\/rockybergen.com\/papercraft\">https:\/\/rockybergen.com\/papercraft<\/a><\/li>\n<\/ul>\n","protected":false},"excerpt":{"rendered":"<p>Curso 25-26. Material para Digitalizaci\u00f3n sobre la IA: https:\/\/computacionyroboticalbn.on.drv.tw\/web\/ia4eso\/ Uso del microscopio digital en CyR Circuitos el\u00e9ctricos. Uso de la microbit. CyR 1\u00ba ESO. (semana de la ciencia).&nbsp; https:\/\/computacionyroboticalbn.on.drv.tw\/web\/circuitos\/&nbsp; Proyecto de elaboraci\u00f3n de materiales: Escuela c\u00f3digo 30 minutos: https:\/\/blogsaverroes.juntadeandalucia.es\/computayrobota\/ Programa Steam 4.0 https:\/\/computacionyroboticalbn.on.drv.tw\/web\/codigoescuela4.0\/&nbsp; Grupo de trabajo: #descifrandolavidadigital: https:\/\/computacionyroboticalbn.on.drv.tw\/web\/GTdescifra\/ Taller de creaci\u00f3n de contenido para el &hellip; <\/p>\n<p><a class=\"more-link btn\" href=\"https:\/\/blogsaverroes.juntadeandalucia.es\/laescueladua\/material\/\">Seguir leyendo<\/a><\/p>\n","protected":false},"author":12694,"featured_media":0,"parent":0,"menu_order":0,"comment_status":"closed","ping_status":"closed","template":"","meta":{"ngg_post_thumbnail":0,"footnotes":""},"aioseo_notices":[],"_links":{"self":[{"href":"https:\/\/blogsaverroes.juntadeandalucia.es\/laescueladua\/wp-json\/wp\/v2\/pages\/185"}],"collection":[{"href":"https:\/\/blogsaverroes.juntadeandalucia.es\/laescueladua\/wp-json\/wp\/v2\/pages"}],"about":[{"href":"https:\/\/blogsaverroes.juntadeandalucia.es\/laescueladua\/wp-json\/wp\/v2\/types\/page"}],"author":[{"embeddable":true,"href":"https:\/\/blogsaverroes.juntadeandalucia.es\/laescueladua\/wp-json\/wp\/v2\/users\/12694"}],"replies":[{"embeddable":true,"href":"https:\/\/blogsaverroes.juntadeandalucia.es\/laescueladua\/wp-json\/wp\/v2\/comments?post=185"}],"version-history":[{"count":45,"href":"https:\/\/blogsaverroes.juntadeandalucia.es\/laescueladua\/wp-json\/wp\/v2\/pages\/185\/revisions"}],"predecessor-version":[{"id":2522,"href":"https:\/\/blogsaverroes.juntadeandalucia.es\/laescueladua\/wp-json\/wp\/v2\/pages\/185\/revisions\/2522"}],"wp:attachment":[{"href":"https:\/\/blogsaverroes.juntadeandalucia.es\/laescueladua\/wp-json\/wp\/v2\/media?parent=185"}],"curies":[{"name":"wp","href":"https:\/\/api.w.org\/{rel}","templated":true}]}}