{"id":1289,"date":"2021-04-10T22:36:32","date_gmt":"2021-04-10T22:36:32","guid":{"rendered":"https:\/\/blogsaverroes.juntadeandalucia.es\/lahungara\/?page_id=1289"},"modified":"2023-11-22T13:34:16","modified_gmt":"2023-11-22T13:34:16","slug":"equipo","status":"publish","type":"page","link":"https:\/\/blogsaverroes.juntadeandalucia.es\/lahungara\/equipo\/","title":{"rendered":"Nuestro equipo"},"content":{"rendered":"<p>Nuestra biblioteca, La H\u00fangara, no ser\u00eda posible si no fuese por todo el equipo humano que se encarga de darle vida y poner en marcha las actividades de fomento de la lectura y la escritura.<\/p>\n<p>&nbsp;<\/p>\n<table style=\"border-collapse: collapse;width: 100%\">\n<tbody>\n<tr>\n<td style=\"width: 81.7623%\"><em><i>Responsable de la Biblioteca<\/i><\/em><br \/>\nMiriam Garc\u00eda Vidal<\/td>\n<\/tr>\n<tr>\n<td style=\"width: 81.7623%\"><em><i>Atenci\u00f3n a la diversidad<\/i><\/em><em><i><br \/>\n<\/i><\/em>Esther Algeciras \u00c1lvarez<\/td>\n<\/tr>\n<\/tbody>\n<tbody>\n<tr style=\"height: 24px\">\n<td style=\"width: 81.7623%;height: 24px\"><em><i>Sostenibilidad y Medio Ambiente<\/i><\/em><em><i><br \/>\n<\/i><\/em>Rub\u00e9n Zaya Grilo<br \/>\nPaula Rosa Delgado<br \/>\nManuel Gil L\u00f3pez<\/td>\n<\/tr>\n<tr style=\"height: 24px\">\n<td style=\"width: 81.7623%;height: 24px\"><em><i>Coeducaci\u00f3n<\/i><\/em><em><i><br \/>\n<\/i><\/em>Mar\u00eda Jos\u00e9 Mu\u00f1oz Estepa<br \/>\nAmanda Su\u00e1rez S\u00e1nchez<\/td>\n<\/tr>\n<tr style=\"height: 24px\">\n<td style=\"width: 81.7623%;height: 24px\"><em><i>Proyecto Ling\u00fc\u00edstico<\/i><\/em><br \/>\nCarmen Miranda P\u00e9rez<br \/>\nCarmen Vargas Su\u00e1rez<br \/>\nJuliana Drechsel Dosantos<\/td>\n<\/tr>\n<tr style=\"height: 24px\">\n<td style=\"width: 81.7623%;height: 24px\"><em><i>Dinamizaci\u00f3n de espacios digitales y Patrimonio<\/i><\/em><br \/>\nMar\u00eda del Mar Ib\u00e1\u00f1ez Jim\u00e9nez-Herrera<br \/>\nJulio de Vega L\u00f3pez<br \/>\nRoc\u00edo Moreno Humanes<br \/>\nVictoria Garc\u00eda Sabin<\/td>\n<\/tr>\n<tr style=\"height: 24px\">\n<td style=\"width: 81.7623%;height: 24px\"><em><i>Servicio de pr\u00e9stamos<\/i><\/em><br \/>\nCarlos Cobos Rodr\u00edguez<br \/>\nMercedes Mart\u00edn S\u00e1nchez<br \/>\nVer\u00f3nica L\u00f3pez Lozano<\/td>\n<\/tr>\n<tr style=\"height: 24px\">\n<td style=\"width: 81.7623%;height: 24px\"><em><i>Soporte t\u00e9cnico<\/i><\/em><br \/>\nAlba Mar\u00eda Navarro Izquierdo<br \/>\nFrancisco Javier Navarro Izquierdo<br \/>\nManuel Flores Se\u00f1o<\/td>\n<\/tr>\n<tr style=\"height: 24px\">\n<td style=\"width: 81.7623%;height: 24px\"><em><i>Mantenimiento del cat\u00e1logo<\/i><\/em><br \/>\nMario Benicio Nieto<br \/>\nIgnacio P\u00e9rez G\u00e1lvez<br \/>\nAna Mar\u00eda Ruiz Castro<\/p>\n<p>Mar\u00eda Aguasanta Dorado Dom\u00ednguez<\/td>\n<\/tr>\n<\/tbody>\n<\/table>\n","protected":false},"excerpt":{"rendered":"<p>Nuestra biblioteca, La H\u00fangara, no ser\u00eda posible si no fuese por todo el equipo humano que se encarga de darle vida y poner en marcha las actividades de fomento de la lectura y la escritura. &nbsp; Responsable de la Biblioteca Miriam Garc\u00eda Vidal Atenci\u00f3n a la diversidad Esther Algeciras \u00c1lvarez Sostenibilidad y Medio Ambiente Rub\u00e9n [&hellip;]<\/p>\n","protected":false},"author":12290,"featured_media":0,"parent":0,"menu_order":0,"comment_status":"closed","ping_status":"closed","template":"","meta":{"ngg_post_thumbnail":0,"footnotes":""},"aioseo_notices":[],"_links":{"self":[{"href":"https:\/\/blogsaverroes.juntadeandalucia.es\/lahungara\/wp-json\/wp\/v2\/pages\/1289"}],"collection":[{"href":"https:\/\/blogsaverroes.juntadeandalucia.es\/lahungara\/wp-json\/wp\/v2\/pages"}],"about":[{"href":"https:\/\/blogsaverroes.juntadeandalucia.es\/lahungara\/wp-json\/wp\/v2\/types\/page"}],"author":[{"embeddable":true,"href":"https:\/\/blogsaverroes.juntadeandalucia.es\/lahungara\/wp-json\/wp\/v2\/users\/12290"}],"replies":[{"embeddable":true,"href":"https:\/\/blogsaverroes.juntadeandalucia.es\/lahungara\/wp-json\/wp\/v2\/comments?post=1289"}],"version-history":[{"count":52,"href":"https:\/\/blogsaverroes.juntadeandalucia.es\/lahungara\/wp-json\/wp\/v2\/pages\/1289\/revisions"}],"predecessor-version":[{"id":2798,"href":"https:\/\/blogsaverroes.juntadeandalucia.es\/lahungara\/wp-json\/wp\/v2\/pages\/1289\/revisions\/2798"}],"wp:attachment":[{"href":"https:\/\/blogsaverroes.juntadeandalucia.es\/lahungara\/wp-json\/wp\/v2\/media?parent=1289"}],"curies":[{"name":"wp","href":"https:\/\/api.w.org\/{rel}","templated":true}]}}

<p>Nuestra biblioteca, La Húngara, no sería posible si no fuese por todo el equipo humano que se encarga de darle vida y poner en marcha las actividades de fomento de la lectura y la escritura.</p>
<p>&nbsp;</p>
<table style="border-collapse: collapse;width: 100%">
<tbody>
<tr>
<td style="width: 81.7623%"><em><i>Responsable de la Biblioteca</i></em><br />
Miriam García Vidal</td>
</tr>
<tr>
<td style="width: 81.7623%"><em><i>Atención a la diversidad</i></em><em><i><br />
</i></em>Esther Algeciras Álvarez</td>
</tr>
</tbody>
<tbody>
<tr style="height: 24px">
<td style="width: 81.7623%;height: 24px"><em><i>Sostenibilidad y Medio Ambiente</i></em><em><i><br />
</i></em>Rubén Zaya Grilo<br />
Paula Rosa Delgado<br />
Manuel Gil López</td>
</tr>
<tr style="height: 24px">
<td style="width: 81.7623%;height: 24px"><em><i>Coeducación</i></em><em><i><br />
</i></em>María José Muñoz Estepa<br />
Amanda Suárez Sánchez</td>
</tr>
<tr style="height: 24px">
<td style="width: 81.7623%;height: 24px"><em><i>Proyecto Lingüístico</i></em><br />
Carmen Miranda Pérez<br />
Carmen Vargas Suárez<br />
Juliana Drechsel Dosantos</td>
</tr>
<tr style="height: 24px">
<td style="width: 81.7623%;height: 24px"><em><i>Dinamización de espacios digitales y Patrimonio</i></em><br />
María del Mar Ibáñez Jiménez-Herrera<br />
Julio de Vega López<br />
Rocío Moreno Humanes<br />
Victoria García Sabin</td>
</tr>
<tr style="height: 24px">
<td style="width: 81.7623%;height: 24px"><em><i>Servicio de préstamos</i></em><br />
Carlos Cobos Rodríguez<br />
Mercedes Martín Sánchez<br />
Verónica López Lozano</td>
</tr>
<tr style="height: 24px">
<td style="width: 81.7623%;height: 24px"><em><i>Soporte técnico</i></em><br />
Alba María Navarro Izquierdo<br />
Francisco Javier Navarro Izquierdo<br />
Manuel Flores Seño</td>
</tr>
<tr style="height: 24px">
<td style="width: 81.7623%;height: 24px"><em><i>Mantenimiento del catálogo</i></em><br />
Mario Benicio Nieto<br />
Ignacio Pérez Gálvez<br />
Ana María Ruiz Castro</p>
<p>María Aguasanta Dorado Domínguez</td>
</tr>
</tbody>
</table>

<p>Nuestra biblioteca, La Húngara, no sería posible si no fuese por todo el equipo humano que se encarga de darle vida y poner en marcha las actividades de fomento de la lectura y la escritura. &nbsp; Responsable de la Biblioteca Miriam García Vidal Atención a la diversidad Esther Algeciras Álvarez Sostenibilidad y Medio Ambiente Rubén [&hellip;]</p>
