{"id":2,"date":"2021-02-08T12:22:33","date_gmt":"2021-02-08T12:22:33","guid":{"rendered":"https:\/\/blogsaverroes.juntadeandalucia.es\/lahungara\/?page_id=2"},"modified":"2022-06-02T07:46:16","modified_gmt":"2022-06-02T07:46:16","slug":"pagina-ejemplo","status":"publish","type":"page","link":"https:\/\/blogsaverroes.juntadeandalucia.es\/lahungara\/","title":{"rendered":"Inicio"},"content":{"rendered":"\r\n<h1><span style=\"font-size: 24pt\">\u00a1La H\u00fangara os da la bienvenida!<\/span><\/h1>\r\n<blockquote class=\"alignleft\">\r\n<p><img loading=\"lazy\" decoding=\"async\" class=\" wp-image-10\" src=\"https:\/\/blogsaverroes.juntadeandalucia.es\/lahungara\/files\/2021\/02\/logo_multicolor_nombres-scaled.jpg\" alt=\"\" width=\"320\" height=\"450\"><\/p>\r\n<\/blockquote>\r\n<p><span style=\"font-size: 14pt\"><span style=\"font-family: verdana, geneva, sans-serif\"><span lang=\"es-ES\">He aqu\u00ed la biblioteca del IES Santa Isabel de Hungr\u00eda, en Jerez de la Frontera, centro neur\u00e1lgico de nuestro entorno educativo y se\u00f1a de identidad. Nuestro objetivo es ser <\/span><\/span><span style=\"font-family: Arial, serif\"><span lang=\"es-ES\"><span style=\"font-family: verdana, geneva, sans-serif\">un espacio abierto, que se acerque a nuestra comunidad educativa (alumnado, profesorado, padres y madres\u2026) y que trate de dar el mejor servicio posible. Queremos ser una puerta a la cultura, un espacio acogedor que invite a la lectura, al saber, a la alfabetizaci\u00f3n de nuestro alumnado, un acceso al conocimiento. Y m\u00e1s en los tiempos que corren, en los que el acceso a la informaci\u00f3n, diversi\u00f3n, cultura y entretenimiento suelen venir de medios digitales, especialmente de las Redes Sociales, a las que son tan adeptos nuestros chicos y chicas. \u00a1Bienvenidos y bienvenidas a nuestro blog!<\/span><br><\/span><\/span><\/span><\/p>\r\n<p><span style=\"font-family: arial, helvetica, sans-serif\">&nbsp;<\/span><\/p>\r\n\r\n\r\n\r\n<blockquote class=\"wp-block-quote\">\r\n<p><span style=\"font-size: 18pt\">\u00abVen conmigo cuando quieras, que tengo el mundo en mis manos\u00bb.<\/span><span style=\"font-size: 18pt\">&nbsp; &nbsp; &nbsp; &nbsp; &nbsp; &nbsp; &nbsp; &nbsp; &nbsp; &nbsp; &nbsp; &nbsp; &nbsp; &nbsp; &nbsp; &nbsp; &nbsp; &nbsp; &nbsp; &nbsp; &nbsp; &nbsp; &nbsp; &nbsp; &nbsp; &nbsp; &nbsp; &nbsp; &nbsp; &nbsp; &nbsp; &nbsp; &nbsp; &nbsp; &nbsp; &nbsp; &nbsp;&nbsp; Ignacio P\u00e9rez G\u00e1lvez<br><\/span><\/p>\r\n<\/blockquote>\r\n","protected":false},"excerpt":{"rendered":"<p>\u00a1La H\u00fangara os da la bienvenida! He aqu\u00ed la biblioteca del IES Santa Isabel de Hungr\u00eda, en Jerez de la Frontera, centro neur\u00e1lgico de nuestro entorno educativo y se\u00f1a de identidad. Nuestro objetivo es ser un espacio abierto, que se acerque a nuestra comunidad educativa (alumnado, profesorado, padres y madres\u2026) y que trate de dar [&hellip;]<\/p>\n","protected":false},"author":12290,"featured_media":0,"parent":0,"menu_order":0,"comment_status":"closed","ping_status":"open","template":"templates\/template-homepage-one.php","meta":{"ngg_post_thumbnail":0,"footnotes":""},"aioseo_notices":[],"_links":{"self":[{"href":"https:\/\/blogsaverroes.juntadeandalucia.es\/lahungara\/wp-json\/wp\/v2\/pages\/2"}],"collection":[{"href":"https:\/\/blogsaverroes.juntadeandalucia.es\/lahungara\/wp-json\/wp\/v2\/pages"}],"about":[{"href":"https:\/\/blogsaverroes.juntadeandalucia.es\/lahungara\/wp-json\/wp\/v2\/types\/page"}],"author":[{"embeddable":true,"href":"https:\/\/blogsaverroes.juntadeandalucia.es\/lahungara\/wp-json\/wp\/v2\/users\/12290"}],"replies":[{"embeddable":true,"href":"https:\/\/blogsaverroes.juntadeandalucia.es\/lahungara\/wp-json\/wp\/v2\/comments?post=2"}],"version-history":[{"count":20,"href":"https:\/\/blogsaverroes.juntadeandalucia.es\/lahungara\/wp-json\/wp\/v2\/pages\/2\/revisions"}],"predecessor-version":[{"id":2399,"href":"https:\/\/blogsaverroes.juntadeandalucia.es\/lahungara\/wp-json\/wp\/v2\/pages\/2\/revisions\/2399"}],"wp:attachment":[{"href":"https:\/\/blogsaverroes.juntadeandalucia.es\/lahungara\/wp-json\/wp\/v2\/media?parent=2"}],"curies":[{"name":"wp","href":"https:\/\/api.w.org\/{rel}","templated":true}]}}

<h1><span style="font-size: 24pt">¡La Húngara os da la bienvenida!</span></h1>
<blockquote class="alignleft">
<p><img loading="lazy" decoding="async" class=" wp-image-10" src="https://blogsaverroes.juntadeandalucia.es/lahungara/files/2021/02/logo_multicolor_nombres-scaled.jpg" alt="" width="320" height="450"></p>
</blockquote>
<p><span style="font-size: 14pt"><span style="font-family: verdana, geneva, sans-serif"><span lang="es-ES">He aquí la biblioteca del IES Santa Isabel de Hungría, en Jerez de la Frontera, centro neurálgico de nuestro entorno educativo y seña de identidad. Nuestro objetivo es ser </span></span><span style="font-family: Arial, serif"><span lang="es-ES"><span style="font-family: verdana, geneva, sans-serif">un espacio abierto, que se acerque a nuestra comunidad educativa (alumnado, profesorado, padres y madres…) y que trate de dar el mejor servicio posible. Queremos ser una puerta a la cultura, un espacio acogedor que invite a la lectura, al saber, a la alfabetización de nuestro alumnado, un acceso al conocimiento. Y más en los tiempos que corren, en los que el acceso a la información, diversión, cultura y entretenimiento suelen venir de medios digitales, especialmente de las Redes Sociales, a las que son tan adeptos nuestros chicos y chicas. ¡Bienvenidos y bienvenidas a nuestro blog!</span><br></span></span></span></p>
<p><span style="font-family: arial, helvetica, sans-serif">&nbsp;</span></p>



<blockquote class="wp-block-quote">
<p><span style="font-size: 18pt">«Ven conmigo cuando quieras, que tengo el mundo en mis manos».</span><span style="font-size: 18pt">&nbsp; &nbsp; &nbsp; &nbsp; &nbsp; &nbsp; &nbsp; &nbsp; &nbsp; &nbsp; &nbsp; &nbsp; &nbsp; &nbsp; &nbsp; &nbsp; &nbsp; &nbsp; &nbsp; &nbsp; &nbsp; &nbsp; &nbsp; &nbsp; &nbsp; &nbsp; &nbsp; &nbsp; &nbsp; &nbsp; &nbsp; &nbsp; &nbsp; &nbsp; &nbsp; &nbsp; &nbsp;&nbsp; Ignacio Pérez Gálvez<br></span></p>
</blockquote>

<p>¡La Húngara os da la bienvenida! He aquí la biblioteca del IES Santa Isabel de Hungría, en Jerez de la Frontera, centro neurálgico de nuestro entorno educativo y seña de identidad. Nuestro objetivo es ser un espacio abierto, que se acerque a nuestra comunidad educativa (alumnado, profesorado, padres y madres…) y que trate de dar [&hellip;]</p>
