{"id":871,"date":"2015-03-16T07:25:46","date_gmt":"2015-03-16T07:25:46","guid":{"rendered":"http:\/\/blogsaverroes.juntadeandalucia.es\/pre\/ceip\/?page_id=106"},"modified":"2015-03-16T07:25:46","modified_gmt":"2015-03-16T07:25:46","slug":"actividades-extraescolares","status":"publish","type":"page","link":"https:\/\/blogsaverroes.juntadeandalucia.es\/lajara\/actividades-extraescolares\/","title":{"rendered":"Actividades extraescolares"},"content":{"rendered":"<h4>Informaci\u00f3n sobre las actividades complementarias y de extensi\u00f3n cultural.<\/h4>\n<p>Se consideran actividades complementarias las organizadas por el Centro durante el horario general, de acuerdo con nuestro Plan Anual de Centro, y que tienen un car\u00e1cter diferenciado de las propiamente lectivas por el momento, espacios o recursos que utilizan.<\/p>\n<p>Se consideran actividades de extensi\u00f3n cultural las encaminadas a potenciar la apertura del centro al entorno y a procurar la formaci\u00f3n integral del alumnado en aspectos referidos a la ampliaci\u00f3n de su horizonte cultural, la preparaci\u00f3n para su inserci\u00f3n en la sociedad y el uso del tiempo libre.<\/p>\n<p>Las actividades de extensi\u00f3n cultural se realizan fuera del horario lectivo, tienen car\u00e1cter voluntario para el alumnado y se han dise\u00f1ado para no constituir discriminaci\u00f3n para ning\u00fan miembro de la Comunidad educativa.<\/p>\n<p>La organizaci\u00f3n de las actividades complementarias y de extensi\u00f3n cultural incluidas en este Plan Anual de Centro se realizan, unas, por el mismo CEPER y\/o Secciones, y otras, en colaboraci\u00f3n con otras asociaciones o Entidades locales o provinciales.<\/p>\n<p>&nbsp;<\/p>\n<p><strong>Ver las actividades de extensi\u00f3n cultural y extraescolares:<\/strong><\/p>\n<ol>\n<li><a href=\"https:\/\/docs.google.com\/spreadsheets\/d\/1aQ01meUwHEUfgkqo8yZxy7EPjsvfhBs9x1eXyd3SM6A\/edit?usp=sharing\" target=\"_blank\" rel=\"noopener noreferrer\">Actividades del primer trimestre<\/a><\/li>\n<li><a href=\"https:\/\/docs.google.com\/spreadsheets\/d\/1aVYx4eoYc7lJjrs8PsXAMT2oE8lsqWLVkfgk2ZkdM70\/edit?usp=sharing\" target=\"_blank\" rel=\"noopener noreferrer\">Actividades del segundo trimestre<\/a><\/li>\n<li><a href=\"https:\/\/docs.google.com\/spreadsheets\/d\/1kk3-Pbj2QlphABrf1KZz4eWTYdPEw9vmmoFsPqrtEpw\/edit?usp=sharing\" target=\"_blank\" rel=\"noopener noreferrer\">Actividades del tercer trimestre<\/a><\/li>\n<\/ol>\n","protected":false},"excerpt":{"rendered":"<p>Informaci\u00f3n sobre las actividades complementarias y de extensi\u00f3n cultural. Se consideran actividades complementarias las organizadas por el Centro durante el horario general, de acuerdo con nuestro Plan Anual de Centro, y que tienen un car\u00e1cter&#46;&#46;&#46;<\/p>\n","protected":false},"author":8617,"featured_media":0,"parent":0,"menu_order":0,"comment_status":"open","ping_status":"open","template":"page-templates\/child-menu.php","meta":{"ngg_post_thumbnail":0,"footnotes":""},"aioseo_notices":[],"_links":{"self":[{"href":"https:\/\/blogsaverroes.juntadeandalucia.es\/lajara\/wp-json\/wp\/v2\/pages\/871"}],"collection":[{"href":"https:\/\/blogsaverroes.juntadeandalucia.es\/lajara\/wp-json\/wp\/v2\/pages"}],"about":[{"href":"https:\/\/blogsaverroes.juntadeandalucia.es\/lajara\/wp-json\/wp\/v2\/types\/page"}],"author":[{"embeddable":true,"href":"https:\/\/blogsaverroes.juntadeandalucia.es\/lajara\/wp-json\/wp\/v2\/users\/8617"}],"replies":[{"embeddable":true,"href":"https:\/\/blogsaverroes.juntadeandalucia.es\/lajara\/wp-json\/wp\/v2\/comments?post=871"}],"version-history":[{"count":0,"href":"https:\/\/blogsaverroes.juntadeandalucia.es\/lajara\/wp-json\/wp\/v2\/pages\/871\/revisions"}],"wp:attachment":[{"href":"https:\/\/blogsaverroes.juntadeandalucia.es\/lajara\/wp-json\/wp\/v2\/media?parent=871"}],"curies":[{"name":"wp","href":"https:\/\/api.w.org\/{rel}","templated":true}]}}