{"id":163,"date":"2021-11-08T08:14:14","date_gmt":"2021-11-08T08:14:14","guid":{"rendered":"https:\/\/blogsaverroes.juntadeandalucia.es\/laplumadelcervantes\/?page_id=163"},"modified":"2022-11-15T11:32:10","modified_gmt":"2022-11-15T11:32:10","slug":"plan-de-autoproteccion","status":"publish","type":"page","link":"https:\/\/blogsaverroes.juntadeandalucia.es\/laplumadelcervantes\/plan-de-autoproteccion\/","title":{"rendered":"CRECIENDO EN SALUD"},"content":{"rendered":"<p><span style=\"font-weight: 400\">&nbsp; &nbsp;Desde el programa Creciendo en Salud, nos proponemos que nuestro alumnado tanto de infantil como de primaria lleve a cabo h\u00e1bitos de vida saludable en su vida diaria. Por ello, se plantea un desayuno semanal saludable para todo el centro, as\u00ed como en determinadas fechas entrega de diferentes tipos de frutas y de leche a todos los ni\u00f1os y ni\u00f1as. Adem\u00e1s de centrarnos en la alimentaci\u00f3n, fomentamos el deporte, la educaci\u00f3n emocional y los h\u00e1bitos de higiene.<\/span><\/p>\n<p>&nbsp;<\/p>\n<p><img loading=\"lazy\" decoding=\"async\" class=\"aligncenter wp-image-432 size-large\" src=\"https:\/\/blogsaverroes.juntadeandalucia.es\/laplumadelcervantes\/files\/2022\/10\/Healthy-weekly-menu_page-0001-1024x576.jpg\" alt=\"\" width=\"832\" height=\"468\" srcset=\"https:\/\/blogsaverroes.juntadeandalucia.es\/laplumadelcervantes\/files\/2022\/10\/Healthy-weekly-menu_page-0001-1024x576.jpg 1024w, https:\/\/blogsaverroes.juntadeandalucia.es\/laplumadelcervantes\/files\/2022\/10\/Healthy-weekly-menu_page-0001-300x169.jpg 300w, https:\/\/blogsaverroes.juntadeandalucia.es\/laplumadelcervantes\/files\/2022\/10\/Healthy-weekly-menu_page-0001-768x432.jpg 768w, https:\/\/blogsaverroes.juntadeandalucia.es\/laplumadelcervantes\/files\/2022\/10\/Healthy-weekly-menu_page-0001-1536x864.jpg 1536w, https:\/\/blogsaverroes.juntadeandalucia.es\/laplumadelcervantes\/files\/2022\/10\/Healthy-weekly-menu_page-0001-2048x1152.jpg 2048w\" sizes=\"(max-width: 832px) 100vw, 832px\" \/><\/p>\n<p>En el siguiente enlace, se puede ver el Plan \u00abCreciendo en Salud\u00bb para este curso acad\u00e9mico 2022-23.<\/p>\n<p><a href=\"https:\/\/blogsaverroes.juntadeandalucia.es\/laplumadelcervantes\/files\/2022\/11\/PLAN-DE-ACTUACI\u00d3N-CRECIENDO-EN-SALUD-22-23.pdf\">PLAN DE ACTUACI\u00d3N CRECIENDO EN SALUD 22-23<\/a><\/p>\n","protected":false},"excerpt":{"rendered":"<p>&nbsp; &nbsp;Desde el programa Creciendo en Salud, nos proponemos que nuestro alumnado tanto de infantil como de primaria lleve a cabo h\u00e1bitos de vida saludable en su vida diaria. Por ello, se plantea un&#46;&#46;&#46;<\/p>\n","protected":false},"author":11926,"featured_media":0,"parent":0,"menu_order":0,"comment_status":"closed","ping_status":"closed","template":"","meta":{"ngg_post_thumbnail":0,"footnotes":""},"aioseo_notices":[],"_links":{"self":[{"href":"https:\/\/blogsaverroes.juntadeandalucia.es\/laplumadelcervantes\/wp-json\/wp\/v2\/pages\/163"}],"collection":[{"href":"https:\/\/blogsaverroes.juntadeandalucia.es\/laplumadelcervantes\/wp-json\/wp\/v2\/pages"}],"about":[{"href":"https:\/\/blogsaverroes.juntadeandalucia.es\/laplumadelcervantes\/wp-json\/wp\/v2\/types\/page"}],"author":[{"embeddable":true,"href":"https:\/\/blogsaverroes.juntadeandalucia.es\/laplumadelcervantes\/wp-json\/wp\/v2\/users\/11926"}],"replies":[{"embeddable":true,"href":"https:\/\/blogsaverroes.juntadeandalucia.es\/laplumadelcervantes\/wp-json\/wp\/v2\/comments?post=163"}],"version-history":[{"count":7,"href":"https:\/\/blogsaverroes.juntadeandalucia.es\/laplumadelcervantes\/wp-json\/wp\/v2\/pages\/163\/revisions"}],"predecessor-version":[{"id":478,"href":"https:\/\/blogsaverroes.juntadeandalucia.es\/laplumadelcervantes\/wp-json\/wp\/v2\/pages\/163\/revisions\/478"}],"wp:attachment":[{"href":"https:\/\/blogsaverroes.juntadeandalucia.es\/laplumadelcervantes\/wp-json\/wp\/v2\/media?parent=163"}],"curies":[{"name":"wp","href":"https:\/\/api.w.org\/{rel}","templated":true}]}}