{"id":173,"date":"2021-11-08T08:15:42","date_gmt":"2021-11-08T08:15:42","guid":{"rendered":"https:\/\/blogsaverroes.juntadeandalucia.es\/laplumadelcervantes\/?page_id=173"},"modified":"2026-03-04T08:32:16","modified_gmt":"2026-03-04T08:32:16","slug":"plan-de-igualdad","status":"publish","type":"page","link":"https:\/\/blogsaverroes.juntadeandalucia.es\/laplumadelcervantes\/plan-de-igualdad\/","title":{"rendered":"PLAN DE IGUALDAD"},"content":{"rendered":"<p><span style=\"font-weight: 400\">Con este breve fragmento queremos presentar el Plan de Igualdad entre hombre y mujeres que se va a llevar a cabo en nuestro centro educativo a lo largo del curso 2025\/26.<\/span><\/p>\n<p><span style=\"font-weight: 400\">La persona encargada de coordinar dicho plan va a ser: M\u00aa Jes\u00fas \u00c1lvarez Velarde, nuestra directora y maestra de audici\u00f3n y lenguaje.<\/span><\/p>\n<p><span style=\"font-weight: 400\">El objetivo principal que nos hemos planteado, es educar a nuestro alumnado en igualdad, desarrollando diversas actuaciones que promuevan la igualdad en la educaci\u00f3n, la prevenci\u00f3n de la violencia de g\u00e9nero y la coeducaci\u00f3n: Para poder lograrlo vamos a aportar nuestro granito de arena en todas las efem\u00e9rides que se celebren en nuestro centro y colaboraremos de forma activa con los distintos planes y proyectos por los que nuestro centro ha apostado:<\/span><\/p>\n<ul>\n<li style=\"font-weight: 400\"><span style=\"font-weight: 400\">Biblioteca<\/span><\/li>\n<li style=\"font-weight: 400\"><span style=\"font-weight: 400\">Transformaci\u00f3n digital<\/span><\/li>\n<li style=\"font-weight: 400\"><span style=\"font-weight: 400\">Creciendo en salud<\/span><\/li>\n<li style=\"font-weight: 400\"><span style=\"font-weight: 400\">Comunica<\/span><\/li>\n<li style=\"font-weight: 400\"><span style=\"font-weight: 400\">Convivencia<\/span><\/li>\n<li style=\"font-weight: 400\"><span style=\"font-weight: 400\">Proa plus transf\u00f3rmate<\/span><\/li>\n<li style=\"font-weight: 400\"><span style=\"font-weight: 400\">Biling\u00fce\u2026<\/span><\/li>\n<\/ul>\n<p><span style=\"font-weight: 400\">Adem\u00e1s hemos solicitado a la consejer\u00eda el pacto de estado contra la violencia de g\u00e9nero.<\/span><\/p>\n<p><span style=\"font-weight: 400\">En definitiva, este plan es fruto de un amplio trabajo de indagaci\u00f3n y consulta al profesorado y otros agentes implicados en la igualdad efectiva de mujeres y hombres.&nbsp;<\/span><\/p>\n<p><span style=\"font-weight: 400\">&nbsp;<\/span><\/p>\n<p><span style=\"font-weight: 400\">Las propuesta de este curso se estructura en 4 \u00e1mbitos:<\/span><\/p>\n<p><span style=\"font-weight: 400\">&nbsp;<\/span><\/p>\n<ul>\n<li style=\"font-weight: 400\"><span style=\"font-weight: 400\">La <\/span><b>m\u00fasica<\/b><span style=\"font-weight: 400\">, a trav\u00e9s de la m\u00fasica podemos educar en igualdad.<\/span><\/li>\n<li style=\"font-weight: 400\"><span style=\"font-weight: 400\">La <\/span><b>lectura<\/b><span style=\"font-weight: 400\">, vamos a crear un rinc\u00f3n violeta en nuestra biblioteca para fomentar la lectura coeducativa.<\/span><\/li>\n<li style=\"font-weight: 400\"><span style=\"font-weight: 400\">El <\/span><b>juego<\/b><span style=\"font-weight: 400\">, hemos apostado por el juego coeducativo, creando un proyect<\/span><span style=\"font-weight: 400\">o de patios inclusivos.<\/span><\/li>\n<\/ul>\n<p><span style=\"font-weight: 400\">Calendario de <\/span><b>mujeres importantes<\/b><span style=\"font-weight: 400\">: cada ma\u00f1ana vamos a mencionar a mujeres y hechos importantes que algunas mujeres han realizado a lo largo de la historia en las presentaciones diarias que nuestro alumnado realiza cada ma\u00f1ana.<\/span><\/p>\n<p>Puedes consultar nuestro Plan de Igualdad pinchando en el enlace:<\/p>\n<p><a href=\"https:\/\/blogsaverroes.juntadeandalucia.es\/laplumadelcervantes\/files\/2025\/11\/Plan-de-Igualdad-25_26.docx.pdf\">Plan de Igualdad 25_26.docx<\/a><\/p>\n","protected":false},"excerpt":{"rendered":"<p>Con este breve fragmento queremos presentar el Plan de Igualdad entre hombre y mujeres que se va a llevar a cabo en nuestro centro educativo a lo largo del curso 2025\/26. La persona encargada&#46;&#46;&#46;<\/p>\n","protected":false},"author":11926,"featured_media":0,"parent":0,"menu_order":0,"comment_status":"closed","ping_status":"closed","template":"","meta":{"ngg_post_thumbnail":0,"footnotes":""},"aioseo_notices":[],"_links":{"self":[{"href":"https:\/\/blogsaverroes.juntadeandalucia.es\/laplumadelcervantes\/wp-json\/wp\/v2\/pages\/173"}],"collection":[{"href":"https:\/\/blogsaverroes.juntadeandalucia.es\/laplumadelcervantes\/wp-json\/wp\/v2\/pages"}],"about":[{"href":"https:\/\/blogsaverroes.juntadeandalucia.es\/laplumadelcervantes\/wp-json\/wp\/v2\/types\/page"}],"author":[{"embeddable":true,"href":"https:\/\/blogsaverroes.juntadeandalucia.es\/laplumadelcervantes\/wp-json\/wp\/v2\/users\/11926"}],"replies":[{"embeddable":true,"href":"https:\/\/blogsaverroes.juntadeandalucia.es\/laplumadelcervantes\/wp-json\/wp\/v2\/comments?post=173"}],"version-history":[{"count":11,"href":"https:\/\/blogsaverroes.juntadeandalucia.es\/laplumadelcervantes\/wp-json\/wp\/v2\/pages\/173\/revisions"}],"predecessor-version":[{"id":674,"href":"https:\/\/blogsaverroes.juntadeandalucia.es\/laplumadelcervantes\/wp-json\/wp\/v2\/pages\/173\/revisions\/674"}],"wp:attachment":[{"href":"https:\/\/blogsaverroes.juntadeandalucia.es\/laplumadelcervantes\/wp-json\/wp\/v2\/media?parent=173"}],"curies":[{"name":"wp","href":"https:\/\/api.w.org\/{rel}","templated":true}]}}

<p><span style="font-weight: 400">Con este breve fragmento queremos presentar el Plan de Igualdad entre hombre y mujeres que se va a llevar a cabo en nuestro centro educativo a lo largo del curso 2025/26.</span></p>
<p><span style="font-weight: 400">La persona encargada de coordinar dicho plan va a ser: Mª Jesús Álvarez Velarde, nuestra directora y maestra de audición y lenguaje.</span></p>
<p><span style="font-weight: 400">El objetivo principal que nos hemos planteado, es educar a nuestro alumnado en igualdad, desarrollando diversas actuaciones que promuevan la igualdad en la educación, la prevención de la violencia de género y la coeducación: Para poder lograrlo vamos a aportar nuestro granito de arena en todas las efemérides que se celebren en nuestro centro y colaboraremos de forma activa con los distintos planes y proyectos por los que nuestro centro ha apostado:</span></p>
<ul>
<li style="font-weight: 400"><span style="font-weight: 400">Biblioteca</span></li>
<li style="font-weight: 400"><span style="font-weight: 400">Transformación digital</span></li>
<li style="font-weight: 400"><span style="font-weight: 400">Creciendo en salud</span></li>
<li style="font-weight: 400"><span style="font-weight: 400">Comunica</span></li>
<li style="font-weight: 400"><span style="font-weight: 400">Convivencia</span></li>
<li style="font-weight: 400"><span style="font-weight: 400">Proa plus transfórmate</span></li>
<li style="font-weight: 400"><span style="font-weight: 400">Bilingüe…</span></li>
</ul>
<p><span style="font-weight: 400">Además hemos solicitado a la consejería el pacto de estado contra la violencia de género.</span></p>
<p><span style="font-weight: 400">En definitiva, este plan es fruto de un amplio trabajo de indagación y consulta al profesorado y otros agentes implicados en la igualdad efectiva de mujeres y hombres.&nbsp;</span></p>
<p><span style="font-weight: 400">&nbsp;</span></p>
<p><span style="font-weight: 400">Las propuesta de este curso se estructura en 4 ámbitos:</span></p>
<p><span style="font-weight: 400">&nbsp;</span></p>
<ul>
<li style="font-weight: 400"><span style="font-weight: 400">La </span><b>música</b><span style="font-weight: 400">, a través de la música podemos educar en igualdad.</span></li>
<li style="font-weight: 400"><span style="font-weight: 400">La </span><b>lectura</b><span style="font-weight: 400">, vamos a crear un rincón violeta en nuestra biblioteca para fomentar la lectura coeducativa.</span></li>
<li style="font-weight: 400"><span style="font-weight: 400">El </span><b>juego</b><span style="font-weight: 400">, hemos apostado por el juego coeducativo, creando un proyect</span><span style="font-weight: 400">o de patios inclusivos.</span></li>
</ul>
<p><span style="font-weight: 400">Calendario de </span><b>mujeres importantes</b><span style="font-weight: 400">: cada mañana vamos a mencionar a mujeres y hechos importantes que algunas mujeres han realizado a lo largo de la historia en las presentaciones diarias que nuestro alumnado realiza cada mañana.</span></p>
<p>Puedes consultar nuestro Plan de Igualdad pinchando en el enlace:</p>
<p><a href="https://blogsaverroes.juntadeandalucia.es/laplumadelcervantes/files/2025/11/Plan-de-Igualdad-25_26.docx.pdf">Plan de Igualdad 25_26.docx</a></p>
