{"id":20,"date":"2023-10-23T17:58:14","date_gmt":"2023-10-23T17:58:14","guid":{"rendered":"https:\/\/blogsaverroes.juntadeandalucia.es\/laprofemj\/?page_id=20"},"modified":"2023-11-07T18:41:46","modified_gmt":"2023-11-07T18:41:46","slug":"inicio","status":"publish","type":"page","link":"https:\/\/blogsaverroes.juntadeandalucia.es\/laprofemj\/","title":{"rendered":"INICIO"},"content":{"rendered":"\t\t<div data-elementor-type=\"wp-page\" data-elementor-id=\"20\" class=\"elementor elementor-20\">\n\t\t\t\t\t\t<section class=\"elementor-section elementor-top-section elementor-element elementor-element-576fafb elementor-section-boxed elementor-section-height-default elementor-section-height-default\" data-id=\"576fafb\" data-element_type=\"section\">\n\t\t\t\t\t\t<div class=\"elementor-container elementor-column-gap-default\">\n\t\t\t\t\t<div class=\"elementor-column elementor-col-100 elementor-top-column elementor-element elementor-element-7503d22\" data-id=\"7503d22\" data-element_type=\"column\">\n\t\t\t<div class=\"elementor-widget-wrap elementor-element-populated\">\n\t\t\t\t\t\t<section class=\"elementor-section elementor-inner-section elementor-element elementor-element-26ad5a0 elementor-section-boxed elementor-section-height-default elementor-section-height-default\" data-id=\"26ad5a0\" data-element_type=\"section\">\n\t\t\t\t\t\t<div class=\"elementor-container elementor-column-gap-default\">\n\t\t\t\t\t<div class=\"elementor-column elementor-col-50 elementor-inner-column elementor-element elementor-element-9a52db9\" data-id=\"9a52db9\" data-element_type=\"column\">\n\t\t\t<div class=\"elementor-widget-wrap elementor-element-populated\">\n\t\t\t\t\t\t<div class=\"elementor-element elementor-element-94a352f elementor-widget elementor-widget-image\" data-id=\"94a352f\" data-element_type=\"widget\" data-widget_type=\"image.default\">\n\t\t\t\t<div class=\"elementor-widget-container\">\n\t\t\t\t\t\t\t\t\t\t\t\t\t\t\t<img fetchpriority=\"high\" decoding=\"async\" width=\"768\" height=\"768\" src=\"https:\/\/blogsaverroes.juntadeandalucia.es\/laprofemj\/files\/2023\/10\/6fbadb9f-72ac-44fc-aa37-22b9ce403af7-768x768.jpeg\" class=\"attachment-medium_large size-medium_large wp-image-95\" alt=\"\" srcset=\"https:\/\/blogsaverroes.juntadeandalucia.es\/laprofemj\/files\/2023\/10\/6fbadb9f-72ac-44fc-aa37-22b9ce403af7-768x768.jpeg 768w, https:\/\/blogsaverroes.juntadeandalucia.es\/laprofemj\/files\/2023\/10\/6fbadb9f-72ac-44fc-aa37-22b9ce403af7-300x300.jpeg 300w, https:\/\/blogsaverroes.juntadeandalucia.es\/laprofemj\/files\/2023\/10\/6fbadb9f-72ac-44fc-aa37-22b9ce403af7.jpeg 1024w, https:\/\/blogsaverroes.juntadeandalucia.es\/laprofemj\/files\/2023\/10\/6fbadb9f-72ac-44fc-aa37-22b9ce403af7-150x150.jpeg 150w\" sizes=\"(max-width: 768px) 100vw, 768px\" \/>\t\t\t\t\t\t\t\t\t\t\t\t\t\t\t<\/div>\n\t\t\t\t<\/div>\n\t\t\t\t\t<\/div>\n\t\t<\/div>\n\t\t\t\t<div class=\"elementor-column elementor-col-50 elementor-inner-column elementor-element elementor-element-ef73f8a\" data-id=\"ef73f8a\" data-element_type=\"column\">\n\t\t\t<div class=\"elementor-widget-wrap elementor-element-populated\">\n\t\t\t\t\t\t<div class=\"elementor-element elementor-element-46bfdc6 elementor-widget elementor-widget-heading\" data-id=\"46bfdc6\" data-element_type=\"widget\" data-widget_type=\"heading.default\">\n\t\t\t\t<div class=\"elementor-widget-container\">\n\t\t\t\t\t<h2 class=\"elementor-heading-title elementor-size-default\">Hola todos, soy:<\/h2>\t\t\t\t<\/div>\n\t\t\t\t<\/div>\n\t\t\t\t<div class=\"elementor-element elementor-element-3435ed7 elementor-widget elementor-widget-text-editor\" data-id=\"3435ed7\" data-element_type=\"widget\" data-widget_type=\"text-editor.default\">\n\t\t\t\t<div class=\"elementor-widget-container\">\n\t\t\t\t\t\t\t\t\t<h1><span style=\"font-size: 36pt\">LA SE\u00d1O MJ<\/span><\/h1>\t\t\t\t\t\t\t\t<\/div>\n\t\t\t\t<\/div>\n\t\t\t\t<div class=\"elementor-element elementor-element-689ce92 elementor-widget elementor-widget-spacer\" data-id=\"689ce92\" data-element_type=\"widget\" data-widget_type=\"spacer.default\">\n\t\t\t\t<div class=\"elementor-widget-container\">\n\t\t\t\t\t\t\t<div class=\"elementor-spacer\">\n\t\t\t<div class=\"elementor-spacer-inner\"><\/div>\n\t\t<\/div>\n\t\t\t\t\t\t<\/div>\n\t\t\t\t<\/div>\n\t\t\t\t<div class=\"elementor-element elementor-element-8799bfb elementor-widget elementor-widget-text-editor\" data-id=\"8799bfb\" data-element_type=\"widget\" data-widget_type=\"text-editor.default\">\n\t\t\t\t<div class=\"elementor-widget-container\">\n\t\t\t\t\t\t\t\t\t<p><span style=\"font-weight: 400;font-size: 14pt\">\u00a0 \u00a0 \u00a0La educaci\u00f3n, para m\u00ed, es mucho m\u00e1s que una profesi\u00f3n: es una pasi\u00f3n que nunca deja de crecer. Cada d\u00eda en el aula es una oportunidad para investigar algo diferente y maravilloso junto a mis estudiantes.<\/span><\/p>\t\t\t\t\t\t\t\t<\/div>\n\t\t\t\t<\/div>\n\t\t\t\t\t<\/div>\n\t\t<\/div>\n\t\t\t\t\t<\/div>\n\t\t<\/section>\n\t\t\t\t\t<\/div>\n\t\t<\/div>\n\t\t\t\t\t<\/div>\n\t\t<\/section>\n\t\t\t\t<section class=\"elementor-section elementor-top-section elementor-element elementor-element-817f2ac elementor-section-boxed elementor-section-height-default elementor-section-height-default\" data-id=\"817f2ac\" data-element_type=\"section\">\n\t\t\t\t\t\t<div class=\"elementor-container elementor-column-gap-default\">\n\t\t\t\t\t<div class=\"elementor-column elementor-col-100 elementor-top-column elementor-element elementor-element-107ee74\" data-id=\"107ee74\" data-element_type=\"column\">\n\t\t\t<div class=\"elementor-widget-wrap elementor-element-populated\">\n\t\t\t\t\t\t<div class=\"elementor-element elementor-element-ed4a56f elementor-widget elementor-widget-spacer\" data-id=\"ed4a56f\" data-element_type=\"widget\" data-widget_type=\"spacer.default\">\n\t\t\t\t<div class=\"elementor-widget-container\">\n\t\t\t\t\t\t\t<div class=\"elementor-spacer\">\n\t\t\t<div class=\"elementor-spacer-inner\"><\/div>\n\t\t<\/div>\n\t\t\t\t\t\t<\/div>\n\t\t\t\t<\/div>\n\t\t\t\t\t<\/div>\n\t\t<\/div>\n\t\t\t\t\t<\/div>\n\t\t<\/section>\n\t\t\t\t<section class=\"elementor-section elementor-top-section elementor-element elementor-element-c4cc365 elementor-section-boxed elementor-section-height-default elementor-section-height-default\" data-id=\"c4cc365\" data-element_type=\"section\">\n\t\t\t\t\t\t<div class=\"elementor-container elementor-column-gap-default\">\n\t\t\t\t\t<div class=\"elementor-column elementor-col-100 elementor-top-column elementor-element elementor-element-0cb8323\" data-id=\"0cb8323\" data-element_type=\"column\" data-settings=\"{&quot;background_background&quot;:&quot;classic&quot;}\">\n\t\t\t<div class=\"elementor-widget-wrap elementor-element-populated\">\n\t\t\t\t\t<div class=\"elementor-background-overlay\"><\/div>\n\t\t\t\t\t\t<section class=\"elementor-section elementor-inner-section elementor-element elementor-element-0f4e318 elementor-section-boxed elementor-section-height-default elementor-section-height-default\" data-id=\"0f4e318\" data-element_type=\"section\">\n\t\t\t\t\t\t<div class=\"elementor-container elementor-column-gap-default\">\n\t\t\t\t\t<div class=\"elementor-column elementor-col-50 elementor-inner-column elementor-element elementor-element-2f81525\" data-id=\"2f81525\" data-element_type=\"column\">\n\t\t\t<div class=\"elementor-widget-wrap elementor-element-populated\">\n\t\t\t\t\t\t<div class=\"elementor-element elementor-element-2da5dbc elementor-widget elementor-widget-heading\" data-id=\"2da5dbc\" data-element_type=\"widget\" data-widget_type=\"heading.default\">\n\t\t\t\t<div class=\"elementor-widget-container\">\n\t\t\t\t\t<h1 class=\"elementor-heading-title elementor-size-xxl\">MIS CLASES<\/h1>\t\t\t\t<\/div>\n\t\t\t\t<\/div>\n\t\t\t\t<div class=\"elementor-element elementor-element-9575907 elementor-widget elementor-widget-text-editor\" data-id=\"9575907\" data-element_type=\"widget\" data-widget_type=\"text-editor.default\">\n\t\t\t\t<div class=\"elementor-widget-container\">\n\t\t\t\t\t\t\t\t\t<p><span style=\"font-weight: 400;font-size: 12pt\">Como dijo C\u00e9sar Bona, mi lema es \u00abense\u00f1a a tus alumnos como te gustar\u00eda que ense\u00f1aran a tus hijos\u00bb. Esto gu\u00eda mi enfoque en la ense\u00f1anza. Siempre busco brindar a mis alumnos una educaci\u00f3n llena de amor, paciencia y compromiso, como si fueran mis propios hijos.<\/span><\/p><p><span style=\"font-weight: 400;font-size: 12pt\">Me apasionan las Tecnolog\u00edas de la Informaci\u00f3n y la Comunicaci\u00f3n (TIC), y creo que son una poderosa herramienta para el aprendizaje. Las utilizo para hacer que las lecciones sean m\u00e1s atractivas y efectivas, y para preparar a mis alumnos para el mundo digital en constante evoluci\u00f3n.<\/span><\/p><p><span style=\"font-size: 12pt\">Tambi\u00e9n soy la coordiandora TDE de mi centro y del grupo de trabajo sobre IA para educaci\u00f3n.<\/span><\/p>\t\t\t\t\t\t\t\t<\/div>\n\t\t\t\t<\/div>\n\t\t\t\t\t<\/div>\n\t\t<\/div>\n\t\t\t\t<div class=\"elementor-column elementor-col-50 elementor-inner-column elementor-element elementor-element-65d5f68\" data-id=\"65d5f68\" data-element_type=\"column\">\n\t\t\t<div class=\"elementor-widget-wrap elementor-element-populated\">\n\t\t\t\t\t\t<div class=\"elementor-element elementor-element-7832d26 elementor-widget elementor-widget-image\" data-id=\"7832d26\" data-element_type=\"widget\" data-widget_type=\"image.default\">\n\t\t\t\t<div class=\"elementor-widget-container\">\n\t\t\t\t\t\t\t\t\t\t\t\t\t\t\t<img decoding=\"async\" width=\"1024\" height=\"1024\" src=\"https:\/\/blogsaverroes.juntadeandalucia.es\/laprofemj\/files\/2023\/10\/0067ede2-6295-471b-bd1e-c17b373b44b7-1024x1024.jpeg\" class=\"attachment-large size-large wp-image-98\" alt=\"\" srcset=\"https:\/\/blogsaverroes.juntadeandalucia.es\/laprofemj\/files\/2023\/10\/0067ede2-6295-471b-bd1e-c17b373b44b7.jpeg 1024w, https:\/\/blogsaverroes.juntadeandalucia.es\/laprofemj\/files\/2023\/10\/0067ede2-6295-471b-bd1e-c17b373b44b7-300x300.jpeg 300w, https:\/\/blogsaverroes.juntadeandalucia.es\/laprofemj\/files\/2023\/10\/0067ede2-6295-471b-bd1e-c17b373b44b7-150x150.jpeg 150w, https:\/\/blogsaverroes.juntadeandalucia.es\/laprofemj\/files\/2023\/10\/0067ede2-6295-471b-bd1e-c17b373b44b7-768x768.jpeg 768w\" sizes=\"(max-width: 1024px) 100vw, 1024px\" \/>\t\t\t\t\t\t\t\t\t\t\t\t\t\t\t<\/div>\n\t\t\t\t<\/div>\n\t\t\t\t\t<\/div>\n\t\t<\/div>\n\t\t\t\t\t<\/div>\n\t\t<\/section>\n\t\t\t\t\t<\/div>\n\t\t<\/div>\n\t\t\t\t\t<\/div>\n\t\t<\/section>\n\t\t\t\t<section class=\"elementor-section elementor-top-section elementor-element elementor-element-f1bfb7a elementor-section-boxed elementor-section-height-default elementor-section-height-default\" data-id=\"f1bfb7a\" data-element_type=\"section\">\n\t\t\t\t\t\t<div class=\"elementor-container elementor-column-gap-default\">\n\t\t\t\t\t<div class=\"elementor-column elementor-col-100 elementor-top-column elementor-element elementor-element-b97cf55\" data-id=\"b97cf55\" data-element_type=\"column\">\n\t\t\t<div class=\"elementor-widget-wrap elementor-element-populated\">\n\t\t\t\t\t\t<div class=\"elementor-element elementor-element-7e34ec6 elementor-widget elementor-widget-spacer\" data-id=\"7e34ec6\" data-element_type=\"widget\" data-widget_type=\"spacer.default\">\n\t\t\t\t<div class=\"elementor-widget-container\">\n\t\t\t\t\t\t\t<div class=\"elementor-spacer\">\n\t\t\t<div class=\"elementor-spacer-inner\"><\/div>\n\t\t<\/div>\n\t\t\t\t\t\t<\/div>\n\t\t\t\t<\/div>\n\t\t\t\t\t<\/div>\n\t\t<\/div>\n\t\t\t\t\t<\/div>\n\t\t<\/section>\n\t\t\t\t<section class=\"elementor-section elementor-top-section elementor-element elementor-element-0bd0483 elementor-section-boxed elementor-section-height-default elementor-section-height-default\" data-id=\"0bd0483\" data-element_type=\"section\">\n\t\t\t\t\t\t<div class=\"elementor-container elementor-column-gap-default\">\n\t\t\t\t\t<div class=\"elementor-column elementor-col-100 elementor-top-column elementor-element elementor-element-c32f96b\" data-id=\"c32f96b\" data-element_type=\"column\">\n\t\t\t<div class=\"elementor-widget-wrap elementor-element-populated\">\n\t\t\t\t\t\t<div class=\"elementor-element elementor-element-e468be5 elementor-widget elementor-widget-heading\" data-id=\"e468be5\" data-element_type=\"widget\" data-widget_type=\"heading.default\">\n\t\t\t\t<div class=\"elementor-widget-container\">\n\t\t\t\t\t<h1 class=\"elementor-heading-title elementor-size-xl\">MIS LIBROS FAVORITOS<\/h1>\t\t\t\t<\/div>\n\t\t\t\t<\/div>\n\t\t\t\t<section class=\"elementor-section elementor-inner-section elementor-element elementor-element-f163f86 elementor-section-boxed elementor-section-height-default elementor-section-height-default\" data-id=\"f163f86\" data-element_type=\"section\">\n\t\t\t\t\t\t<div class=\"elementor-container elementor-column-gap-default\">\n\t\t\t\t\t<div class=\"elementor-column elementor-col-50 elementor-inner-column elementor-element elementor-element-116f013\" data-id=\"116f013\" data-element_type=\"column\">\n\t\t\t<div class=\"elementor-widget-wrap elementor-element-populated\">\n\t\t\t\t\t\t<div class=\"elementor-element elementor-element-a4bfd11 elementor-widget elementor-widget-text-editor\" data-id=\"a4bfd11\" data-element_type=\"widget\" data-widget_type=\"text-editor.default\">\n\t\t\t\t<div class=\"elementor-widget-container\">\n\t\t\t\t\t\t\t\t\t<p>En mi tiempo libre, encontrar\u00e1n mi nariz en un buen libro. La lectura es mi refugio y una fuente constante de inspiraci\u00f3n.<\/p><p>Tambi\u00e9n disfruto enfrentando nuevos retos, ya sea en el aula o en la vida. Cada desaf\u00edo es una oportunidad para crecer y aprender algo nuevo.<\/p><p>Mi libro cl\u00e1sico sin duda \u00bb La Celestina\u00bb .<br \/>Siempre recomiendo: El Jinete de Bronce.<br \/>Nunca olvido todos los libros de Carlos Ruiz Zaf\u00f3n<\/p>\t\t\t\t\t\t\t\t<\/div>\n\t\t\t\t<\/div>\n\t\t\t\t\t<\/div>\n\t\t<\/div>\n\t\t\t\t<div class=\"elementor-column elementor-col-50 elementor-inner-column elementor-element elementor-element-397dedb\" data-id=\"397dedb\" data-element_type=\"column\">\n\t\t\t<div class=\"elementor-widget-wrap elementor-element-populated\">\n\t\t\t\t\t\t<div class=\"elementor-element elementor-element-70539dd elementor-widget elementor-widget-image\" data-id=\"70539dd\" data-element_type=\"widget\" data-widget_type=\"image.default\">\n\t\t\t\t<div class=\"elementor-widget-container\">\n\t\t\t\t\t\t\t\t\t\t\t\t\t\t\t<img decoding=\"async\" width=\"300\" height=\"300\" src=\"https:\/\/blogsaverroes.juntadeandalucia.es\/laprofemj\/files\/2023\/10\/186c7bea-84a1-4513-8c1a-332d36954df9-300x300.jpeg\" class=\"attachment-medium size-medium wp-image-103\" alt=\"\" srcset=\"https:\/\/blogsaverroes.juntadeandalucia.es\/laprofemj\/files\/2023\/10\/186c7bea-84a1-4513-8c1a-332d36954df9-300x300.jpeg 300w, https:\/\/blogsaverroes.juntadeandalucia.es\/laprofemj\/files\/2023\/10\/186c7bea-84a1-4513-8c1a-332d36954df9.jpeg 1024w, https:\/\/blogsaverroes.juntadeandalucia.es\/laprofemj\/files\/2023\/10\/186c7bea-84a1-4513-8c1a-332d36954df9-150x150.jpeg 150w, https:\/\/blogsaverroes.juntadeandalucia.es\/laprofemj\/files\/2023\/10\/186c7bea-84a1-4513-8c1a-332d36954df9-768x768.jpeg 768w\" sizes=\"(max-width: 300px) 100vw, 300px\" \/>\t\t\t\t\t\t\t\t\t\t\t\t\t\t\t<\/div>\n\t\t\t\t<\/div>\n\t\t\t\t\t<\/div>\n\t\t<\/div>\n\t\t\t\t\t<\/div>\n\t\t<\/section>\n\t\t\t\t\t<\/div>\n\t\t<\/div>\n\t\t\t\t\t<\/div>\n\t\t<\/section>\n\t\t\t\t<section class=\"elementor-section elementor-top-section elementor-element elementor-element-6fca19a5 elementor-section-content-middle elementor-section-boxed elementor-section-height-default elementor-section-height-default\" data-id=\"6fca19a5\" data-element_type=\"section\" data-settings=\"{&quot;background_background&quot;:&quot;classic&quot;}\">\n\t\t\t\t\t\t\t<div class=\"elementor-background-overlay\"><\/div>\n\t\t\t\t\t\t\t<div class=\"elementor-container elementor-column-gap-default\">\n\t\t\t\t\t<div class=\"elementor-column elementor-col-100 elementor-top-column elementor-element elementor-element-3b0a09c6\" data-id=\"3b0a09c6\" data-element_type=\"column\" data-settings=\"{&quot;background_background&quot;:&quot;classic&quot;}\">\n\t\t\t<div class=\"elementor-widget-wrap elementor-element-populated\">\n\t\t\t\t\t\t<div class=\"elementor-element elementor-element-606d6303 elementor-widget__width-auto elementor-widget elementor-widget-heading\" data-id=\"606d6303\" data-element_type=\"widget\" data-widget_type=\"heading.default\">\n\t\t\t\t<div class=\"elementor-widget-container\">\n\t\t\t\t\t<h4 class=\"elementor-heading-title elementor-size-default\">Este espacio,  el aula digital de la Se\u00f1o MJ, es un reflejo de mi amor por la ense\u00f1anza y mi deseo de compartirlo con ustedes. <\/h4>\t\t\t\t<\/div>\n\t\t\t\t<\/div>\n\t\t\t\t<div class=\"elementor-element elementor-element-2791b3a4 elementor-widget__width-auto elementor-widget elementor-widget-text-editor\" data-id=\"2791b3a4\" data-element_type=\"widget\" data-widget_type=\"text-editor.default\">\n\t\t\t\t<div class=\"elementor-widget-container\">\n\t\t\t\t\t\t\t\t\t<p><img loading=\"lazy\" decoding=\"async\" class=\"alignnone\" src=\"https:\/\/blogsaverroes.juntadeandalucia.es\/laprofemj\/files\/2023\/10\/fd1c908b-0f2a-4b2c-8364-05fff43706f7-1-150x150.jpeg\" alt=\"\" width=\"150\" height=\"150\" \/><\/p><p style=\"text-align: center\">Aqu\u00ed, espero que encuentren inspiraci\u00f3n, recursos valiosos y una comunidad de aprendizaje dedicada.\u00a1Gracias por unirse a m\u00ed en esta emocionante aventura educativa! Juntos, podemos marcar la diferencia en la vida de nuestros estudiantes.<\/p>\t\t\t\t\t\t\t\t<\/div>\n\t\t\t\t<\/div>\n\t\t\t\t\t<\/div>\n\t\t<\/div>\n\t\t\t\t\t<\/div>\n\t\t<\/section>\n\t\t\t\t<\/div>\n\t\t","protected":false},"excerpt":{"rendered":"<p>Hola todos, soy: LA SE\u00d1O MJ &nbsp; &nbsp; &nbsp;La educaci\u00f3n, para m\u00ed, es mucho m\u00e1s que una profesi\u00f3n: es una pasi\u00f3n que nunca deja de crecer. Cada d\u00eda en el aula es una oportunidad para investigar algo diferente y maravilloso junto a mis estudiantes. MIS CLASES Como dijo C\u00e9sar Bona, mi lema es \u00abense\u00f1a a [&hellip;]<\/p>\n","protected":false},"author":4108,"featured_media":0,"parent":0,"menu_order":0,"comment_status":"closed","ping_status":"closed","template":"","meta":{"ngg_post_thumbnail":0,"footnotes":""},"aioseo_notices":[],"_links":{"self":[{"href":"https:\/\/blogsaverroes.juntadeandalucia.es\/laprofemj\/index.php?rest_route=\/wp\/v2\/pages\/20"}],"collection":[{"href":"https:\/\/blogsaverroes.juntadeandalucia.es\/laprofemj\/index.php?rest_route=\/wp\/v2\/pages"}],"about":[{"href":"https:\/\/blogsaverroes.juntadeandalucia.es\/laprofemj\/index.php?rest_route=\/wp\/v2\/types\/page"}],"author":[{"embeddable":true,"href":"https:\/\/blogsaverroes.juntadeandalucia.es\/laprofemj\/index.php?rest_route=\/wp\/v2\/users\/4108"}],"replies":[{"embeddable":true,"href":"https:\/\/blogsaverroes.juntadeandalucia.es\/laprofemj\/index.php?rest_route=%2Fwp%2Fv2%2Fcomments&post=20"}],"version-history":[{"count":71,"href":"https:\/\/blogsaverroes.juntadeandalucia.es\/laprofemj\/index.php?rest_route=\/wp\/v2\/pages\/20\/revisions"}],"predecessor-version":[{"id":287,"href":"https:\/\/blogsaverroes.juntadeandalucia.es\/laprofemj\/index.php?rest_route=\/wp\/v2\/pages\/20\/revisions\/287"}],"wp:attachment":[{"href":"https:\/\/blogsaverroes.juntadeandalucia.es\/laprofemj\/index.php?rest_route=%2Fwp%2Fv2%2Fmedia&parent=20"}],"curies":[{"name":"wp","href":"https:\/\/api.w.org\/{rel}","templated":true}]}}